74.179.70.65 - - [11/May/2026:04:02:31 +0200] "GET /wp-content/plugins/woocommerce/assets/client/blocks/wc-cart-checkout-base-frontend.js?ver=161c226e82cfe5aeaa29 HTTP/3" 200 57209 "https://sethsawariyabizmart.com/" "Mozilla/5.0 (Windows NT 10.0; Win64; x64) AppleWebKit/537.36 (KHTML, like Gecko) Chrome/142.0.7444.175 Safari/537.36"
74.179.70.65 - - [11/May/2026:04:02:31 +0200] "GET /wp-content/plugins/woocommerce/assets/client/blocks/wc-types.js?ver=f0cc692c0367e0930c80 HTTP/3" 200 1501 "https://sethsawariyabizmart.com/" "Mozilla/5.0 (Windows NT 10.0; Win64; x64) AppleWebKit/537.36 (KHTML, like Gecko) Chrome/142.0.7444.175 Safari/537.36"
74.179.70.65 - - [11/May/2026:04:02:31 +0200] "GET /wp-content/plugins/woocommerce/assets/client/blocks/wc-cart-checkout-vendors-frontend.js?ver=bcad3fab21852551edee HTTP/3" 200 44104 "https://sethsawariyabizmart.com/" "Mozilla/5.0 (Windows NT 10.0; Win64; x64) AppleWebKit/537.36 (KHTML, like Gecko) Chrome/142.0.7444.175 Safari/537.36"
74.179.70.65 - - [11/May/2026:04:02:31 +0200] "GET /wp-includes/js/dist/vendor/react.min.js?ver=18.3.1.1 HTTP/3" 200 4006 "https://sethsawariyabizmart.com/" "Mozilla/5.0 (Windows NT 10.0; Win64; x64) AppleWebKit/537.36 (KHTML, like Gecko) Chrome/142.0.7444.175 Safari/537.36"
74.179.70.65 - - [11/May/2026:04:02:31 +0200] "GET /wp-includes/js/dist/url.min.js?ver=9e178c9516d1222dc834 HTTP/3" 200 3647 "https://sethsawariyabizmart.com/" "Mozilla/5.0 (Windows NT 10.0; Win64; x64) AppleWebKit/537.36 (KHTML, like Gecko) Chrome/142.0.7444.175 Safari/537.36"
74.179.70.65 - - [11/May/2026:04:02:31 +0200] "GET /wp-includes/js/dist/api-fetch.min.js?ver=3a4d9af2b423048b0dee HTTP/3" 200 2304 "https://sethsawariyabizmart.com/" "Mozilla/5.0 (Windows NT 10.0; Win64; x64) AppleWebKit/537.36 (KHTML, like Gecko) Chrome/142.0.7444.175 Safari/537.36"
74.179.70.65 - - [11/May/2026:04:02:31 +0200] "GET /wp-content/plugins/woocommerce/assets/client/blocks/wc-settings.js?ver=508473c3c2ece9af8f8f HTTP/3" 200 2471 "https://sethsawariyabizmart.com/" "Mozilla/5.0 (Windows NT 10.0; Win64; x64) AppleWebKit/537.36 (KHTML, like Gecko) Chrome/142.0.7444.175 Safari/537.36"
74.179.70.65 - - [11/May/2026:04:02:31 +0200] "GET /wp-includes/js/dist/dom.min.js?ver=26edef3be6483da3de2e HTTP/3" 200 4539 "https://sethsawariyabizmart.com/" "Mozilla/5.0 (Windows NT 10.0; Win64; x64) AppleWebKit/537.36 (KHTML, like Gecko) Chrome/142.0.7444.175 Safari/537.36"
74.179.70.65 - - [11/May/2026:04:02:31 +0200] "GET /wp-includes/js/dist/vendor/react-dom.min.js?ver=18.3.1.1 HTTP/3" 200 40200 "https://sethsawariyabizmart.com/" "Mozilla/5.0 (Windows NT 10.0; Win64; x64) AppleWebKit/537.36 (KHTML, like Gecko) Chrome/142.0.7444.175 Safari/537.36"
74.179.70.65 - - [11/May/2026:04:02:31 +0200] "GET /wp-includes/js/dist/keycodes.min.js?ver=34c8fb5e7a594a1c8037 HTTP/3" 200 1290 "https://sethsawariyabizmart.com/" "Mozilla/5.0 (Windows NT 10.0; Win64; x64) AppleWebKit/537.36 (KHTML, like Gecko) Chrome/142.0.7444.175 Safari/537.36"
74.179.70.65 - - [11/May/2026:04:02:31 +0200] "GET /wp-includes/js/dist/element.min.js?ver=6a582b0c827fa25df3dd HTTP/3" 200 4846 "https://sethsawariyabizmart.com/" "Mozilla/5.0 (Windows NT 10.0; Win64; x64) AppleWebKit/537.36 (KHTML, like Gecko) Chrome/142.0.7444.175 Safari/537.36"
74.179.70.65 - - [11/May/2026:04:02:31 +0200] "GET /wp-includes/js/dist/priority-queue.min.js?ver=2d59d091223ee9a33838 HTTP/3" 200 1450 "https://sethsawariyabizmart.com/" "Mozilla/5.0 (Windows NT 10.0; Win64; x64) AppleWebKit/537.36 (KHTML, like Gecko) Chrome/142.0.7444.175 Safari/537.36"
74.179.70.65 - - [11/May/2026:04:02:31 +0200] "GET /wp-includes/js/dist/redux-routine.min.js?ver=8bb92d45458b29590f53 HTTP/3" 200 2718 "https://sethsawariyabizmart.com/" "Mozilla/5.0 (Windows NT 10.0; Win64; x64) AppleWebKit/537.36 (KHTML, like Gecko) Chrome/142.0.7444.175 Safari/537.36"
74.179.70.65 - - [11/May/2026:04:02:31 +0200] "GET /wp-includes/js/dist/compose.min.js?ver=7a9b375d8c19cf9d3d9b HTTP/3" 200 12437 "https://sethsawariyabizmart.com/" "Mozilla/5.0 (Windows NT 10.0; Win64; x64) AppleWebKit/537.36 (KHTML, like Gecko) Chrome/142.0.7444.175 Safari/537.36"
74.179.70.65 - - [11/May/2026:04:02:31 +0200] "GET /wp-includes/js/dist/data.min.js?ver=f940198280891b0b6318 HTTP/3" 200 8588 "https://sethsawariyabizmart.com/" "Mozilla/5.0 (Windows NT 10.0; Win64; x64) AppleWebKit/537.36 (KHTML, like Gecko) Chrome/142.0.7444.175 Safari/537.36"
74.179.70.65 - - [11/May/2026:04:02:31 +0200] "GET /wp-content/plugins/woocommerce/assets/client/blocks/wc-blocks-registry.js?ver=a16aa912ffa0a15063f1 HTTP/3" 200 4825 "https://sethsawariyabizmart.com/" "Mozilla/5.0 (Windows NT 10.0; Win64; x64) AppleWebKit/537.36 (KHTML, like Gecko) Chrome/142.0.7444.175 Safari/537.36"
74.179.70.65 - - [11/May/2026:04:02:31 +0200] "GET /wp-content/plugins/woocommerce/assets/client/blocks/wc-blocks-data.js?ver=c7cac5d19cadee0eb772 HTTP/3" 200 22284 "https://sethsawariyabizmart.com/" "Mozilla/5.0 (Windows NT 10.0; Win64; x64) AppleWebKit/537.36 (KHTML, like Gecko) Chrome/142.0.7444.175 Safari/537.36"
74.179.70.65 - - [11/May/2026:04:02:31 +0200] "GET /wp-content/plugins/woocommerce/assets/client/blocks/mini-cart-frontend.js?ver=960399d58af8890eb41e HTTP/3" 200 2234 "https://sethsawariyabizmart.com/" "Mozilla/5.0 (Windows NT 10.0; Win64; x64) AppleWebKit/537.36 (KHTML, like Gecko) Chrome/142.0.7444.175 Safari/537.36"
74.179.70.65 - - [11/May/2026:04:02:31 +0200] "GET /wp-content/plugins/contact-form-7/includes/swv/js/index.js?ver=6.1.4 HTTP/3" 200 3369 "https://sethsawariyabizmart.com/" "Mozilla/5.0 (Windows NT 10.0; Win64; x64) AppleWebKit/537.36 (KHTML, like Gecko) Chrome/142.0.7444.175 Safari/537.36"
74.179.70.65 - - [11/May/2026:04:02:31 +0200] "GET /wp-content/plugins/contact-form-7/includes/js/index.js?ver=6.1.4 HTTP/3" 200 4008 "https://sethsawariyabizmart.com/" "Mozilla/5.0 (Windows NT 10.0; Win64; x64) AppleWebKit/537.36 (KHTML, like Gecko) Chrome/142.0.7444.175 Safari/537.36"
74.179.70.65 - - [11/May/2026:04:02:31 +0200] "GET /wp-content/plugins/framework-triappment/assets/hfpb6931.js?ver=1.0.0 HTTP/3" 200 12753 "https://sethsawariyabizmart.com/" "Mozilla/5.0 (Windows NT 10.0; Win64; x64) AppleWebKit/537.36 (KHTML, like Gecko) Chrome/142.0.7444.175 Safari/537.36"
74.179.70.65 - - [11/May/2026:04:02:31 +0200] "GET /wp-content/plugins/woocommerce/assets/js/sourcebuster/sourcebuster.min.js?ver=10.3.7 HTTP/3" 200 4609 "https://sethsawariyabizmart.com/" "Mozilla/5.0 (Windows NT 10.0; Win64; x64) AppleWebKit/537.36 (KHTML, like Gecko) Chrome/142.0.7444.175 Safari/537.36"
74.179.70.65 - - [11/May/2026:04:02:31 +0200] "GET /wp-content/plugins/woocommerce/assets/js/jquery-blockui/jquery.blockUI.min.js?ver=2.7.0-wc.10.3.7 HTTP/3" 200 3277 "https://sethsawariyabizmart.com/" "Mozilla/5.0 (Windows NT 10.0; Win64; x64) AppleWebKit/537.36 (KHTML, like Gecko) Chrome/142.0.7444.175 Safari/537.36"
74.179.70.65 - - [11/May/2026:04:02:31 +0200] "GET /wp-content/plugins/woocommerce/assets/js/frontend/woocommerce.min.js?ver=10.3.7 HTTP/3" 200 1275 "https://sethsawariyabizmart.com/" "Mozilla/5.0 (Windows NT 10.0; Win64; x64) AppleWebKit/537.36 (KHTML, like Gecko) Chrome/142.0.7444.175 Safari/537.36"
74.179.70.65 - - [11/May/2026:04:02:31 +0200] "GET /wp-content/plugins/woocommerce/assets/js/frontend/add-to-cart.min.js?ver=10.3.7 HTTP/3" 200 1225 "https://sethsawariyabizmart.com/" "Mozilla/5.0 (Windows NT 10.0; Win64; x64) AppleWebKit/537.36 (KHTML, like Gecko) Chrome/142.0.7444.175 Safari/537.36"
74.179.70.65 - - [11/May/2026:04:02:31 +0200] "GET /wp-content/themes/home-theatre/assets/images/counter1.png HTTP/3" 200 1209 "https://sethsawariyabizmart.com/" "Mozilla/5.0 (Windows NT 10.0; Win64; x64) AppleWebKit/537.36 (KHTML, like Gecko) Chrome/142.0.7444.175 Safari/537.36"
74.179.70.65 - - [11/May/2026:04:02:30 +0200] "GET /wp-content/uploads/2025/12/davide-boscolo-gz9njd0zYbQ-unsplash-2048x1320.jpg HTTP/2" 200 226812 "https://sethsawariyabizmart.com/" "Mozilla/5.0 (Windows NT 10.0; Win64; x64) AppleWebKit/537.36 (KHTML, like Gecko) Chrome/142.0.7444.175 Safari/537.36"
74.179.70.65 - - [11/May/2026:04:02:30 +0200] "GET /wp-content/themes/home-theatre/assets/images/heart.png HTTP/2" 200 398 "https://sethsawariyabizmart.com/" "Mozilla/5.0 (Windows NT 10.0; Win64; x64) AppleWebKit/537.36 (KHTML, like Gecko) Chrome/142.0.7444.175 Safari/537.36"
74.179.70.65 - - [11/May/2026:04:02:31 +0200] "GET /wp-content/themes/home-theatre/assets/fonts/figtree/static/Figtree-Bold.ttf HTTP/3" 200 21975 "https://sethsawariyabizmart.com/" "Mozilla/5.0 (Windows NT 10.0; Win64; x64) AppleWebKit/537.36 (KHTML, like Gecko) Chrome/142.0.7444.175 Safari/537.36"
74.179.70.65 - - [11/May/2026:04:02:31 +0200] "GET /wp-content/themes/home-theatre/assets/fonts/figtree/static/Figtree-SemiBold.ttf HTTP/3" 200 21555 "https://sethsawariyabizmart.com/" "Mozilla/5.0 (Windows NT 10.0; Win64; x64) AppleWebKit/537.36 (KHTML, like Gecko) Chrome/142.0.7444.175 Safari/537.36"
74.179.70.65 - - [11/May/2026:04:02:31 +0200] "GET /wp-content/themes/home-theatre/assets/fonts/figtree/static/Figtree-Regular.ttf HTTP/3" 200 21726 "https://sethsawariyabizmart.com/" "Mozilla/5.0 (Windows NT 10.0; Win64; x64) AppleWebKit/537.36 (KHTML, like Gecko) Chrome/142.0.7444.175 Safari/537.36"
74.179.70.65 - - [11/May/2026:04:02:31 +0200] "GET /wp-content/themes/home-theatre/assets/fonts/figtree/static/Figtree-Black.ttf HTTP/3" 200 20983 "https://sethsawariyabizmart.com/" "Mozilla/5.0 (Windows NT 10.0; Win64; x64) AppleWebKit/537.36 (KHTML, like Gecko) Chrome/142.0.7444.175 Safari/537.36"
74.179.70.65 - - [11/May/2026:04:02:31 +0200] "GET /wp-content/themes/home-theatre/assets/fonts/figtree/static/Figtree-Medium.ttf HTTP/3" 200 21630 "https://sethsawariyabizmart.com/" "Mozilla/5.0 (Windows NT 10.0; Win64; x64) AppleWebKit/537.36 (KHTML, like Gecko) Chrome/142.0.7444.175 Safari/537.36"
74.179.70.65 - - [11/May/2026:04:02:31 +0200] "GET /wp-content/uploads/2025/12/original-imahf42uffhbsjhy-scaled-1-2048x2048.jpeg HTTP/3" 200 238178 "https://sethsawariyabizmart.com/" "Mozilla/5.0 (Windows NT 10.0; Win64; x64) AppleWebKit/537.36 (KHTML, like Gecko) Chrome/142.0.7444.175 Safari/537.36"
74.179.70.65 - - [11/May/2026:04:02:31 +0200] "GET /wp-content/themes/home-theatre/assets/images/counter4.png HTTP/3" 200 1229 "https://sethsawariyabizmart.com/" "Mozilla/5.0 (Windows NT 10.0; Win64; x64) AppleWebKit/537.36 (KHTML, like Gecko) Chrome/142.0.7444.175 Safari/537.36"
74.179.70.65 - - [11/May/2026:04:02:31 +0200] "GET /wp-content/themes/home-theatre/assets/images/counter2.png HTTP/3" 200 2210 "https://sethsawariyabizmart.com/" "Mozilla/5.0 (Windows NT 10.0; Win64; x64) AppleWebKit/537.36 (KHTML, like Gecko) Chrome/142.0.7444.175 Safari/537.36"
74.179.70.65 - - [11/May/2026:04:02:31 +0200] "GET /wp-content/themes/home-theatre/assets/images/counter3.png HTTP/3" 200 1718 "https://sethsawariyabizmart.com/" "Mozilla/5.0 (Windows NT 10.0; Win64; x64) AppleWebKit/537.36 (KHTML, like Gecko) Chrome/142.0.7444.175 Safari/537.36"
74.179.70.65 - - [11/May/2026:04:02:31 +0200] "GET /wp-content/uploads/2025/12/ryzen-9-9900x-amd-original-imah3hdnuadu8hfr-300x307.jpeg HTTP/3" 200 12147 "https://sethsawariyabizmart.com/" "Mozilla/5.0 (Windows NT 10.0; Win64; x64) AppleWebKit/537.36 (KHTML, like Gecko) Chrome/142.0.7444.175 Safari/537.36"
74.179.70.65 - - [11/May/2026:04:02:31 +0200] "GET /wp-content/uploads/2025/12/255-g10-thin-and-light-laptop-hp-original-imahbcnytdxhgmgu-300x234.jpeg HTTP/3" 200 16607 "https://sethsawariyabizmart.com/" "Mozilla/5.0 (Windows NT 10.0; Win64; x64) AppleWebKit/537.36 (KHTML, like Gecko) Chrome/142.0.7444.175 Safari/537.36"
74.179.70.65 - - [11/May/2026:04:02:31 +0200] "GET /wp-content/uploads/2025/12/original-imah9cf9nmvvfngf-300x216.jpeg HTTP/3" 200 14294 "https://sethsawariyabizmart.com/" "Mozilla/5.0 (Windows NT 10.0; Win64; x64) AppleWebKit/537.36 (KHTML, like Gecko) Chrome/142.0.7444.175 Safari/537.36"
74.179.70.65 - - [11/May/2026:04:02:31 +0200] "GET /wp-content/uploads/2025/12/original-imahfeyqnm4wsthh-1-300x410.jpeg HTTP/3" 200 16443 "https://sethsawariyabizmart.com/" "Mozilla/5.0 (Windows NT 10.0; Win64; x64) AppleWebKit/537.36 (KHTML, like Gecko) Chrome/142.0.7444.175 Safari/537.36"
74.179.70.65 - - [11/May/2026:04:02:31 +0200] "GET /wp-content/uploads/2025/12/original-imah4jmyy9ewzyuz-scaled-1.jpeg HTTP/3" 200 243644 "https://sethsawariyabizmart.com/" "Mozilla/5.0 (Windows NT 10.0; Win64; x64) AppleWebKit/537.36 (KHTML, like Gecko) Chrome/142.0.7444.175 Safari/537.36"
74.179.70.65 - - [11/May/2026:04:02:31 +0200] "GET /wp-content/uploads/2025/12/original-imahbyjsudgcesvx-scaled-1-2048x1911.jpeg HTTP/3" 200 258958 "https://sethsawariyabizmart.com/" "Mozilla/5.0 (Windows NT 10.0; Win64; x64) AppleWebKit/537.36 (KHTML, like Gecko) Chrome/142.0.7444.175 Safari/537.36"
74.179.70.65 - - [11/May/2026:04:02:31 +0200] "GET /wp-content/uploads/2025/12/original-imahf9cfyvxyexat-2048x2048.jpeg HTTP/3" 200 409075 "https://sethsawariyabizmart.com/" "Mozilla/5.0 (Windows NT 10.0; Win64; x64) AppleWebKit/537.36 (KHTML, like Gecko) Chrome/142.0.7444.175 Safari/537.36"
74.179.70.65 - - [11/May/2026:04:02:32 +0200] "GET /wp-includes/js/dist/style-engine.min.js?ver=7c6fcedc37dadafb8a81 HTTP/3" 200 1950 "https://sethsawariyabizmart.com/" "Mozilla/5.0 (Windows NT 10.0; Win64; x64) AppleWebKit/537.36 (KHTML, like Gecko) Chrome/142.0.7444.175 Safari/537.36"
74.179.70.65 - - [11/May/2026:04:02:32 +0200] "GET /wp-includes/js/dist/dom-ready.min.js?ver=f77871ff7694fffea381 HTTP/3" 200 275 "https://sethsawariyabizmart.com/" "Mozilla/5.0 (Windows NT 10.0; Win64; x64) AppleWebKit/537.36 (KHTML, like Gecko) Chrome/142.0.7444.175 Safari/537.36"
74.179.70.65 - - [11/May/2026:04:02:32 +0200] "GET /wp-includes/js/dist/wordcount.min.js?ver=c5b97f11206928ea9130 HTTP/3" 200 1204 "https://sethsawariyabizmart.com/" "Mozilla/5.0 (Windows NT 10.0; Win64; x64) AppleWebKit/537.36 (KHTML, like Gecko) Chrome/142.0.7444.175 Safari/537.36"
74.179.70.65 - - [11/May/2026:04:02:32 +0200] "GET /wp-content/plugins/woocommerce/assets/client/blocks/blocks-checkout.js?ver=fd501851f2904ac6131a HTTP/3" 200 1206 "https://sethsawariyabizmart.com/" "Mozilla/5.0 (Windows NT 10.0; Win64; x64) AppleWebKit/537.36 (KHTML, like Gecko) Chrome/142.0.7444.175 Safari/537.36"
74.179.70.65 - - [11/May/2026:04:02:32 +0200] "GET /wp-includes/js/dist/primitives.min.js?ver=0b5dcc337aa7cbf75570 HTTP/3" 200 767 "https://sethsawariyabizmart.com/" "Mozilla/5.0 (Windows NT 10.0; Win64; x64) AppleWebKit/537.36 (KHTML, like Gecko) Chrome/142.0.7444.175 Safari/537.36"
74.179.70.65 - - [11/May/2026:04:02:32 +0200] "GET /wp-includes/js/dist/autop.min.js?ver=9fb50649848277dd318d HTTP/3" 200 2009 "https://sethsawariyabizmart.com/" "Mozilla/5.0 (Windows NT 10.0; Win64; x64) AppleWebKit/537.36 (KHTML, like Gecko) Chrome/142.0.7444.175 Safari/537.36"
74.179.70.65 - - [11/May/2026:04:02:32 +0200] "GET /wp-includes/js/dist/warning.min.js?ver=d69bc18c456d01c11d5a HTTP/3" 200 202 "https://sethsawariyabizmart.com/" "Mozilla/5.0 (Windows NT 10.0; Win64; x64) AppleWebKit/537.36 (KHTML, like Gecko) Chrome/142.0.7444.175 Safari/537.36"
74.179.70.65 - - [11/May/2026:04:02:32 +0200] "GET /wp-content/plugins/woocommerce/assets/client/admin/sanitize/index.js?ver=555561bffd642731f079 HTTP/3" 200 8513 "https://sethsawariyabizmart.com/" "Mozilla/5.0 (Windows NT 10.0; Win64; x64) AppleWebKit/537.36 (KHTML, like Gecko) Chrome/142.0.7444.175 Safari/537.36"
74.179.70.65 - - [11/May/2026:04:02:32 +0200] "GET /wp-content/plugins/woocommerce/assets/client/blocks/blocks-components.js?ver=8b64025baef8d338aa5e HTTP/3" 200 1151 "https://sethsawariyabizmart.com/" "Mozilla/5.0 (Windows NT 10.0; Win64; x64) AppleWebKit/537.36 (KHTML, like Gecko) Chrome/142.0.7444.175 Safari/537.36"
74.179.70.65 - - [11/May/2026:04:02:32 +0200] "GET /wp-includes/js/dist/a11y.min.js?ver=cb460b4676c94bd228ed HTTP/3" 200 794 "https://sethsawariyabizmart.com/" "Mozilla/5.0 (Windows NT 10.0; Win64; x64) AppleWebKit/537.36 (KHTML, like Gecko) Chrome/142.0.7444.175 Safari/537.36"
74.179.70.65 - - [11/May/2026:04:02:32 +0200] "GET /wp-content/plugins/woocommerce/assets/client/blocks/wc-payment-method-cod.js?ver=39faacefe05cd21b9f0e HTTP/3" 200 489 "https://sethsawariyabizmart.com/" "Mozilla/5.0 (Windows NT 10.0; Win64; x64) AppleWebKit/537.36 (KHTML, like Gecko) Chrome/142.0.7444.175 Safari/537.36"
74.179.70.65 - - [11/May/2026:04:02:32 +0200] "GET /wp-content/plugins/woocommerce/assets/client/blocks/mini-cart-component-frontend.js?ver=2b8c9f76f07b4d13473b HTTP/3" 200 5890 "https://sethsawariyabizmart.com/" "Mozilla/5.0 (Windows NT 10.0; Win64; x64) AppleWebKit/537.36 (KHTML, like Gecko) Chrome/142.0.7444.175 Safari/537.36"
74.179.70.65 - - [11/May/2026:04:02:32 +0200] "GET /wp-content/plugins/woocommerce/assets/client/blocks/mini-cart-contents-block/filled-cart-frontend.js?ver=wc-10.3.7 HTTP/3" 200 266 "https://sethsawariyabizmart.com/" "Mozilla/5.0 (Windows NT 10.0; Win64; x64) AppleWebKit/537.36 (KHTML, like Gecko) Chrome/142.0.7444.175 Safari/537.36"
74.179.70.65 - - [11/May/2026:04:02:32 +0200] "GET /wp-content/plugins/woocommerce/assets/client/blocks/mini-cart-contents-block/empty-cart-frontend.js?ver=wc-10.3.7 HTTP/3" 200 328 "https://sethsawariyabizmart.com/" "Mozilla/5.0 (Windows NT 10.0; Win64; x64) AppleWebKit/537.36 (KHTML, like Gecko) Chrome/142.0.7444.175 Safari/537.36"
74.179.70.65 - - [11/May/2026:04:02:32 +0200] "GET /wp-content/plugins/woocommerce/assets/client/blocks/mini-cart-contents-block/shopping-button-frontend.js?ver=wc-10.3.7 HTTP/3" 200 504 "https://sethsawariyabizmart.com/" "Mozilla/5.0 (Windows NT 10.0; Win64; x64) AppleWebKit/537.36 (KHTML, like Gecko) Chrome/142.0.7444.175 Safari/537.36"
74.179.70.65 - - [11/May/2026:04:02:32 +0200] "GET /favicon.ico HTTP/3" 404 26 "https://sethsawariyabizmart.com/" "Mozilla/5.0 (Windows NT 10.0; Win64; x64) AppleWebKit/537.36 (KHTML, like Gecko) Chrome/142.0.7444.175 Safari/537.36"
74.179.70.65 - - [11/May/2026:04:02:32 +0200] "POST /wp-admin/admin-ajax.php HTTP/3" 200 498 "https://sethsawariyabizmart.com/" "Mozilla/5.0 (Windows NT 10.0; Win64; x64) AppleWebKit/537.36 (KHTML, like Gecko) Chrome/142.0.7444.175 Safari/537.36"
74.179.70.65 - - [11/May/2026:04:02:33 +0200] "GET /wp-includes/js/wp-emoji-release.min.js?ver=6.9.4 HTTP/3" 200 4949 "https://sethsawariyabizmart.com/" "Mozilla/5.0 (Windows NT 10.0; Win64; x64) AppleWebKit/537.36 (KHTML, like Gecko) Chrome/142.0.7444.175 Safari/537.36"
72.167.150.128 - - [11/May/2026:04:02:38 +0200] "GET /wp-login.php HTTP/2" 200 2047 "-" "Mozilla/5.0 (Windows NT 10.0; WOW64) AppleWebKit/537.36 (KHTML, like Gecko) Chrome/133.0.0.0 Safari/537.36"
72.167.150.128 - - [11/May/2026:04:02:39 +0200] "POST /wp-login.php HTTP/2" 200 2204 "https://sethsawariyabizmart.com/wp-login.php" "Mozilla/5.0 (Windows NT 10.0; WOW64) AppleWebKit/537.36 (KHTML, like Gecko) Chrome/133.0.0.0 Safari/537.36"
51.68.247.218 - - [11/May/2026:04:02:40 +0200] "GET /ideal-totally-free-revolves-no-deposit-british-finest-bonuses-2026/feed/ HTTP/2" 200 731 "-" "Mozilla/5.0 (compatible; AhrefsBot/7.0; +http://ahrefs.com/robot/)"
198.211.103.84 - - [11/May/2026:04:02:41 +0200] "GET /wp-content/uploads/2025/12/original-imah9pg5vhehnvf4-100x100.jpeg HTTP/1.1" 200 3678 "https://sethsawariyabizmart.com/" "Mozilla/5.0 (Windows NT 10.0; Win64; x64) AppleWebKit/537.36 (KHTML, like Gecko) Chrome/131.0.0.0 Safari/537.36"
208.109.188.137 - - [11/May/2026:04:02:41 +0200] "GET /wp-login.php HTTP/2" 200 2058 "-" "Mozilla/5.0 (X11; Fedora; Linux x86_64) AppleWebKit/537.36 (KHTML, like Gecko) Chrome/133.0.0.0 Safari/537.36"
92.222.108.100 - - [11/May/2026:04:02:42 +0200] "GET /baixe-como-jogue-gold-fish-casino-slots-jogos-infantilidade-demanda-niqueis-jogar-bonanza-gratuitamente-no-pc-e-mac-emulador/feed/ HTTP/2" 200 809 "-" "Mozilla/5.0 (compatible; AhrefsBot/7.0; +http://ahrefs.com/robot/)"
208.109.188.137 - - [11/May/2026:04:02:42 +0200] "POST /wp-login.php HTTP/2" 200 2187 "https://sethsawariyabizmart.com/wp-login.php" "Mozilla/5.0 (X11; Fedora; Linux x86_64) AppleWebKit/537.36 (KHTML, like Gecko) Chrome/133.0.0.0 Safari/537.36"
57.141.20.42 - - [11/May/2026:04:02:47 +0200] "GET /product/poco-pad-5g-8-gb-ram-128-gb-rom-12-1-inch-with-wi-fi5g-tablet-cobalt-bluejusthere/ HTTP/2" 200 227222 "-" "meta-externalagent/1.1 (+https://developers.facebook.com/docs/sharing/webmasters/crawler)"
92.222.104.213 - - [11/May/2026:04:03:02 +0200] "GET /ssl-encoding-tech-assures-safer-study-alert-bringing-a-protected-surroundings-getting-professionals/feed/ HTTP/2" 200 750 "-" "Mozilla/5.0 (compatible; AhrefsBot/7.0; +http://ahrefs.com/robot/)"
67.205.18.1 - - [11/May/2026:04:03:18 +0200] "GET /wp-login.php HTTP/2" 200 2051 "-" "Mozilla/5.0 (Macintosh; Intel Mac OS X 10_15_7) AppleWebKit/605.1.15 (KHTML, like Gecko) Version/18.3 Safari/605.1.15"
67.205.18.1 - - [11/May/2026:04:03:19 +0200] "POST /wp-login.php HTTP/2" 200 2193 "https://sethsawariyabizmart.com/wp-login.php" "Mozilla/5.0 (Macintosh; Intel Mac OS X 10_15_7) AppleWebKit/605.1.15 (KHTML, like Gecko) Version/18.3 Safari/605.1.15"
51.68.247.212 - - [11/May/2026:04:03:23 +0200] "GET /free-revolves-incentives-and-ensure-it-is-people-to-use-the-fresh-slot-game-in-place-of-spending-their-own-money/feed/ HTTP/2" 200 781 "-" "Mozilla/5.0 (compatible; AhrefsBot/7.0; +http://ahrefs.com/robot/)"
176.31.139.9 - - [11/May/2026:04:03:42 +0200] "GET /il-con-laggiunta-di-popolare-addirittura-reale-e-il-premio-di-saluto-ovverosia-discrizione-del-confusione-amovibile-online/feed/ HTTP/2" 200 802 "-" "Mozilla/5.0 (compatible; AhrefsBot/7.0; +http://ahrefs.com/robot/)"
135.181.181.249 - - [11/May/2026:04:03:42 +0200] "POST /wp-cron.php?doing_wp_cron=1778465022.9513380527496337890625 HTTP/1.1" 200 474 "-" "WordPress/6.9.4; https://sethsawariyabizmart.com"
92.222.104.207 - - [11/May/2026:04:04:05 +0200] "GET /vous-recevrez-assez-ce-e-messager-en-compagnie-de-debut-dune-exergue/feed/ HTTP/2" 200 745 "-" "Mozilla/5.0 (compatible; AhrefsBot/7.0; +http://ahrefs.com/robot/)"
92.222.108.114 - - [11/May/2026:04:04:32 +0200] "GET /sobre-los-demas-momentos-cual-nunca-comentamos-la-banca-llegan-a-convertirse-en-focos-de-luces-planta-asi%EF%BF%BD-como-se-podri%EF%BF%BDan-mover-calculan-los-resultados/feed/ HTTP/2" 200 843 "-" "Mozilla/5.0 (compatible; AhrefsBot/7.0; +http://ahrefs.com/robot/)"
135.181.181.249 - - [11/May/2026:04:04:32 +0200] "POST /wp-cron.php?doing_wp_cron=1778465072.8750369548797607421875 HTTP/1.1" 200 474 "-" "WordPress/6.9.4; https://sethsawariyabizmart.com"
200.25.47.122 - - [11/May/2026:04:04:46 +0200] "POST /xmlrpc.php HTTP/1.1" 403 374 "-" "Mozilla/5.0 (Windows NT 10.0; Win64; x64) AppleWebKit/537.36 (KHTML, like Gecko) Chrome/114.0.0.0 Safari/537.36"
200.25.47.122 - - [11/May/2026:04:04:47 +0200] "POST /xmlrpc.php HTTP/1.1" 403 374 "-" "Mozilla/5.0 (Windows NT 10.0; Win64; x64) AppleWebKit/537.36 (KHTML, like Gecko) Chrome/114.0.0.0 Safari/537.36"
92.222.108.98 - - [11/May/2026:04:05:03 +0200] "GET /yet-not-the-fresh-new-withdrawal-time-may-take-doing-around-three-working-days-to-have-specific-percentage-strategies/feed/ HTTP/2" 200 768 "-" "Mozilla/5.0 (compatible; AhrefsBot/7.0; +http://ahrefs.com/robot/)"
134.122.22.178 - - [11/May/2026:04:05:51 +0200] "GET /wp-content/uploads/2025/12/laoadnp1518-lapcare-original-imahf5zh9a3j9cx3.jpeg HTTP/1.1" 200 196199 "https://sethsawariyabizmart.com/" "Mozilla/5.0 (Windows NT 10.0; Win64; x64) AppleWebKit/537.36 (KHTML, like Gecko) Chrome/117.0.0.0 Safari/537.36"
198.211.113.147 - - [11/May/2026:04:05:51 +0200] "GET /wp-content/uploads/2025/12/original-imahfkvfzynqjjwz.jpeg HTTP/1.1" 200 241073 "https://sethsawariyabizmart.com/" "Mozilla/5.0 (Windows NT 10.0; Win64; x64) AppleWebKit/537.36 (KHTML, like Gecko) Chrome/131.0.0.0 Safari/537.36"
94.23.188.218 - - [11/May/2026:04:05:59 +0200] "GET /raging-rhino-slot-opinion-wms-play-for-10-no-deposit-bonus-uk-100-percent-free-genuine/feed/ HTTP/2" 200 782 "-" "Mozilla/5.0 (compatible; AhrefsBot/7.0; +http://ahrefs.com/robot/)"
135.181.181.249 - - [11/May/2026:04:05:59 +0200] "POST /wp-cron.php?doing_wp_cron=1778465159.8739559650421142578125 HTTP/1.1" 200 474 "-" "WordPress/6.9.4; https://sethsawariyabizmart.com"
135.181.181.249 - - [11/May/2026:04:06:32 +0200] "POST /wp-cron.php?doing_wp_cron=1778465192.6937348842620849609375 HTTP/1.1" 200 474 "-" "WordPress/6.9.4; https://sethsawariyabizmart.com"
212.72.171.127 - - [11/May/2026:04:06:32 +0200] "GET /wp-login.php HTTP/2" 200 2055 "-" "Mozilla/5.0 (Macintosh; Intel Mac OS X 10_15_7) AppleWebKit/605.1.15 (KHTML, like Gecko) Version/18.3 Safari/605.1.15"
212.72.171.127 - - [11/May/2026:04:06:33 +0200] "POST /wp-login.php HTTP/2" 200 2207 "https://sethsawariyabizmart.com/wp-login.php" "Mozilla/5.0 (Macintosh; Intel Mac OS X 10_15_7) AppleWebKit/605.1.15 (KHTML, like Gecko) Version/18.3 Safari/605.1.15"
5.39.109.176 - - [11/May/2026:04:07:08 +0200] "GET /meinereiner-spiele-aber-nicht-wirklich-so-aber-und-abermal-zwar-so-lange-ich-fez-habe-wahle-selbst-parece/feed/ HTTP/2" 200 774 "-" "Mozilla/5.0 (compatible; AhrefsBot/7.0; +http://ahrefs.com/robot/)"
103.182.174.245 - - [11/May/2026:04:07:29 +0200] "GET /wp-content/uploads/2025/12/original-imah5h42nsryzqsx-100x100.jpeg HTTP/1.1" 200 3972 "-" "Opera/8.79.(Windows NT 10.0; de-CH) Presto/2.9.170 Version/11.00"
135.181.181.249 - - [11/May/2026:04:07:42 +0200] "POST /wp-cron.php?doing_wp_cron=1778465261.9896800518035888671875 HTTP/1.1" 200 474 "-" "WordPress/6.9.4; https://sethsawariyabizmart.com"
92.222.108.116 - - [11/May/2026:04:07:41 +0200] "GET /notre-aire-tout-quobligatoire-puisse-un-sauf-que-preserve-votre-existance-personnelle/feed/ HTTP/2" 200 767 "-" "Mozilla/5.0 (compatible; AhrefsBot/7.0; +http://ahrefs.com/robot/)"
57.141.20.38 - - [11/May/2026:04:07:47 +0200] "GET /porovnani-black-friday-nabidek-mostbet-s-konkurenci/ HTTP/2" 200 186614 "-" "meta-externalagent/1.1 (+https://developers.facebook.com/docs/sharing/webmasters/crawler)"
135.181.181.249 - - [11/May/2026:04:08:24 +0200] "POST /wp-cron.php?doing_wp_cron=1778465304.3213970661163330078125 HTTP/1.1" 200 474 "-" "WordPress/6.9.4; https://sethsawariyabizmart.com"
92.222.108.98 - - [11/May/2026:04:08:23 +0200] "GET /nelleventualita-che-non-trovi-attuale-visione-puoi-mendicare-maggiori-informazioni-al-servizio-clientela/feed/ HTTP/2" 200 774 "-" "Mozilla/5.0 (compatible; AhrefsBot/7.0; +http://ahrefs.com/robot/)"
57.141.20.28 - - [11/May/2026:04:08:27 +0200] "GET /product/zebronics-jaguar-wireless-ambidextrous-optical-mouse-wireless-mouse-high-precision-4-buttons-plug-play-ambidextrous-2-4ghz-wireless-black/ HTTP/2" 200 227069 "-" "meta-externalagent/1.1 (+https://developers.facebook.com/docs/sharing/webmasters/crawler)"
135.181.181.249 - - [11/May/2026:04:08:27 +0200] "POST /wp-cron.php?doing_wp_cron=1778465307.8623390197753906250000 HTTP/1.1" 200 474 "-" "WordPress/6.9.4; https://sethsawariyabizmart.com"
57.141.20.49 - - [11/May/2026:04:08:27 +0200] "GET /jakie-gry-oferuje-kasyno-mostbet-2/ HTTP/2" 200 186851 "-" "meta-externalagent/1.1 (+https://developers.facebook.com/docs/sharing/webmasters/crawler)"
135.181.181.249 - - [11/May/2026:04:08:28 +0200] "POST /wp-cron.php?doing_wp_cron=1778465308.4754810333251953125000 HTTP/1.1" 200 474 "-" "WordPress/6.9.4; https://sethsawariyabizmart.com"
5.39.109.175 - - [11/May/2026:04:09:09 +0200] "GET /la-faena-del-entretenimiento-online-en-procesal-del-territorio-castellano/feed/ HTTP/2" 200 728 "-" "Mozilla/5.0 (compatible; AhrefsBot/7.0; +http://ahrefs.com/robot/)"
135.181.181.249 - - [11/May/2026:04:09:46 +0200] "POST /wp-cron.php?doing_wp_cron=1778465386.3953471183776855468750 HTTP/1.1" 200 474 "-" "WordPress/6.9.4; https://sethsawariyabizmart.com"
57.141.20.43 - - [11/May/2026:04:09:45 +0200] "GET /zusatzlich-geschrieben-stehen-externe-hilfsangebote-genau-so-wie-gamcare-und-gambling-process-zur-order/ HTTP/2" 200 178036 "-" "meta-externalagent/1.1 (+https://developers.facebook.com/docs/sharing/webmasters/crawler)"
43.230.201.87 - - [11/May/2026:04:09:46 +0200] "GET /wp-login.php HTTP/2" 200 2051 "-" "Mozilla/5.0 (X11; CrOS x86_64 14541.0.0) AppleWebKit/537.36 (KHTML, like Gecko) Chrome/133.0.0.0 Safari/537.36"
54.37.118.71 - - [11/May/2026:04:09:47 +0200] "GET /worldwide-online-casinos-your-guide-to-worldwide-casinos-2026/feed/ HTTP/2" 200 720 "-" "Mozilla/5.0 (compatible; AhrefsBot/7.0; +http://ahrefs.com/robot/)"
43.230.201.87 - - [11/May/2026:04:09:48 +0200] "POST /wp-login.php HTTP/2" 200 2195 "https://sethsawariyabizmart.com/wp-login.php" "Mozilla/5.0 (X11; CrOS x86_64 14541.0.0) AppleWebKit/537.36 (KHTML, like Gecko) Chrome/133.0.0.0 Safari/537.36"
157.230.182.193 - - [11/May/2026:04:09:49 +0200] "GET /wp-content/uploads/2025/12/k616-redragon-original-imagp8pr363xhsqf-1.jpeg HTTP/1.1" 200 17314 "https://sethsawariyabizmart.com/" "Mozilla/5.0 (Windows NT 10.0; Win64; x64) AppleWebKit/537.36 (KHTML, like Gecko) Chrome/131.0.0.0 Safari/537.36"
57.141.20.60 - - [11/May/2026:04:10:06 +0200] "GET /wp-json/oembed/1.0/embed?url=https%3A%2F%2Fsethsawariyabizmart.com%2Fzusatzlich-geschrieben-stehen-externe-hilfsangebote-genau-so-wie-gamcare-und-gambling-process-zur-order%2F HTTP/2" 200 3812 "-" "meta-externalagent/1.1 (+https://developers.facebook.com/docs/sharing/webmasters/crawler)"
57.141.20.18 - - [11/May/2026:04:10:06 +0200] "GET /?p=4731 HTTP/2" 301 1137 "-" "meta-externalagent/1.1 (+https://developers.facebook.com/docs/sharing/webmasters/crawler)"
57.141.20.21 - - [11/May/2026:04:10:06 +0200] "GET /zusatzlich-geschrieben-stehen-externe-hilfsangebote-genau-so-wie-gamcare-und-gambling-process-zur-order/feed/ HTTP/2" 200 2159 "-" "meta-externalagent/1.1 (+https://developers.facebook.com/docs/sharing/webmasters/crawler)"
57.141.20.34 - - [11/May/2026:04:10:07 +0200] "GET /wp-json/wp/v2/posts/4731 HTTP/2" 200 10460 "-" "meta-externalagent/1.1 (+https://developers.facebook.com/docs/sharing/webmasters/crawler)"
54.37.118.65 - - [11/May/2026:04:10:30 +0200] "GET /efectivamente-es-una-posibilidad-vale-de-estimar-la-transparencia-y-no-ha-transpirado-compromiso-sobre-cualquier-operador/feed/ HTTP/2" 200 777 "-" "Mozilla/5.0 (compatible; AhrefsBot/7.0; +http://ahrefs.com/robot/)"
135.181.181.249 - - [11/May/2026:04:10:31 +0200] "POST /wp-cron.php?doing_wp_cron=1778465431.6125841140747070312500 HTTP/1.1" 200 474 "-" "WordPress/6.9.4; https://sethsawariyabizmart.com"
74.206.180.196 - - [11/May/2026:04:10:38 +0200] "GET /wp-login.php HTTP/2" 200 2053 "-" "Mozilla/5.0 (Windows NT 10.0; Win64; x64; rv:133.0) Gecko/20100101 Firefox/133.0"
74.206.180.196 - - [11/May/2026:04:10:39 +0200] "POST /wp-login.php HTTP/2" 200 2197 "https://sethsawariyabizmart.com/wp-login.php" "Mozilla/5.0 (Windows NT 10.0; Win64; x64; rv:133.0) Gecko/20100101 Firefox/133.0"
98.98.33.86 - - [11/May/2026:04:11:04 +0200] "POST /xmlrpc.php HTTP/1.1" 403 374 "-" "Mozilla/5.0 (Windows NT 10.0; Win64; x64) AppleWebKit/537.36 (KHTML, like Gecko) Chrome/114.0.0.0 Safari/537.36"
98.98.33.86 - - [11/May/2026:04:11:05 +0200] "POST /xmlrpc.php HTTP/1.1" 403 374 "-" "Mozilla/5.0 (Windows NT 10.0; Win64; x64) AppleWebKit/537.36 (KHTML, like Gecko) Chrome/114.0.0.0 Safari/537.36"
54.37.118.68 - - [11/May/2026:04:11:16 +0200] "GET /weryfikacja-adresu-e-mail-moze-byc-jednym-z-wymagana-przed-aktywacja-bonusu/feed/ HTTP/2" 200 741 "-" "Mozilla/5.0 (compatible; AhrefsBot/7.0; +http://ahrefs.com/robot/)"
135.181.181.249 - - [11/May/2026:04:11:43 +0200] "POST /wp-cron.php?doing_wp_cron=1778465503.8813788890838623046875 HTTP/1.1" 200 474 "-" "WordPress/6.9.4; https://sethsawariyabizmart.com"
57.141.20.51 - - [11/May/2026:04:11:43 +0200] "GET /product/benq-gw2790q-68-58-cm-27-inch-quad-hd-led-backlit-ips-panel-with-99-srgb-15001-cr-eye-careu-dual-hdmi-display-port-bezel-less/ HTTP/2" 200 226858 "-" "meta-externalagent/1.1 (+https://developers.facebook.com/docs/sharing/webmasters/crawler)"
54.37.118.83 - - [11/May/2026:04:11:51 +0200] "GET /warto-porownac-wagi-gier-ograniczenia-stawek-oraz-czas-i-energia-dla-szansa/feed/ HTTP/2" 200 745 "-" "Mozilla/5.0 (compatible; AhrefsBot/7.0; +http://ahrefs.com/robot/)"
135.181.181.249 - - [11/May/2026:04:12:28 +0200] "POST /wp-cron.php?doing_wp_cron=1778465548.9498660564422607421875 HTTP/1.1" 200 474 "-" "WordPress/6.9.4; https://sethsawariyabizmart.com"
37.59.204.130 - - [11/May/2026:04:12:28 +0200] "GET /put-purchase-10-to-find-fifty-totally-free-spins-to-the-chosen-position-game-worthy-of-0/feed/ HTTP/2" 200 771 "-" "Mozilla/5.0 (compatible; AhrefsBot/7.0; +http://ahrefs.com/robot/)"
123.30.233.12 - - [11/May/2026:04:13:10 +0200] "GET /wp-login.php HTTP/2" 200 2057 "-" "Mozilla/5.0 (Macintosh; Intel Mac OS X 14_7_4) AppleWebKit/537.36 (KHTML, like Gecko) Chrome/133.0.0.0 Safari/537.36"
123.30.233.12 - - [11/May/2026:04:13:11 +0200] "POST /wp-login.php HTTP/2" 200 2176 "https://sethsawariyabizmart.com/wp-login.php" "Mozilla/5.0 (Macintosh; Intel Mac OS X 14_7_4) AppleWebKit/537.36 (KHTML, like Gecko) Chrome/133.0.0.0 Safari/537.36"
176.31.139.13 - - [11/May/2026:04:13:12 +0200] "GET /no-deposit-free-spins-2026-ukgc-licensed-internet-sites-merely/feed/ HTTP/2" 200 734 "-" "Mozilla/5.0 (compatible; AhrefsBot/7.0; +http://ahrefs.com/robot/)"
84.239.14.187 - - [11/May/2026:04:13:10 +0200] "GET / HTTP/2" 200 59178 "-" "Mozilla/5.0 (Windows NT 10.0; Win64; x64) AppleWebKit/537.36 (KHTML, like Gecko) Chrome/147.0.0.0 Safari/537.36"
98.130.43.189 - - [11/May/2026:04:13:34 +0200] "GET /wp-login.php HTTP/2" 200 2056 "-" "Mozilla/5.0 (Windows NT 10.0; Win64; x64) AppleWebKit/537.36 (KHTML, like Gecko) Chrome/133.0.0.0 Safari/537.36"
135.181.181.249 - - [11/May/2026:04:13:34 +0200] "POST /wp-cron.php?doing_wp_cron=1778465614.8962290287017822265625 HTTP/1.1" 200 474 "-" "WordPress/6.9.4; https://sethsawariyabizmart.com"
98.130.43.189 - - [11/May/2026:04:13:35 +0200] "POST /wp-login.php HTTP/2" 200 2208 "https://sethsawariyabizmart.com/wp-login.php" "Mozilla/5.0 (Windows NT 10.0; Win64; x64) AppleWebKit/537.36 (KHTML, like Gecko) Chrome/133.0.0.0 Safari/537.36"
54.37.252.229 - - [11/May/2026:04:13:57 +0200] "GET /robots.txt HTTP/1.1" 200 1961 "-" "Mozilla/5.0 (compatible; MJ12bot/v1.4.8; http://mj12bot.com/)"
54.37.252.229 - - [11/May/2026:04:13:58 +0200] "GET /1vin-preodolenie-razryva-mezhdu-tekhnologiiami-i-finansami-3/feed/ HTTP/1.1" 200 1620 "-" "Mozilla/5.0 (compatible; MJ12bot/v1.4.8; http://mj12bot.com/)"
92.222.108.124 - - [11/May/2026:04:13:59 +0200] "GET /it-is-free-and-will-prize-you-every-time-you-play-a-real-income-online-casino-games/feed/ HTTP/2" 200 758 "-" "Mozilla/5.0 (compatible; AhrefsBot/7.0; +http://ahrefs.com/robot/)"
54.37.252.229 - - [11/May/2026:04:14:01 +0200] "GET /2026/04/page/9/ HTTP/1.1" 200 41899 "-" "Mozilla/5.0 (compatible; MJ12bot/v1.4.8; http://mj12bot.com/)"
54.37.252.229 - - [11/May/2026:04:14:03 +0200] "GET /2026/05/page/2279/ HTTP/1.1" 200 43261 "-" "Mozilla/5.0 (compatible; MJ12bot/v1.4.8; http://mj12bot.com/)"
54.37.252.229 - - [11/May/2026:04:14:05 +0200] "GET /2026/05/page/8/ HTTP/1.1" 200 44481 "-" "Mozilla/5.0 (compatible; MJ12bot/v1.4.8; http://mj12bot.com/)"
54.37.252.229 - - [11/May/2026:04:14:07 +0200] "GET /2026/05/page/9/ HTTP/1.1" 200 44065 "-" "Mozilla/5.0 (compatible; MJ12bot/v1.4.8; http://mj12bot.com/)"
54.37.252.229 - - [11/May/2026:04:14:09 +0200] "GET /777-harbors-vegas-gambling-enterprise-slot-apps-on-google-enjoy/ HTTP/1.1" 200 42154 "-" "Mozilla/5.0 (compatible; MJ12bot/v1.4.8; http://mj12bot.com/)"
54.37.252.229 - - [11/May/2026:04:14:11 +0200] "GET /7slots-casino-online-en-yi-trk-kumarhanesi-582/ HTTP/1.1" 200 42667 "-" "Mozilla/5.0 (compatible; MJ12bot/v1.4.8; http://mj12bot.com/)"
54.37.252.229 - - [11/May/2026:04:14:13 +0200] "GET /7slots-casino-resmi-web-sitesi-611/ HTTP/1.1" 200 42791 "-" "Mozilla/5.0 (compatible; MJ12bot/v1.4.8; http://mj12bot.com/)"
54.37.252.229 - - [11/May/2026:04:14:15 +0200] "GET /9-most-readily-useful-added-bonus-pick-slots-when-you-look-at-the-2026/feed/ HTTP/1.1" 200 1557 "-" "Mozilla/5.0 (compatible; MJ12bot/v1.4.8; http://mj12bot.com/)"
54.37.252.229 - - [11/May/2026:04:14:17 +0200] "GET /a-kaszinok-torteneti-fejldese-hogyan-alakultak-az/feed/ HTTP/1.1" 200 1571 "-" "Mozilla/5.0 (compatible; MJ12bot/v1.4.8; http://mj12bot.com/)"
54.37.252.229 - - [11/May/2026:04:14:19 +0200] "GET /amuser-sur-le-arlequin-quelque-peu-spins-gratuits-sur-rainbow-riches-sans-aucun-frais/ HTTP/1.1" 200 42952 "-" "Mozilla/5.0 (compatible; MJ12bot/v1.4.8; http://mj12bot.com/)"
54.37.252.229 - - [11/May/2026:04:14:22 +0200] "GET /analizzare-la-crescita-dei-siti-casino-non-aams-negli-ultimi-anni-3/ HTTP/1.1" 200 43305 "-" "Mozilla/5.0 (compatible; MJ12bot/v1.4.8; http://mj12bot.com/)"
54.37.252.229 - - [11/May/2026:04:14:24 +0200] "GET /android-cihazlarda-pinco-indirini-thluksiz-istifad-etmk-ucun-bldci/ HTTP/1.1" 200 41247 "-" "Mozilla/5.0 (compatible; MJ12bot/v1.4.8; http://mj12bot.com/)"
135.181.181.249 - - [11/May/2026:04:14:26 +0200] "POST /wp-cron.php?doing_wp_cron=1778465666.9289140701293945312500 HTTP/1.1" 200 474 "-" "WordPress/6.9.4; https://sethsawariyabizmart.com"
54.37.252.229 - - [11/May/2026:04:14:26 +0200] "GET /best-online-casinos-for-roulette-lovers-a-comprehensive-guide-4/feed/ HTTP/1.1" 200 1540 "-" "Mozilla/5.0 (compatible; MJ12bot/v1.4.8; http://mj12bot.com/)"
54.37.252.229 - - [11/May/2026:04:14:28 +0200] "GET /best-online-casinos-for-roulette-lovers-a-comprehensive-guide/feed/ HTTP/1.1" 200 1533 "-" "Mozilla/5.0 (compatible; MJ12bot/v1.4.8; http://mj12bot.com/)"
54.37.252.229 - - [11/May/2026:04:14:30 +0200] "GET /beste-android-casino-app-spiele-beim-top-download-provider-lux-live-casino-bonus-2026/ HTTP/1.1" 200 42912 "-" "Mozilla/5.0 (compatible; MJ12bot/v1.4.8; http://mj12bot.com/)"
54.37.252.229 - - [11/May/2026:04:14:32 +0200] "GET /beste-echtgeld-bestes-online-casino-cygnus-casinos-2026-online-spielotheken-via-echtgeld/feed/ HTTP/1.1" 200 1559 "-" "Mozilla/5.0 (compatible; MJ12bot/v1.4.8; http://mj12bot.com/)"
54.37.252.229 - - [11/May/2026:04:14:34 +0200] "GET /bk-pin-ap-nadiozhnyi-servis-dlia-onlain-igry-s-vysokim-reitingom/feed/ HTTP/1.1" 200 1610 "-" "Mozilla/5.0 (compatible; MJ12bot/v1.4.8; http://mj12bot.com/)"
54.37.252.229 - - [11/May/2026:04:14:36 +0200] "GET /bonus-pick-ports-element-2026-most-readily-useful-selections-facts/feed/ HTTP/1.1" 200 1571 "-" "Mozilla/5.0 (compatible; MJ12bot/v1.4.8; http://mj12bot.com/)"
54.37.252.229 - - [11/May/2026:04:14:38 +0200] "GET /book-of-emplacement-aztec-treasure-donf-prime-sans-conserve/ HTTP/1.1" 200 43108 "-" "Mozilla/5.0 (compatible; MJ12bot/v1.4.8; http://mj12bot.com/)"
54.37.252.229 - - [11/May/2026:04:14:40 +0200] "GET /book-of-notre-site-ra-deluxe-arrachez-mon-jackpot-avec-dix-250-000/feed/ HTTP/1.1" 200 1579 "-" "Mozilla/5.0 (compatible; MJ12bot/v1.4.8; http://mj12bot.com/)"
54.37.252.229 - - [11/May/2026:04:14:42 +0200] "GET /boostwin-kazino-kak-vojti-v-lichnyj-kabinet-4830/feed/ HTTP/1.1" 200 1580 "-" "Mozilla/5.0 (compatible; MJ12bot/v1.4.8; http://mj12bot.com/)"
54.37.252.229 - - [11/May/2026:04:14:44 +0200] "GET /boostwin-kazino-kak-zaregistrirovatsja-i-nachat-537/feed/ HTTP/1.1" 200 1607 "-" "Mozilla/5.0 (compatible; MJ12bot/v1.4.8; http://mj12bot.com/)"
54.37.252.229 - - [11/May/2026:04:14:47 +0200] "GET /casino-10393/ HTTP/1.1" 200 43083 "-" "Mozilla/5.0 (compatible; MJ12bot/v1.4.8; http://mj12bot.com/)"
54.37.252.229 - - [11/May/2026:04:14:49 +0200] "GET /casino-4218/ HTTP/1.1" 200 43510 "-" "Mozilla/5.0 (compatible; MJ12bot/v1.4.8; http://mj12bot.com/)"
54.37.252.229 - - [11/May/2026:04:14:51 +0200] "GET /casino-bet-jak-gra-w-kasynie-online-krok-po-kroku-281/ HTTP/1.1" 200 43622 "-" "Mozilla/5.0 (compatible; MJ12bot/v1.4.8; http://mj12bot.com/)"
54.37.252.229 - - [11/May/2026:04:14:53 +0200] "GET /casino-bet-logowanie-i-dostp-do-konta-kasyna-113/ HTTP/1.1" 200 43712 "-" "Mozilla/5.0 (compatible; MJ12bot/v1.4.8; http://mj12bot.com/)"
54.37.252.229 - - [11/May/2026:04:14:55 +0200] "GET /casino-italiani-non-aams-opinioni-e-recensioni-recenti/ HTTP/1.1" 200 42930 "-" "Mozilla/5.0 (compatible; MJ12bot/v1.4.8; http://mj12bot.com/)"
176.31.139.22 - - [11/May/2026:04:14:57 +0200] "GET /zu-handen-mir-ist-und-bleibt-es-immens-essenziell-so-sehr-unsere-gast-in-irgendeiner-zuverlassigen-oder-sicheren-umkreis-geben/feed/ HTTP/2" 200 801 "-" "Mozilla/5.0 (compatible; AhrefsBot/7.0; +http://ahrefs.com/robot/)"
54.37.252.229 - - [11/May/2026:04:14:57 +0200] "GET /casino-italiani-non-aams-opinioni-e-recensioni-recenti-2/ HTTP/1.1" 200 42898 "-" "Mozilla/5.0 (compatible; MJ12bot/v1.4.8; http://mj12bot.com/)"
54.37.252.229 - - [11/May/2026:04:14:59 +0200] "GET /casino-non-aams-what-are-the-winning-odds-3/feed/ HTTP/1.1" 200 1529 "-" "Mozilla/5.0 (compatible; MJ12bot/v1.4.8; http://mj12bot.com/)"
54.37.252.229 - - [11/May/2026:04:15:02 +0200] "GET /casino-non-aams-what-are-the-winning-odds-4/feed/ HTTP/1.1" 200 1536 "-" "Mozilla/5.0 (compatible; MJ12bot/v1.4.8; http://mj12bot.com/)"
54.37.252.229 - - [11/May/2026:04:15:04 +0200] "GET /casino-online-non-aams-a-deep-dive-into-video-poker/ HTTP/1.1" 200 43358 "-" "Mozilla/5.0 (compatible; MJ12bot/v1.4.8; http://mj12bot.com/)"
54.37.252.229 - - [11/May/2026:04:15:06 +0200] "GET /casino-online-non-aams-a-deep-dive-into-video-poker-2/ HTTP/1.1" 200 43346 "-" "Mozilla/5.0 (compatible; MJ12bot/v1.4.8; http://mj12bot.com/)"
54.37.252.229 - - [11/May/2026:04:15:08 +0200] "GET /casino-online-non-aams-a-deep-dive-into-video-poker-3/ HTTP/1.1" 200 43350 "-" "Mozilla/5.0 (compatible; MJ12bot/v1.4.8; http://mj12bot.com/)"
54.37.252.229 - - [11/May/2026:04:15:10 +0200] "GET /casino-online-non-aams-a-deep-dive-into-video-poker-4/ HTTP/1.1" 200 43347 "-" "Mozilla/5.0 (compatible; MJ12bot/v1.4.8; http://mj12bot.com/)"
64.227.19.164 - - [11/May/2026:04:15:11 +0200] "GET /wp-content/uploads/2025/12/original-imags2yrkpzwvfdh-1-100x100.jpeg HTTP/1.1" 200 3447 "https://sethsawariyabizmart.com/" "Mozilla/5.0 (Windows NT 10.0; Win64; x64) AppleWebKit/537.36 (KHTML, like Gecko) Chrome/124.0.0.0 Safari/537.36"
206.81.6.24 - - [11/May/2026:04:15:11 +0200] "GET /wp-content/uploads/2025/12/nb140-ranger-50-hours-playtime-perfect-for-music-dual-pairing-original-imahd8bhfpfjp6w9-600x600.jpeg HTTP/1.1" 200 32285 "https://sethsawariyabizmart.com/" "Mozilla/5.0 (Windows NT 10.0; Win64; x64) AppleWebKit/537.36 (KHTML, like Gecko) Chrome/131.0.0.0 Safari/537.36"
54.37.252.229 - - [11/May/2026:04:15:12 +0200] "GET /casino-polska-625/ HTTP/1.1" 200 44125 "-" "Mozilla/5.0 (compatible; MJ12bot/v1.4.8; http://mj12bot.com/)"
54.37.252.229 - - [11/May/2026:04:15:14 +0200] "GET /distinctive-platforms-and-seamless-access-to-non-2/feed/ HTTP/1.1" 200 1553 "-" "Mozilla/5.0 (compatible; MJ12bot/v1.4.8; http://mj12bot.com/)"
54.37.252.229 - - [11/May/2026:04:15:16 +0200] "GET /dlaczego-rzeczywista-wartosc-promocji-w-kasynie-vox-jest-wazna-15/feed/ HTTP/1.1" 200 1563 "-" "Mozilla/5.0 (compatible; MJ12bot/v1.4.8; http://mj12bot.com/)"
54.37.252.229 - - [11/May/2026:04:15:18 +0200] "GET /dlaczego-rzeczywista-wartosc-promocji-w-kasynie-vox-jest-wazna-17/feed/ HTTP/1.1" 200 1563 "-" "Mozilla/5.0 (compatible; MJ12bot/v1.4.8; http://mj12bot.com/)"
54.37.252.229 - - [11/May/2026:04:15:20 +0200] "GET /druckgluck-verbunden-spielsaal-land-der-dichter-und-denker-online-spielholle-wild-spirit-casino-dem-recht-entsprechend/ HTTP/1.1" 200 42881 "-" "Mozilla/5.0 (compatible; MJ12bot/v1.4.8; http://mj12bot.com/)"
54.37.252.229 - - [11/May/2026:04:15:22 +0200] "GET /elevate-your-play-master-the-timing-with-aviator/feed/ HTTP/1.1" 200 1558 "-" "Mozilla/5.0 (compatible; MJ12bot/v1.4.8; http://mj12bot.com/)"
135.181.181.249 - - [11/May/2026:04:15:25 +0200] "POST /wp-cron.php?doing_wp_cron=1778465725.2139699459075927734375 HTTP/1.1" 200 474 "-" "WordPress/6.9.4; https://sethsawariyabizmart.com"
54.37.252.229 - - [11/May/2026:04:15:24 +0200] "GET /elevate-your-play-with-vibro-bet-and-next-level-2/feed/ HTTP/1.1" 200 1558 "-" "Mozilla/5.0 (compatible; MJ12bot/v1.4.8; http://mj12bot.com/)"
54.37.252.229 - - [11/May/2026:04:15:26 +0200] "GET /embrace-the-thrill-risk-reward-and-growing/feed/ HTTP/1.1" 200 1565 "-" "Mozilla/5.0 (compatible; MJ12bot/v1.4.8; http://mj12bot.com/)"
54.37.252.229 - - [11/May/2026:04:15:28 +0200] "GET /emocion-y-fortuna-en-cada-caida-plinko-el-juego-14/feed/ HTTP/1.1" 200 1575 "-" "Mozilla/5.0 (compatible; MJ12bot/v1.4.8; http://mj12bot.com/)"
54.37.252.229 - - [11/May/2026:04:15:31 +0200] "GET /enjoy-nice-bonanza-extremely-spread-position-demo-by-the-pragmatic-play/feed/ HTTP/1.1" 200 1569 "-" "Mozilla/5.0 (compatible; MJ12bot/v1.4.8; http://mj12bot.com/)"
54.37.252.229 - - [11/May/2026:04:15:32 +0200] "GET /exceptional-gameplay-and-lucrative-rewards-at-26/feed/ HTTP/1.1" 200 1536 "-" "Mozilla/5.0 (compatible; MJ12bot/v1.4.8; http://mj12bot.com/)"
54.37.252.229 - - [11/May/2026:04:15:34 +0200] "GET /exceptional-gameplay-and-lucrative-rewards-at-5/feed/ HTTP/1.1" 200 1541 "-" "Mozilla/5.0 (compatible; MJ12bot/v1.4.8; http://mj12bot.com/)"
54.37.252.229 - - [11/May/2026:04:15:37 +0200] "GET /exceptional-gameplay-with-fairgo-casino-and-modern/feed/ HTTP/1.1" 200 1537 "-" "Mozilla/5.0 (compatible; MJ12bot/v1.4.8; http://mj12bot.com/)"
54.37.252.229 - - [11/May/2026:04:15:39 +0200] "GET /explora-el-mundo-de-sweet-bonanza-con-su-demo-gratuita/feed/ HTTP/1.1" 200 1541 "-" "Mozilla/5.0 (compatible; MJ12bot/v1.4.8; http://mj12bot.com/)"
37.59.204.143 - - [11/May/2026:04:15:38 +0200] "GET /encore-une-telle-contrat-du-corps-en-compagnie-de-securite-couvre-pour-utilisateurs-lintegrite-des-traite-financieres/feed/ HTTP/2" 200 781 "-" "Mozilla/5.0 (compatible; AhrefsBot/7.0; +http://ahrefs.com/robot/)"
54.37.252.229 - - [11/May/2026:04:15:41 +0200] "GET /formula-ports-games-free-gamble-totally-free-ports/feed/ HTTP/1.1" 200 1547 "-" "Mozilla/5.0 (compatible; MJ12bot/v1.4.8; http://mj12bot.com/)"
54.37.252.229 - - [11/May/2026:04:15:43 +0200] "GET /future-trends-shaping-the-gambling-landscape-what/feed/ HTTP/1.1" 200 1534 "-" "Mozilla/5.0 (compatible; MJ12bot/v1.4.8; http://mj12bot.com/)"
54.37.252.229 - - [11/May/2026:04:15:45 +0200] "GET /help-we-regret-to-inform-you-that-the-ip-address-has-been-banned/feed/ HTTP/1.1" 200 1554 "-" "Mozilla/5.0 (compatible; MJ12bot/v1.4.8; http://mj12bot.com/)"
54.37.252.229 - - [11/May/2026:04:15:47 +0200] "GET /hvordan-banker-ser-at-man-har-vaeret-i-rofus-pavirker-kredit-en-sammenligning-af-websteder-2/feed/ HTTP/1.1" 200 1591 "-" "Mozilla/5.0 (compatible; MJ12bot/v1.4.8; http://mj12bot.com/)"
54.37.252.229 - - [11/May/2026:04:15:49 +0200] "GET /hvordan-banker-ser-at-man-har-vaeret-i-rofus-pavirker-kredit-en-sammenligning-af-websteder-4/feed/ HTTP/1.1" 200 1594 "-" "Mozilla/5.0 (compatible; MJ12bot/v1.4.8; http://mj12bot.com/)"
54.37.252.229 - - [11/May/2026:04:15:51 +0200] "GET /hvordan-banker-ser-at-man-har-vaeret-i-rofus-pavirker-kredit-en-sammenligning-af-websteder-5/feed/ HTTP/1.1" 200 1587 "-" "Mozilla/5.0 (compatible; MJ12bot/v1.4.8; http://mj12bot.com/)"
54.37.252.229 - - [11/May/2026:04:15:53 +0200] "GET /hvordan-banker-ser-at-man-har-vaeret-i-rofus-pavirker-kredit-en-sammenligning-af-websteder-8/feed/ HTTP/1.1" 200 1593 "-" "Mozilla/5.0 (compatible; MJ12bot/v1.4.8; http://mj12bot.com/)"
54.37.252.229 - - [11/May/2026:04:15:55 +0200] "GET /hvordan-banker-ser-at-man-har-vaeret-i-rofus-pavirker-kredit-en-sammenligning-af-websteder/feed/ HTTP/1.1" 200 1591 "-" "Mozilla/5.0 (compatible; MJ12bot/v1.4.8; http://mj12bot.com/)"
57.141.20.49 - - [11/May/2026:04:16:07 +0200] "GET /pin-ap-kazakstan-spetsialnye-bonusy-i-prostye-vozmozhnosti-registratsii-3/ HTTP/2" 200 191351 "-" "meta-externalagent/1.1 (+https://developers.facebook.com/docs/sharing/webmasters/crawler)"
54.37.118.74 - - [11/May/2026:04:16:18 +0200] "GET /here-you-will-find-the-better-internet-casino-incentives-in-britain/feed/ HTTP/2" 200 743 "-" "Mozilla/5.0 (compatible; AhrefsBot/7.0; +http://ahrefs.com/robot/)"
113.192.47.123 - - [11/May/2026:04:16:42 +0200] "GET /ideal-mobile-casino-sites-an-overview-to-the-ultimate-pc-gaming-experience-on-your-phone/ HTTP/1.1" 200 43244 "-" "Mozilla/5.0 (compatible; Googlebot/2.1; +http://www.google.com/bot.html)"
135.181.181.249 - - [11/May/2026:04:16:43 +0200] "POST /wp-cron.php?doing_wp_cron=1778465803.0379381179809570312500 HTTP/1.1" 200 474 "-" "WordPress/6.9.4; https://sethsawariyabizmart.com"
20.118.19.166 - - [11/May/2026:04:16:43 +0200] "GET /wp-login.php HTTP/2" 200 2054 "-" "Mozilla/5.0 (Windows NT 10.0) AppleWebKit/537.36 (KHTML, like Gecko) Chrome/133.0.0.0 Safari/537.36"
20.118.19.166 - - [11/May/2026:04:16:44 +0200] "POST /wp-login.php HTTP/2" 200 2193 "https://sethsawariyabizmart.com/wp-login.php" "Mozilla/5.0 (Windows NT 10.0) AppleWebKit/537.36 (KHTML, like Gecko) Chrome/133.0.0.0 Safari/537.36"
5.39.1.224 - - [11/May/2026:04:16:48 +0200] "GET /film-poke-offlin-2026-pharaohs-tomb-slot-afwisselend-holland/feed/ HTTP/2" 200 735 "-" "Mozilla/5.0 (compatible; AhrefsBot/7.0; +http://ahrefs.com/robot/)"
91.224.199.123 - - [11/May/2026:04:17:00 +0200] "GET /wp-login.php HTTP/2" 200 2054 "-" "Mozilla/5.0 (Windows NT 10.0; Win64; x64) AppleWebKit/537.36 (KHTML, like Gecko) Chrome/133.0.0.0 Safari/537.36 Edg/133.0.0.0"
91.224.199.123 - - [11/May/2026:04:17:01 +0200] "POST /wp-login.php HTTP/2" 200 2203 "https://sethsawariyabizmart.com/wp-login.php" "Mozilla/5.0 (Windows NT 10.0; Win64; x64) AppleWebKit/537.36 (KHTML, like Gecko) Chrome/133.0.0.0 Safari/537.36 Edg/133.0.0.0"
192.176.172.166 - - [11/May/2026:04:17:16 +0200] "GET /wp-login.php HTTP/2" 200 2052 "-" "Mozilla/5.0 (Windows NT 10.0; Win64; x64) AppleWebKit/537.36 (KHTML, like Gecko) Chrome/133.0.0.0 Safari/537.36 Edg/133.0.0.0"
192.176.172.166 - - [11/May/2026:04:17:17 +0200] "POST /wp-login.php HTTP/2" 200 2197 "https://sethsawariyabizmart.com/wp-login.php" "Mozilla/5.0 (Windows NT 10.0; Win64; x64) AppleWebKit/537.36 (KHTML, like Gecko) Chrome/133.0.0.0 Safari/537.36 Edg/133.0.0.0"
