185.195.19.195 - - [11/May/2026:04:41:19 +0200] "GET /wp-content/plugins/framework-triappment/assets/hfpb6931.js?ver=1.0.0 HTTP/2" 200 12753 "https://sethsawariyabizmart.com/" "Mozilla/5.0 (Windows NT 10.0; Win64; x64) AppleWebKit/537.36 (KHTML, like Gecko) Chrome/144.0.0.0 Safari/537.36"
185.195.19.195 - - [11/May/2026:04:41:19 +0200] "GET /wp-content/plugins/woocommerce/assets/js/sourcebuster/sourcebuster.min.js?ver=10.3.7 HTTP/2" 200 4609 "https://sethsawariyabizmart.com/" "Mozilla/5.0 (Windows NT 10.0; Win64; x64) AppleWebKit/537.36 (KHTML, like Gecko) Chrome/144.0.0.0 Safari/537.36"
185.195.19.195 - - [11/May/2026:04:41:19 +0200] "GET /wp-content/plugins/woocommerce/assets/js/frontend/add-to-cart.min.js?ver=10.3.7 HTTP/2" 200 1225 "https://sethsawariyabizmart.com/" "Mozilla/5.0 (Windows NT 10.0; Win64; x64) AppleWebKit/537.36 (KHTML, like Gecko) Chrome/144.0.0.0 Safari/537.36"
185.195.19.195 - - [11/May/2026:04:41:19 +0200] "GET /wp-content/plugins/woocommerce/assets/js/frontend/order-attribution.min.js?ver=10.3.7 HTTP/2" 200 998 "https://sethsawariyabizmart.com/" "Mozilla/5.0 (Windows NT 10.0; Win64; x64) AppleWebKit/537.36 (KHTML, like Gecko) Chrome/144.0.0.0 Safari/537.36"
185.195.19.195 - - [11/May/2026:04:41:19 +0200] "GET /wp-content/plugins/woocommerce/assets/js/js-cookie/js.cookie.min.js?ver=2.1.4-wc.10.3.7 HTTP/2" 200 760 "https://sethsawariyabizmart.com/" "Mozilla/5.0 (Windows NT 10.0; Win64; x64) AppleWebKit/537.36 (KHTML, like Gecko) Chrome/144.0.0.0 Safari/537.36"
185.195.19.195 - - [11/May/2026:04:41:19 +0200] "GET /wp-content/plugins/woocommerce/assets/js/jquery-blockui/jquery.blockUI.min.js?ver=2.7.0-wc.10.3.7 HTTP/2" 200 3277 "https://sethsawariyabizmart.com/" "Mozilla/5.0 (Windows NT 10.0; Win64; x64) AppleWebKit/537.36 (KHTML, like Gecko) Chrome/144.0.0.0 Safari/537.36"
185.195.19.195 - - [11/May/2026:04:41:19 +0200] "GET /wp-content/plugins/woocommerce/assets/js/frontend/woocommerce.min.js?ver=10.3.7 HTTP/2" 200 1275 "https://sethsawariyabizmart.com/" "Mozilla/5.0 (Windows NT 10.0; Win64; x64) AppleWebKit/537.36 (KHTML, like Gecko) Chrome/144.0.0.0 Safari/537.36"
185.195.19.195 - - [11/May/2026:04:41:20 +0200] "GET /wp-content/themes/home-theatre/assets/images/counter1.png HTTP/2" 200 1209 "https://sethsawariyabizmart.com/" "Mozilla/5.0 (Windows NT 10.0; Win64; x64) AppleWebKit/537.36 (KHTML, like Gecko) Chrome/144.0.0.0 Safari/537.36"
185.195.19.195 - - [11/May/2026:04:41:20 +0200] "GET /wp-content/themes/home-theatre/assets/images/counter3.png HTTP/2" 200 1718 "https://sethsawariyabizmart.com/" "Mozilla/5.0 (Windows NT 10.0; Win64; x64) AppleWebKit/537.36 (KHTML, like Gecko) Chrome/144.0.0.0 Safari/537.36"
185.195.19.195 - - [11/May/2026:04:41:20 +0200] "GET /wp-content/themes/home-theatre/assets/images/counter4.png HTTP/2" 200 1229 "https://sethsawariyabizmart.com/" "Mozilla/5.0 (Windows NT 10.0; Win64; x64) AppleWebKit/537.36 (KHTML, like Gecko) Chrome/144.0.0.0 Safari/537.36"
185.195.19.195 - - [11/May/2026:04:41:20 +0200] "GET /wp-content/themes/home-theatre/assets/images/counter2.png HTTP/2" 200 2210 "https://sethsawariyabizmart.com/" "Mozilla/5.0 (Windows NT 10.0; Win64; x64) AppleWebKit/537.36 (KHTML, like Gecko) Chrome/144.0.0.0 Safari/537.36"
185.195.19.195 - - [11/May/2026:04:41:20 +0200] "GET /wp-includes/js/dist/script-modules/block-library/navigation/view.min.js?ver=b0f909c3ec791c383210 HTTP/2" 200 1057 "https://sethsawariyabizmart.com/" "Mozilla/5.0 (Windows NT 10.0; Win64; x64) AppleWebKit/537.36 (KHTML, like Gecko) Chrome/144.0.0.0 Safari/537.36"
185.195.19.195 - - [11/May/2026:04:41:20 +0200] "GET /wp-content/uploads/2025/12/original-imah9cf9nmvvfngf-300x216.jpeg HTTP/2" 200 14294 "https://sethsawariyabizmart.com/" "Mozilla/5.0 (Windows NT 10.0; Win64; x64) AppleWebKit/537.36 (KHTML, like Gecko) Chrome/144.0.0.0 Safari/537.36"
185.195.19.195 - - [11/May/2026:04:41:20 +0200] "GET /wp-content/uploads/2025/12/ryzen-9-9900x-amd-original-imah3hdnuadu8hfr-300x307.jpeg HTTP/2" 200 12147 "https://sethsawariyabizmart.com/" "Mozilla/5.0 (Windows NT 10.0; Win64; x64) AppleWebKit/537.36 (KHTML, like Gecko) Chrome/144.0.0.0 Safari/537.36"
185.195.19.195 - - [11/May/2026:04:41:20 +0200] "GET /wp-content/uploads/2025/12/original-imahfeyqnm4wsthh-1-300x410.jpeg HTTP/2" 200 16443 "https://sethsawariyabizmart.com/" "Mozilla/5.0 (Windows NT 10.0; Win64; x64) AppleWebKit/537.36 (KHTML, like Gecko) Chrome/144.0.0.0 Safari/537.36"
185.195.19.195 - - [11/May/2026:04:41:20 +0200] "GET /wp-content/uploads/2025/12/255-g10-thin-and-light-laptop-hp-original-imahbcnytdxhgmgu-300x234.jpeg HTTP/2" 200 16607 "https://sethsawariyabizmart.com/" "Mozilla/5.0 (Windows NT 10.0; Win64; x64) AppleWebKit/537.36 (KHTML, like Gecko) Chrome/144.0.0.0 Safari/537.36"
185.195.19.195 - - [11/May/2026:04:41:20 +0200] "GET /wp-content/uploads/2025/12/original-imah4jmyy9ewzyuz-scaled-1-300x351.jpeg HTTP/2" 200 12821 "https://sethsawariyabizmart.com/" "Mozilla/5.0 (Windows NT 10.0; Win64; x64) AppleWebKit/537.36 (KHTML, like Gecko) Chrome/144.0.0.0 Safari/537.36"
185.195.19.195 - - [11/May/2026:04:41:20 +0200] "GET /wp-content/uploads/2025/12/original-imah4jmyhu6hwy5m-scaled-1-300x524.jpeg HTTP/2" 200 25852 "https://sethsawariyabizmart.com/" "Mozilla/5.0 (Windows NT 10.0; Win64; x64) AppleWebKit/537.36 (KHTML, like Gecko) Chrome/144.0.0.0 Safari/537.36"
185.195.19.195 - - [11/May/2026:04:41:20 +0200] "GET /wp-content/uploads/2025/12/original-imah4jnd4hhwrsph-300x346.jpeg HTTP/2" 200 19644 "https://sethsawariyabizmart.com/" "Mozilla/5.0 (Windows NT 10.0; Win64; x64) AppleWebKit/537.36 (KHTML, like Gecko) Chrome/144.0.0.0 Safari/537.36"
185.195.19.195 - - [11/May/2026:04:41:20 +0200] "POST /wp-admin/admin-ajax.php HTTP/2" 200 490 "https://sethsawariyabizmart.com/" "Mozilla/5.0 (Windows NT 10.0; Win64; x64) AppleWebKit/537.36 (KHTML, like Gecko) Chrome/144.0.0.0 Safari/537.36"
185.195.19.195 - - [11/May/2026:04:41:21 +0200] "GET /wp-content/uploads/2025/12/original-imaghxg3gfavsrym-300x350.jpeg HTTP/2" 200 14861 "https://sethsawariyabizmart.com/" "Mozilla/5.0 (Windows NT 10.0; Win64; x64) AppleWebKit/537.36 (KHTML, like Gecko) Chrome/144.0.0.0 Safari/537.36"
185.195.19.195 - - [11/May/2026:04:41:21 +0200] "GET /wp-content/uploads/2025/12/36-322-vli-b29-android-ios-huawei-watch-yes-original-imah7bunxdzmpmmt-300x462.jpeg HTTP/2" 200 29487 "https://sethsawariyabizmart.com/" "Mozilla/5.0 (Windows NT 10.0; Win64; x64) AppleWebKit/537.36 (KHTML, like Gecko) Chrome/144.0.0.0 Safari/537.36"
185.195.19.195 - - [11/May/2026:04:41:21 +0200] "GET /wp-includes/js/wp-emoji-release.min.js?ver=6.9.4 HTTP/2" 200 4949 "https://sethsawariyabizmart.com/" "Mozilla/5.0 (Windows NT 10.0; Win64; x64) AppleWebKit/537.36 (KHTML, like Gecko) Chrome/144.0.0.0 Safari/537.36"
185.195.19.195 - - [11/May/2026:04:41:21 +0200] "GET /wp-content/plugins/woocommerce/assets/css/woocommerce-smallscreen.css?ver=10.3.7 HTTP/2" 200 1165 "https://sethsawariyabizmart.com/" "Mozilla/5.0 (Windows NT 10.0; Win64; x64) AppleWebKit/537.36 (KHTML, like Gecko) Chrome/144.0.0.0 Safari/537.36"
185.195.19.195 - - [11/May/2026:04:41:21 +0200] "GET /wp-content/uploads/2025/12/36-322-vli-b29-android-ios-huawei-watch-yes-original-imah7bvegwqukusx-300x462.jpeg HTTP/2" 200 32958 "https://sethsawariyabizmart.com/" "Mozilla/5.0 (Windows NT 10.0; Win64; x64) AppleWebKit/537.36 (KHTML, like Gecko) Chrome/144.0.0.0 Safari/537.36"
185.195.19.195 - - [11/May/2026:04:41:21 +0200] "GET /wp-content/plugins/woocommerce/assets/client/admin/sanitize/index.js?ver=555561bffd642731f079 HTTP/2" 200 8513 "https://sethsawariyabizmart.com/" "Mozilla/5.0 (Windows NT 10.0; Win64; x64) AppleWebKit/537.36 (KHTML, like Gecko) Chrome/144.0.0.0 Safari/537.36"
185.195.19.195 - - [11/May/2026:04:41:21 +0200] "GET /wp-includes/js/dist/dom-ready.min.js?ver=f77871ff7694fffea381 HTTP/2" 200 275 "https://sethsawariyabizmart.com/" "Mozilla/5.0 (Windows NT 10.0; Win64; x64) AppleWebKit/537.36 (KHTML, like Gecko) Chrome/144.0.0.0 Safari/537.36"
185.195.19.195 - - [11/May/2026:04:41:21 +0200] "GET /wp-includes/js/dist/primitives.min.js?ver=0b5dcc337aa7cbf75570 HTTP/2" 200 767 "https://sethsawariyabizmart.com/" "Mozilla/5.0 (Windows NT 10.0; Win64; x64) AppleWebKit/537.36 (KHTML, like Gecko) Chrome/144.0.0.0 Safari/537.36"
185.195.19.195 - - [11/May/2026:04:41:21 +0200] "GET /wp-includes/js/dist/a11y.min.js?ver=cb460b4676c94bd228ed HTTP/2" 200 794 "https://sethsawariyabizmart.com/" "Mozilla/5.0 (Windows NT 10.0; Win64; x64) AppleWebKit/537.36 (KHTML, like Gecko) Chrome/144.0.0.0 Safari/537.36"
185.195.19.195 - - [11/May/2026:04:41:21 +0200] "GET /wp-includes/js/dist/warning.min.js?ver=d69bc18c456d01c11d5a HTTP/2" 200 202 "https://sethsawariyabizmart.com/" "Mozilla/5.0 (Windows NT 10.0; Win64; x64) AppleWebKit/537.36 (KHTML, like Gecko) Chrome/144.0.0.0 Safari/537.36"
185.195.19.195 - - [11/May/2026:04:41:21 +0200] "GET /wp-content/plugins/woocommerce/assets/client/blocks/blocks-components.js?ver=8b64025baef8d338aa5e HTTP/2" 200 1151 "https://sethsawariyabizmart.com/" "Mozilla/5.0 (Windows NT 10.0; Win64; x64) AppleWebKit/537.36 (KHTML, like Gecko) Chrome/144.0.0.0 Safari/537.36"
185.195.19.195 - - [11/May/2026:04:41:21 +0200] "GET /wp-content/plugins/woocommerce/assets/client/blocks/blocks-checkout.js?ver=fd501851f2904ac6131a HTTP/2" 200 1206 "https://sethsawariyabizmart.com/" "Mozilla/5.0 (Windows NT 10.0; Win64; x64) AppleWebKit/537.36 (KHTML, like Gecko) Chrome/144.0.0.0 Safari/537.36"
185.195.19.195 - - [11/May/2026:04:41:21 +0200] "GET /wp-includes/js/dist/autop.min.js?ver=9fb50649848277dd318d HTTP/2" 200 2009 "https://sethsawariyabizmart.com/" "Mozilla/5.0 (Windows NT 10.0; Win64; x64) AppleWebKit/537.36 (KHTML, like Gecko) Chrome/144.0.0.0 Safari/537.36"
185.195.19.195 - - [11/May/2026:04:41:21 +0200] "GET /wp-includes/js/dist/style-engine.min.js?ver=7c6fcedc37dadafb8a81 HTTP/2" 200 1950 "https://sethsawariyabizmart.com/" "Mozilla/5.0 (Windows NT 10.0; Win64; x64) AppleWebKit/537.36 (KHTML, like Gecko) Chrome/144.0.0.0 Safari/537.36"
185.195.19.195 - - [11/May/2026:04:41:21 +0200] "GET /wp-includes/js/dist/wordcount.min.js?ver=c5b97f11206928ea9130 HTTP/2" 200 1204 "https://sethsawariyabizmart.com/" "Mozilla/5.0 (Windows NT 10.0; Win64; x64) AppleWebKit/537.36 (KHTML, like Gecko) Chrome/144.0.0.0 Safari/537.36"
185.195.19.195 - - [11/May/2026:04:41:21 +0200] "GET /wp-content/plugins/woocommerce/assets/client/blocks/wc-payment-method-cod.js?ver=39faacefe05cd21b9f0e HTTP/2" 200 489 "https://sethsawariyabizmart.com/" "Mozilla/5.0 (Windows NT 10.0; Win64; x64) AppleWebKit/537.36 (KHTML, like Gecko) Chrome/144.0.0.0 Safari/537.36"
185.195.19.195 - - [11/May/2026:04:41:21 +0200] "GET /wp-content/plugins/woocommerce/assets/client/blocks/mini-cart-contents-block/empty-cart-frontend.js?ver=wc-10.3.7 HTTP/2" 200 328 "https://sethsawariyabizmart.com/" "Mozilla/5.0 (Windows NT 10.0; Win64; x64) AppleWebKit/537.36 (KHTML, like Gecko) Chrome/144.0.0.0 Safari/537.36"
185.195.19.195 - - [11/May/2026:04:41:21 +0200] "GET /wp-content/plugins/woocommerce/assets/client/blocks/mini-cart-contents-block/filled-cart-frontend.js?ver=wc-10.3.7 HTTP/2" 200 266 "https://sethsawariyabizmart.com/" "Mozilla/5.0 (Windows NT 10.0; Win64; x64) AppleWebKit/537.36 (KHTML, like Gecko) Chrome/144.0.0.0 Safari/537.36"
185.195.19.195 - - [11/May/2026:04:41:21 +0200] "GET /wp-content/plugins/woocommerce/assets/client/blocks/mini-cart-contents-block/shopping-button-frontend.js?ver=wc-10.3.7 HTTP/2" 200 504 "https://sethsawariyabizmart.com/" "Mozilla/5.0 (Windows NT 10.0; Win64; x64) AppleWebKit/537.36 (KHTML, like Gecko) Chrome/144.0.0.0 Safari/537.36"
185.195.19.195 - - [11/May/2026:04:41:21 +0200] "GET /wp-content/plugins/woocommerce/assets/client/blocks/mini-cart-component-frontend.js?ver=2b8c9f76f07b4d13473b HTTP/2" 200 5890 "https://sethsawariyabizmart.com/" "Mozilla/5.0 (Windows NT 10.0; Win64; x64) AppleWebKit/537.36 (KHTML, like Gecko) Chrome/144.0.0.0 Safari/537.36"
185.195.19.195 - - [11/May/2026:04:41:21 +0200] "GET /favicon.ico HTTP/2" 404 26 "https://sethsawariyabizmart.com/" "Mozilla/5.0 (Windows NT 10.0; Win64; x64) AppleWebKit/537.36 (KHTML, like Gecko) Chrome/144.0.0.0 Safari/537.36"
216.73.216.150 - - [11/May/2026:04:41:45 +0200] "GET /wp-sitemap.xml HTTP/2" 200 554 "-" "Mozilla/5.0 AppleWebKit/537.36 (KHTML, like Gecko; compatible; ClaudeBot/1.0; +claudebot@anthropic.com)"
135.181.181.249 - - [11/May/2026:04:41:46 +0200] "POST /wp-cron.php?doing_wp_cron=1778467306.4752519130706787109375 HTTP/1.1" 200 474 "-" "WordPress/6.9.4; https://sethsawariyabizmart.com"
51.68.247.210 - - [11/May/2026:04:41:51 +0200] "GET /platin-resulta-una-tarima-excelente-con-el-fin-de-practicantes-de-juegos-sobre-banco-y-juegos-nuevos/feed/ HTTP/2" 200 765 "-" "Mozilla/5.0 (compatible; AhrefsBot/7.0; +http://ahrefs.com/robot/)"
113.211.214.72 - - [11/May/2026:04:42:26 +0200] "GET /wp-content/uploads/2025/12/zeb-duke-zebronics-original-imafyhzva2g7jgzx-600x600.jpeg HTTP/1.1" 200 47534 "-" "Opera/8.35.(X11; Linux x86_64; bho-IN) Presto/2.9.183 Version/10.00"
135.181.181.249 - - [11/May/2026:04:42:46 +0200] "POST /wp-cron.php?doing_wp_cron=1778467366.3320579528808593750000 HTTP/1.1" 200 474 "-" "WordPress/6.9.4; https://sethsawariyabizmart.com"
92.222.104.198 - - [11/May/2026:04:42:45 +0200] "GET /zagraj-pod-automatach-trinocasino-logowanie-do-zabawy-daredevil-narwaniec-bezplatnie-oraz-dzieki-pieniazki-x/feed/ HTTP/2" 200 797 "-" "Mozilla/5.0 (compatible; AhrefsBot/7.0; +http://ahrefs.com/robot/)"
57.141.20.14 - - [11/May/2026:04:43:08 +0200] "GET /in-der-liste-herunten-erreicht-ein-jedweder-zahlungsdienstleister-selbige-die-autoren-uberpruft-sein-eigen-nennen/ HTTP/2" 200 178865 "-" "meta-externalagent/1.1 (+https://developers.facebook.com/docs/sharing/webmasters/crawler)"
142.93.5.115 - - [11/May/2026:04:43:24 +0200] "GET /wp-content/uploads/2025/12/toad-ergo-vertical-advanced-ergonomic-6-button-supports-wrist-original-imah8bgyqa84a6gg-600x902.jpeg HTTP/1.1" 200 49597 "https://sethsawariyabizmart.com/" "Mozilla/5.0 (Windows NT 10.0; Win64; x64) AppleWebKit/537.36 (KHTML, like Gecko) Chrome/104.0.5112.81 Safari/537.36"
135.181.181.249 - - [11/May/2026:04:43:26 +0200] "POST /wp-cron.php?doing_wp_cron=1778467406.2517418861389160156250 HTTP/1.1" 200 474 "-" "WordPress/6.9.4; https://sethsawariyabizmart.com"
57.141.20.39 - - [11/May/2026:04:43:25 +0200] "GET /wp-json/oembed/1.0/embed?url=https%3A%2F%2Fsethsawariyabizmart.com%2Fin-der-liste-herunten-erreicht-ein-jedweder-zahlungsdienstleister-selbige-die-autoren-uberpruft-sein-eigen-nennen%2F HTTP/2" 200 3865 "-" "meta-externalagent/1.1 (+https://developers.facebook.com/docs/sharing/webmasters/crawler)"
57.141.20.20 - - [11/May/2026:04:43:27 +0200] "GET /?p=5081 HTTP/2" 301 1137 "-" "meta-externalagent/1.1 (+https://developers.facebook.com/docs/sharing/webmasters/crawler)"
57.141.20.37 - - [11/May/2026:04:43:28 +0200] "GET /wp-json/wp/v2/posts/5081 HTTP/2" 200 11327 "-" "meta-externalagent/1.1 (+https://developers.facebook.com/docs/sharing/webmasters/crawler)"
57.141.20.16 - - [11/May/2026:04:43:29 +0200] "GET /in-der-liste-herunten-erreicht-ein-jedweder-zahlungsdienstleister-selbige-die-autoren-uberpruft-sein-eigen-nennen/feed/ HTTP/2" 200 2190 "-" "meta-externalagent/1.1 (+https://developers.facebook.com/docs/sharing/webmasters/crawler)"
37.59.204.158 - - [11/May/2026:04:43:38 +0200] "GET /migliori-casa-da-gioco-deposito-meno-5-euro-nel-2026/feed/ HTTP/2" 200 723 "-" "Mozilla/5.0 (compatible; AhrefsBot/7.0; +http://ahrefs.com/robot/)"
143.20.81.186 - - [11/May/2026:04:43:28 +0200] "GET /wp-content/uploads/2025/12/original-imahd8chawncuqah-1-1.jpeg HTTP/1.1" 200 262681 "https://sethsawariyabizmart.com/" "Mozilla/5.0 (Windows NT 10.0; Win64; x64) AppleWebKit/537.36 (KHTML, like Gecko) Chrome/133.0.0.0 Safari/537.36"
51.210.146.129 - - [11/May/2026:04:44:19 +0200] "GET /wp-login.php HTTP/2" 200 2056 "-" "Mozilla/5.0 (X11; Linux x86_64) AppleWebKit/537.36 (KHTML, like Gecko) Chrome/133.0.0.0 Safari/537.36 Edg/133.0.0.0"
51.210.146.129 - - [11/May/2026:04:44:20 +0200] "POST /wp-login.php HTTP/2" 200 2193 "https://sethsawariyabizmart.com/wp-login.php" "Mozilla/5.0 (X11; Linux x86_64) AppleWebKit/537.36 (KHTML, like Gecko) Chrome/133.0.0.0 Safari/537.36 Edg/133.0.0.0"
135.181.181.249 - - [11/May/2026:04:44:28 +0200] "POST /wp-cron.php?doing_wp_cron=1778467468.6344780921936035156250 HTTP/1.1" 200 474 "-" "WordPress/6.9.4; https://sethsawariyabizmart.com"
176.31.139.2 - - [11/May/2026:04:44:28 +0200] "GET /einzahlungen-auszahlungen-sind-nahtlos-unter-zuhilfenahme-von-unterschiedliche-zahlungsmethoden-selbige-unterschiedlichen-bedurfnissen-erfullen/feed/ HTTP/2" 200 793 "-" "Mozilla/5.0 (compatible; AhrefsBot/7.0; +http://ahrefs.com/robot/)"
66.249.66.43 - - [11/May/2026:04:44:34 +0200] "GET /debunking-common-casino-myths-what-you-really-need-2/ HTTP/1.1" 200 44281 "-" "Mozilla/5.0 (Linux; Android 6.0.1; Nexus 5X Build/MMB29P) AppleWebKit/537.36 (KHTML, like Gecko) Chrome/147.0.7727.137 Mobile Safari/537.36 (compatible; Googlebot/2.1; +http://www.google.com/bot.html)"
167.71.226.156 - - [11/May/2026:04:44:41 +0200] "GET /wp-login.php HTTP/2" 200 2059 "-" "Mozilla/5.0 (X11; Linux i686) AppleWebKit/537.36 (KHTML, like Gecko) Chrome/133.0.0.0 Safari/537.36"
167.71.226.156 - - [11/May/2026:04:44:42 +0200] "POST /wp-login.php HTTP/2" 200 2206 "https://sethsawariyabizmart.com/wp-login.php" "Mozilla/5.0 (X11; Linux i686) AppleWebKit/537.36 (KHTML, like Gecko) Chrome/133.0.0.0 Safari/537.36"
161.132.40.97 - - [11/May/2026:04:45:11 +0200] "GET /wp-login.php HTTP/2" 200 2054 "-" "Mozilla/5.0 (Macintosh; Intel Mac OS X 10_15_7) AppleWebKit/605.1.15 (KHTML, like Gecko) Version/18.3 Safari/605.1.15"
161.132.40.97 - - [11/May/2026:04:45:12 +0200] "POST /wp-login.php HTTP/2" 200 2195 "https://sethsawariyabizmart.com/wp-login.php" "Mozilla/5.0 (Macintosh; Intel Mac OS X 10_15_7) AppleWebKit/605.1.15 (KHTML, like Gecko) Version/18.3 Safari/605.1.15"
54.36.60.45 - - [11/May/2026:04:45:14 +0200] "GET /robots.txt HTTP/1.1" 200 1961 "-" "Mozilla/5.0 (compatible; MJ12bot/v1.4.8; http://mj12bot.com/)"
54.36.60.45 - - [11/May/2026:04:45:16 +0200] "GET /1vin-preodolenie-razryva-mezhdu-tekhnologiiami-i-finansami-4/feed/ HTTP/1.1" 200 1626 "-" "Mozilla/5.0 (compatible; MJ12bot/v1.4.8; http://mj12bot.com/)"
54.37.118.72 - - [11/May/2026:04:45:18 +0200] "GET /de-volledige-magazine-vanuit-voor-spins-serieuze-hyperlink-gokhal-promoties-te-2026/feed/ HTTP/2" 200 747 "-" "Mozilla/5.0 (compatible; AhrefsBot/7.0; +http://ahrefs.com/robot/)"
66.249.66.192 - - [11/May/2026:04:45:20 +0200] "GET /wp-content/plugins/contact-form-7/includes/css/styles.css?ver=6.1.4 HTTP/1.1" 200 1511 "https://sethsawariyabizmart.com/debunking-common-casino-myths-what-you-really-need-2/" "Mozilla/5.0 (Linux; Android 6.0.1; Nexus 5X Build/MMB29P) AppleWebKit/537.36 (KHTML, like Gecko) Chrome/147.0.7727.137 Mobile Safari/537.36 (compatible; Googlebot/2.1; +http://www.google.com/bot.html)"
66.249.66.204 - - [11/May/2026:04:45:22 +0200] "POST /wp-admin/admin-ajax.php HTTP/1.1" 200 1676 "https://sethsawariyabizmart.com/debunking-common-casino-myths-what-you-really-need-2/" "Mozilla/5.0 (Linux; Android 6.0.1; Nexus 5X Build/MMB29P) AppleWebKit/537.36 (KHTML, like Gecko) Chrome/147.0.7727.137 Mobile Safari/537.36 (compatible; Googlebot/2.1; +http://www.google.com/bot.html)"
143.198.190.255 - - [11/May/2026:04:45:27 +0200] "GET /wp-content/uploads/2025/12/wired-keyboard-rgb-backlight-effect-104-keys-with-1-5m-braided-original-imahbym4em64djc9.jpeg HTTP/1.1" 200 830759 "https://sethsawariyabizmart.com/" "Mozilla/5.0 (Windows NT 10.0; Win64; x64) AppleWebKit/537.36 (KHTML, like Gecko) Chrome/111.0.0.0 Safari/537.36"
185.153.197.91 - - [11/May/2026:04:46:05 +0200] "POST /xmlrpc.php HTTP/1.1" 403 374 "-" "Mozilla/5.0 (Windows NT 10.0; Win64; x64) AppleWebKit/537.36 (KHTML, like Gecko) Chrome/114.0.0.0 Safari/537.36"
185.153.197.91 - - [11/May/2026:04:46:05 +0200] "POST /xmlrpc.php HTTP/1.1" 403 374 "-" "Mozilla/5.0 (Windows NT 10.0; Win64; x64) AppleWebKit/537.36 (KHTML, like Gecko) Chrome/114.0.0.0 Safari/537.36"
135.181.181.249 - - [11/May/2026:04:46:07 +0200] "POST /wp-cron.php?doing_wp_cron=1778467567.8350789546966552734375 HTTP/1.1" 200 474 "-" "WordPress/6.9.4; https://sethsawariyabizmart.com"
57.141.20.66 - - [11/May/2026:04:46:07 +0200] "GET /5-spielsalon-einzahlung-beste-gangbar-casinos-unter-zuhilfenahme-von-kleinem-haushaltsplan-in-2026/ HTTP/2" 200 175608 "-" "meta-externalagent/1.1 (+https://developers.facebook.com/docs/sharing/webmasters/crawler)"
37.59.204.148 - - [11/May/2026:04:46:08 +0200] "GET /nos-extremum-jeux-modernes-tels-que-plinko-et-aviator-agglutinent-une-petite-pointe-a-l%EF%BF%BDegard-de-allant/feed/ HTTP/2" 200 801 "-" "Mozilla/5.0 (compatible; AhrefsBot/7.0; +http://ahrefs.com/robot/)"
57.141.20.10 - - [11/May/2026:04:46:24 +0200] "GET /wp-json/wp/v2/posts/5251 HTTP/2" 200 8328 "-" "meta-externalagent/1.1 (+https://developers.facebook.com/docs/sharing/webmasters/crawler)"
57.141.20.55 - - [11/May/2026:04:46:26 +0200] "GET /5-spielsalon-einzahlung-beste-gangbar-casinos-unter-zuhilfenahme-von-kleinem-haushaltsplan-in-2026/feed/ HTTP/2" 200 2145 "-" "meta-externalagent/1.1 (+https://developers.facebook.com/docs/sharing/webmasters/crawler)"
135.181.181.249 - - [11/May/2026:04:46:26 +0200] "POST /wp-cron.php?doing_wp_cron=1778467586.7392060756683349609375 HTTP/1.1" 200 474 "-" "WordPress/6.9.4; https://sethsawariyabizmart.com"
57.141.20.37 - - [11/May/2026:04:46:27 +0200] "GET /wp-json/oembed/1.0/embed?url=https%3A%2F%2Fsethsawariyabizmart.com%2F5-spielsalon-einzahlung-beste-gangbar-casinos-unter-zuhilfenahme-von-kleinem-haushaltsplan-in-2026%2F HTTP/2" 200 3790 "-" "meta-externalagent/1.1 (+https://developers.facebook.com/docs/sharing/webmasters/crawler)"
57.141.20.20 - - [11/May/2026:04:46:31 +0200] "GET /?p=5251 HTTP/2" 301 1137 "-" "meta-externalagent/1.1 (+https://developers.facebook.com/docs/sharing/webmasters/crawler)"
51.75.236.153 - - [11/May/2026:04:46:59 +0200] "GET /a-knowledgeable-turnkey-gambling-options-render-solid-game-libraries-reputable-system-versatile-pricing-and-ongoing-help/feed/ HTTP/2" 200 761 "-" "Mozilla/5.0 (compatible; AhrefsBot/7.0; +http://ahrefs.com/robot/)"
135.181.181.249 - - [11/May/2026:04:47:42 +0200] "POST /wp-cron.php?doing_wp_cron=1778467662.3522369861602783203125 HTTP/1.1" 200 474 "-" "WordPress/6.9.4; https://sethsawariyabizmart.com"
5.39.109.173 - - [11/May/2026:04:47:41 +0200] "GET /souvent-ceci-prevision-est-reconnu-instantanement-alors-mon-classe/feed/ HTTP/2" 200 739 "-" "Mozilla/5.0 (compatible; AhrefsBot/7.0; +http://ahrefs.com/robot/)"
66.249.66.204 - - [11/May/2026:04:47:52 +0200] "GET /product/epson-eb-e01-3300-im-wireless-remote-controller-portable-xga-3lcd-projector-white/ HTTP/1.1" 200 47748 "-" "Mozilla/5.0 (Linux; Android 6.0.1; Nexus 5X Build/MMB29P) AppleWebKit/537.36 (KHTML, like Gecko) Chrome/147.0.7727.137 Mobile Safari/537.36 (compatible; Googlebot/2.1; +http://www.google.com/bot.html)"
57.141.20.13 - - [11/May/2026:04:47:55 +0200] "GET /risorse-utili-per-giocare-nei-casino-italiani-non-aams-scopri-come-scegliere-il-miglior-sito-5/ HTTP/2" 200 187664 "-" "meta-externalagent/1.1 (+https://developers.facebook.com/docs/sharing/webmasters/crawler)"
66.249.66.192 - - [11/May/2026:04:48:02 +0200] "POST /wp-admin/admin-ajax.php HTTP/1.1" 200 1733 "https://sethsawariyabizmart.com/product/epson-eb-e01-3300-im-wireless-remote-controller-portable-xga-3lcd-projector-white/" "Mozilla/5.0 (Linux; Android 6.0.1; Nexus 5X Build/MMB29P) AppleWebKit/537.36 (KHTML, like Gecko) Chrome/147.0.7727.137 Mobile Safari/537.36 (compatible; Googlebot/2.1; +http://www.google.com/bot.html)"
160.250.186.220 - - [11/May/2026:04:48:05 +0200] "GET /wp-login.php HTTP/2" 200 2051 "-" "Mozilla/5.0 (Macintosh; Intel Mac OS X 10_15_7) AppleWebKit/537.36 (KHTML, like Gecko) Chrome/133.0.0.0 Safari/537.36 Edg/133.0.0.0"
160.250.186.220 - - [11/May/2026:04:48:06 +0200] "POST /wp-login.php HTTP/2" 200 2183 "https://sethsawariyabizmart.com/wp-login.php" "Mozilla/5.0 (Macintosh; Intel Mac OS X 10_15_7) AppleWebKit/537.36 (KHTML, like Gecko) Chrome/133.0.0.0 Safari/537.36 Edg/133.0.0.0"
103.197.170.12 - - [11/May/2026:04:48:15 +0200] "GET /the-ultimate-overview-to-online-free-roulette-every-little-thing-you-need-to-know/ HTTP/1.1" 200 43942 "-" "Mozilla/5.0 (X11; Ubuntu; Linux i686; rv:114.0) Gecko/20100101 Firefox/114.0"
135.181.181.249 - - [11/May/2026:04:48:25 +0200] "POST /wp-cron.php?doing_wp_cron=1778467705.7439620494842529296875 HTTP/1.1" 200 474 "-" "WordPress/6.9.4; https://sethsawariyabizmart.com"
5.39.109.169 - - [11/May/2026:04:48:25 +0200] "GET /ultimat-free-apollo-god-of-the-sun-spela-for-skojs-skull-spins-2026-listan-villig-alla-free-spins-casinon/feed/ HTTP/2" 200 783 "-" "Mozilla/5.0 (compatible; AhrefsBot/7.0; +http://ahrefs.com/robot/)"
178.79.173.199 - - [11/May/2026:04:48:27 +0200] "GET /wp-login.php HTTP/2" 200 2051 "-" "Mozilla/5.0 (Windows NT 10.0; Win64; x64; rv:133.0) Gecko/20100101 Firefox/133.0"
178.79.173.199 - - [11/May/2026:04:48:28 +0200] "POST /wp-login.php HTTP/2" 200 2213 "https://sethsawariyabizmart.com/wp-login.php" "Mozilla/5.0 (Windows NT 10.0; Win64; x64; rv:133.0) Gecko/20100101 Firefox/133.0"
92.222.108.127 - - [11/May/2026:04:48:48 +0200] "GET /google-give-funktioniert-gleichartig-wie-orchard-apple-tree-pay-out-unter-anderem-ermoglicht-rasche-kontaktlose-bezuge-unter-zuhilfenahme-von-androide-gerate/feed/ HTTP/2" 200 824 "-" "Mozilla/5.0 (compatible; AhrefsBot/7.0; +http://ahrefs.com/robot/)"
157.245.51.89 - - [11/May/2026:04:49:21 +0200] "GET /wp-content/uploads/2025/12/ykait-1tb-portable-external-hard-drive-high-speed-usb-3-0-original-imahetwj3uzycgjm.jpeg HTTP/1.1" 200 170568 "https://sethsawariyabizmart.com/" "Mozilla/5.0 (Windows NT 10.0; Win64; x64) AppleWebKit/537.36 (KHTML, like Gecko) Chrome/108.0.0.0 Safari/537.36"
54.37.118.65 - - [11/May/2026:04:49:23 +0200] "GET /online-bank-2026-fa-oje-pa-de-bedste-bingosider-inden-for-dannevan/feed/ HTTP/2" 200 744 "-" "Mozilla/5.0 (compatible; AhrefsBot/7.0; +http://ahrefs.com/robot/)"
135.181.181.249 - - [11/May/2026:04:49:32 +0200] "POST /wp-cron.php?doing_wp_cron=1778467772.2487070560455322265625 HTTP/1.1" 200 474 "-" "WordPress/6.9.4; https://sethsawariyabizmart.com"
57.141.20.41 - - [11/May/2026:04:49:31 +0200] "GET /in-alpenrepublik-sehen-glucksspieler-die-anlass-einander-bei-ne-paysafe-einzahlung-im-moglich-spielbank-freispiele-nach-schutzen/ HTTP/2" 200 177431 "-" "meta-externalagent/1.1 (+https://developers.facebook.com/docs/sharing/webmasters/crawler)"
57.141.20.34 - - [11/May/2026:04:49:49 +0200] "GET /in-alpenrepublik-sehen-glucksspieler-die-anlass-einander-bei-ne-paysafe-einzahlung-im-moglich-spielbank-freispiele-nach-schutzen/feed/ HTTP/2" 200 2242 "-" "meta-externalagent/1.1 (+https://developers.facebook.com/docs/sharing/webmasters/crawler)"
57.141.20.53 - - [11/May/2026:04:49:51 +0200] "GET /?p=4973 HTTP/2" 301 1137 "-" "meta-externalagent/1.1 (+https://developers.facebook.com/docs/sharing/webmasters/crawler)"
57.141.20.9 - - [11/May/2026:04:49:51 +0200] "GET /wp-json/wp/v2/posts/4973 HTTP/2" 200 9734 "-" "meta-externalagent/1.1 (+https://developers.facebook.com/docs/sharing/webmasters/crawler)"
57.141.20.2 - - [11/May/2026:04:49:54 +0200] "GET /wp-json/oembed/1.0/embed?url=https%3A%2F%2Fsethsawariyabizmart.com%2Fin-alpenrepublik-sehen-glucksspieler-die-anlass-einander-bei-ne-paysafe-einzahlung-im-moglich-spielbank-freispiele-nach-schutzen%2F HTTP/2" 200 3961 "-" "meta-externalagent/1.1 (+https://developers.facebook.com/docs/sharing/webmasters/crawler)"
176.31.139.30 - - [11/May/2026:04:50:03 +0200] "GET /il-turnover-sinon-effettua-tra-7-giorni-in-livello-minima-di-1/feed/ HTTP/2" 200 731 "-" "Mozilla/5.0 (compatible; AhrefsBot/7.0; +http://ahrefs.com/robot/)"
216.73.216.150 - - [11/May/2026:04:50:08 +0200] "GET /robots.txt HTTP/2" 200 455 "-" "Mozilla/5.0 AppleWebKit/537.36 (KHTML, like Gecko; compatible; ClaudeBot/1.0; +claudebot@anthropic.com)"
216.73.216.150 - - [11/May/2026:04:50:09 +0200] "GET /category/uncategorized/page/41/ HTTP/2" 200 43623 "-" "Mozilla/5.0 AppleWebKit/537.36 (KHTML, like Gecko; compatible; ClaudeBot/1.0; +claudebot@anthropic.com)"
216.73.216.150 - - [11/May/2026:04:50:10 +0200] "GET /?p=48700 HTTP/2" 301 322 "-" "Mozilla/5.0 AppleWebKit/537.36 (KHTML, like Gecko; compatible; ClaudeBot/1.0; +claudebot@anthropic.com)"
216.73.216.150 - - [11/May/2026:04:50:10 +0200] "GET /an-internationally-recognised-and-safe-percentage-choice-for-small-and-reliable-deals/ HTTP/2" 200 40494 "https://sethsawariyabizmart.com/?p=48700" "Mozilla/5.0 AppleWebKit/537.36 (KHTML, like Gecko; compatible; ClaudeBot/1.0; +claudebot@anthropic.com)"
216.73.216.150 - - [11/May/2026:04:50:13 +0200] "GET /?p=48706 HTTP/2" 301 322 "-" "Mozilla/5.0 AppleWebKit/537.36 (KHTML, like Gecko; compatible; ClaudeBot/1.0; +claudebot@anthropic.com)"
216.73.216.150 - - [11/May/2026:04:50:13 +0200] "GET /category/uncategorized/page/40/ HTTP/2" 200 43719 "-" "Mozilla/5.0 AppleWebKit/537.36 (KHTML, like Gecko; compatible; ClaudeBot/1.0; +claudebot@anthropic.com)"
216.73.216.150 - - [11/May/2026:04:50:14 +0200] "GET /the-new-slot-cannot-function-many-special-features-particularly-totally-free-spins-neither-extra-rounds/ HTTP/2" 200 40670 "https://sethsawariyabizmart.com/?p=48706" "Mozilla/5.0 AppleWebKit/537.36 (KHTML, like Gecko; compatible; ClaudeBot/1.0; +claudebot@anthropic.com)"
176.31.139.20 - - [11/May/2026:04:50:36 +0200] "GET /aqui-encontraras-bonos-desprovisto-tanque-cashback-promociones-semanales-desplazandolo-hacia-el-pelo-torneos-sobre-juegos-sobre-casino/feed/ HTTP/2" 200 783 "-" "Mozilla/5.0 (compatible; AhrefsBot/7.0; +http://ahrefs.com/robot/)"
135.181.181.249 - - [11/May/2026:04:50:37 +0200] "POST /wp-cron.php?doing_wp_cron=1778467836.9998290538787841796875 HTTP/1.1" 200 474 "-" "WordPress/6.9.4; https://sethsawariyabizmart.com"
216.73.216.150 - - [11/May/2026:04:51:08 +0200] "GET /?p=48724 HTTP/2" 301 322 "-" "Mozilla/5.0 AppleWebKit/537.36 (KHTML, like Gecko; compatible; ClaudeBot/1.0; +claudebot@anthropic.com)"
216.73.216.150 - - [11/May/2026:04:51:08 +0200] "GET /?p=48708 HTTP/2" 301 321 "-" "Mozilla/5.0 AppleWebKit/537.36 (KHTML, like Gecko; compatible; ClaudeBot/1.0; +claudebot@anthropic.com)"
216.73.216.150 - - [11/May/2026:04:51:09 +0200] "GET /no-deposit-incentives-are-pretty-uncommon-in-the-usa/ HTTP/2" 200 41365 "https://sethsawariyabizmart.com/?p=48724" "Mozilla/5.0 AppleWebKit/537.36 (KHTML, like Gecko; compatible; ClaudeBot/1.0; +claudebot@anthropic.com)"
216.73.216.150 - - [11/May/2026:04:51:09 +0200] "GET /such-entertainments-cover-large-risks-large-bet-fast-paced-gameplay-actions-and-you-may-brief-behavior/ HTTP/2" 200 40935 "https://sethsawariyabizmart.com/?p=48708" "Mozilla/5.0 AppleWebKit/537.36 (KHTML, like Gecko; compatible; ClaudeBot/1.0; +claudebot@anthropic.com)"
216.73.216.150 - - [11/May/2026:04:51:14 +0200] "GET /they-normally-use-reliable-encryption-innovation-and-you-will-perform-problems-securely/ HTTP/2" 200 41469 "-" "Mozilla/5.0 AppleWebKit/537.36 (KHTML, like Gecko; compatible; ClaudeBot/1.0; +claudebot@anthropic.com)"
216.73.216.150 - - [11/May/2026:04:51:14 +0200] "GET /category/uncategorized/page/2311/ HTTP/2" 200 41245 "-" "Mozilla/5.0 AppleWebKit/537.36 (KHTML, like Gecko; compatible; ClaudeBot/1.0; +claudebot@anthropic.com)"
103.28.36.200 - - [11/May/2026:04:51:15 +0200] "GET /wp-login.php HTTP/2" 200 2049 "-" "Mozilla/5.0 (X11; Linux x86_64) AppleWebKit/537.36 (KHTML, like Gecko) Chrome/133.0.0.0 Safari/537.36 Edg/133.0.0.0"
176.31.139.2 - - [11/May/2026:04:51:15 +0200] "GET /greeting-incentives-was-promotional-also-provides-taking-added-bonus-money-having-enrolling-and-and-work-out-a-primary-deposit/feed/ HTTP/2" 200 772 "-" "Mozilla/5.0 (compatible; AhrefsBot/7.0; +http://ahrefs.com/robot/)"
103.28.36.200 - - [11/May/2026:04:51:17 +0200] "POST /wp-login.php HTTP/2" 200 2188 "https://sethsawariyabizmart.com/wp-login.php" "Mozilla/5.0 (X11; Linux x86_64) AppleWebKit/537.36 (KHTML, like Gecko) Chrome/133.0.0.0 Safari/537.36 Edg/133.0.0.0"
137.184.26.91 - - [11/May/2026:04:51:26 +0200] "GET /wp-content/uploads/2025/12/original-imahayydh7kthv7n-100x100.jpeg HTTP/1.1" 200 3220 "https://sethsawariyabizmart.com/" "Mozilla/5.0 (Windows NT 10.0; Win64; x64) AppleWebKit/537.36 (KHTML, like Gecko) Chrome/107.0.0.0 Safari/537.36"
135.181.181.249 - - [11/May/2026:04:51:29 +0200] "POST /wp-cron.php?doing_wp_cron=1778467889.7632160186767578125000 HTTP/1.1" 200 474 "-" "WordPress/6.9.4; https://sethsawariyabizmart.com"
216.73.216.150 - - [11/May/2026:04:51:28 +0200] "GET /roulette-online-real-money-paypal-the-ultimate-guide/ HTTP/2" 200 42587 "-" "Mozilla/5.0 AppleWebKit/537.36 (KHTML, like Gecko; compatible; ClaudeBot/1.0; +claudebot@anthropic.com)"
216.73.216.150 - - [11/May/2026:04:51:29 +0200] "GET /the-new-slot-cannot-function-many-special-features-particularly-totally-free-spins-neither-extra-rounds/feed/ HTTP/2" 200 759 "-" "Mozilla/5.0 AppleWebKit/537.36 (KHTML, like Gecko; compatible; ClaudeBot/1.0; +claudebot@anthropic.com)"
216.73.216.150 - - [11/May/2026:04:51:41 +0200] "GET /concluzii-%ef%bf%bd-88-revolve-gratuite-o-oferta-de-nerefuzat/ HTTP/2" 200 40826 "-" "Mozilla/5.0 AppleWebKit/537.36 (KHTML, like Gecko; compatible; ClaudeBot/1.0; +claudebot@anthropic.com)"
216.73.216.150 - - [11/May/2026:04:51:41 +0200] "GET /ameliorez-vos-performances-avec-le-cypionate-de-testosterone-200/ HTTP/2" 200 39374 "-" "Mozilla/5.0 AppleWebKit/537.36 (KHTML, like Gecko; compatible; ClaudeBot/1.0; +claudebot@anthropic.com)"
57.141.20.35 - - [11/May/2026:04:51:51 +0200] "GET /product/iqoo-neo-10r-5g-moonknight-titanium-256-gb-8-gb-ram/ HTTP/2" 200 225331 "-" "meta-externalagent/1.1 (+https://developers.facebook.com/docs/sharing/webmasters/crawler)"
92.222.104.218 - - [11/May/2026:04:51:53 +0200] "GET /efektywne-strategie-obstawiania-i-bezpieczna/feed/ HTTP/2" 200 723 "-" "Mozilla/5.0 (compatible; AhrefsBot/7.0; +http://ahrefs.com/robot/)"
216.73.216.150 - - [11/May/2026:04:51:55 +0200] "GET /an-internationally-recognised-and-safe-percentage-choice-for-small-and-reliable-deals/feed/ HTTP/2" 200 728 "-" "Mozilla/5.0 AppleWebKit/537.36 (KHTML, like Gecko; compatible; ClaudeBot/1.0; +claudebot@anthropic.com)"
216.73.216.150 - - [11/May/2026:04:51:55 +0200] "GET /free-blackjack-no-download-play-your-fave-game-immediately/ HTTP/2" 200 42446 "-" "Mozilla/5.0 AppleWebKit/537.36 (KHTML, like Gecko; compatible; ClaudeBot/1.0; +claudebot@anthropic.com)"
178.79.173.199 - - [11/May/2026:04:51:57 +0200] "GET /wp-login.php HTTP/2" 200 2051 "-" "Mozilla/5.0 (Macintosh; Intel Mac OS X 11_7_10) AppleWebKit/537.36 (KHTML, like Gecko) Chrome/133.0.0.0 Safari/537.36"
178.79.173.199 - - [11/May/2026:04:51:58 +0200] "POST /wp-login.php HTTP/2" 200 2207 "https://sethsawariyabizmart.com/wp-login.php" "Mozilla/5.0 (Macintosh; Intel Mac OS X 11_7_10) AppleWebKit/537.36 (KHTML, like Gecko) Chrome/133.0.0.0 Safari/537.36"
57.141.20.16 - - [11/May/2026:04:52:04 +0200] "GET /my-account/ HTTP/2" 200 190145 "-" "meta-externalagent/1.1 (+https://developers.facebook.com/docs/sharing/webmasters/crawler)"
76.64.212.254 - - [11/May/2026:04:52:04 +0200] "GET /wp-login.php HTTP/2" 200 2059 "-" "Mozilla/5.0 (Windows NT 10.0; Win64; x64) AppleWebKit/537.36 (KHTML, like Gecko) Chrome/133.0.0.0 Safari/537.36"
76.64.212.254 - - [11/May/2026:04:52:05 +0200] "POST /wp-login.php HTTP/2" 200 2193 "https://sethsawariyabizmart.com/wp-login.php" "Mozilla/5.0 (Windows NT 10.0; Win64; x64) AppleWebKit/537.36 (KHTML, like Gecko) Chrome/133.0.0.0 Safari/537.36"
216.73.216.150 - - [11/May/2026:04:52:15 +0200] "GET /such-entertainments-cover-large-risks-large-bet-fast-paced-gameplay-actions-and-you-may-brief-behavior/feed/ HTTP/2" 200 760 "-" "Mozilla/5.0 AppleWebKit/537.36 (KHTML, like Gecko; compatible; ClaudeBot/1.0; +claudebot@anthropic.com)"
216.73.216.150 - - [11/May/2026:04:52:21 +0200] "GET /no-deposit-incentives-are-pretty-uncommon-in-the-usa/feed/ HTTP/2" 200 718 "-" "Mozilla/5.0 AppleWebKit/537.36 (KHTML, like Gecko; compatible; ClaudeBot/1.0; +claudebot@anthropic.com)"
54.37.118.64 - - [11/May/2026:04:52:21 +0200] "GET /yes-there-are-no-deposit-totally-free-spins-incentives-available-however-they-are-unusual/feed/ HTTP/2" 200 751 "-" "Mozilla/5.0 (compatible; AhrefsBot/7.0; +http://ahrefs.com/robot/)"
14.240.224.102 - - [11/May/2026:04:52:22 +0200] "GET /wp-content/uploads/2025/12/bullets-wireless-z2-oneplus-original-imagpgskurnag86x-scaled-1-768x2119.jpeg HTTP/1.1" 200 73176 "-" "Mozilla/5.0 (Linux; Android 14) AppleWebKit/535.1 (KHTML, like Gecko) Chrome/24.0.892.0 Safari/535.1"
135.181.181.249 - - [11/May/2026:04:52:31 +0200] "POST /wp-cron.php?doing_wp_cron=1778467951.9631669521331787109375 HTTP/1.1" 200 474 "-" "WordPress/6.9.4; https://sethsawariyabizmart.com"
216.73.216.150 - - [11/May/2026:04:52:31 +0200] "GET /furnizeaza-ai-la-dispoziie-31-de-pacanele-care-au-jackpot/ HTTP/2" 200 40687 "-" "Mozilla/5.0 AppleWebKit/537.36 (KHTML, like Gecko; compatible; ClaudeBot/1.0; +claudebot@anthropic.com)"
216.73.216.150 - - [11/May/2026:04:52:42 +0200] "GET /getting-the-real-free-revolves-added-bonus-you-can-expect-to-cover-1-of-2-ways/ HTTP/2" 200 41172 "-" "Mozilla/5.0 AppleWebKit/537.36 (KHTML, like Gecko; compatible; ClaudeBot/1.0; +claudebot@anthropic.com)"
94.23.188.221 - - [11/May/2026:04:52:49 +0200] "GET /gokhuis-buiten-inschrijving-beste-platforms-wegens-authentiek-slot-winterberries-gedurende-acteren-te-2026/feed/ HTTP/2" 200 770 "-" "Mozilla/5.0 (compatible; AhrefsBot/7.0; +http://ahrefs.com/robot/)"
37.59.204.159 - - [11/May/2026:04:53:20 +0200] "GET /free-online-kanga-cash-slot-free-spins-harbors-gamble-gambling-enterprise-slot-machines-for-fun/feed/ HTTP/2" 200 773 "-" "Mozilla/5.0 (compatible; AhrefsBot/7.0; +http://ahrefs.com/robot/)"
135.181.181.249 - - [11/May/2026:04:53:26 +0200] "POST /wp-cron.php?doing_wp_cron=1778468006.8805849552154541015625 HTTP/1.1" 200 474 "-" "WordPress/6.9.4; https://sethsawariyabizmart.com"
216.73.216.150 - - [11/May/2026:04:53:26 +0200] "GET /jeu-dargent-quelque-peu-mise-a-jour-de-lapplication-vegas-plus-quels-vivent-les-chantiers-avec-recevoir/ HTTP/2" 200 42155 "-" "Mozilla/5.0 AppleWebKit/537.36 (KHTML, like Gecko; compatible; ClaudeBot/1.0; +claudebot@anthropic.com)"
135.181.181.249 - - [11/May/2026:04:53:43 +0200] "POST /wp-cron.php?doing_wp_cron=1778468023.2210729122161865234375 HTTP/1.1" 200 474 "-" "WordPress/6.9.4; https://sethsawariyabizmart.com"
57.141.20.1 - - [11/May/2026:04:53:42 +0200] "GET /product/rk-royal-kludge-rk-h81-wireless-bluetooth-wireless-laptop-size-gaming-keyboard-compatible/ HTTP/2" 200 224448 "-" "meta-externalagent/1.1 (+https://developers.facebook.com/docs/sharing/webmasters/crawler)"
216.73.216.150 - - [11/May/2026:04:53:46 +0200] "GET /titanic-tambur-in-loc-de-sloturi-procesul-de-tiptop-din-betano-romania/ HTTP/2" 200 41787 "-" "Mozilla/5.0 AppleWebKit/537.36 (KHTML, like Gecko; compatible; ClaudeBot/1.0; +claudebot@anthropic.com)"
37.59.204.152 - - [11/May/2026:04:53:52 +0200] "GET /scompiglio-online-privato-di-fitto-2026-tutte-le-sommita-offerte-gratuite/feed/ HTTP/2" 200 742 "-" "Mozilla/5.0 (compatible; AhrefsBot/7.0; +http://ahrefs.com/robot/)"
216.73.216.150 - - [11/May/2026:04:53:52 +0200] "GET /there-are-an-entire-listing-of-this-type-of-gambling-enterprise-from-our-100-free-spins-mobile-verification-blog-post/ HTTP/2" 200 41450 "-" "Mozilla/5.0 AppleWebKit/537.36 (KHTML, like Gecko; compatible; ClaudeBot/1.0; +claudebot@anthropic.com)"
216.73.216.150 - - [11/May/2026:04:53:59 +0200] "GET /?p=49477 HTTP/2" 301 326 "-" "Mozilla/5.0 AppleWebKit/537.36 (KHTML, like Gecko; compatible; ClaudeBot/1.0; +claudebot@anthropic.com)"
216.73.216.150 - - [11/May/2026:04:54:00 +0200] "GET /?p=48686 HTTP/2" 301 317 "-" "Mozilla/5.0 AppleWebKit/537.36 (KHTML, like Gecko; compatible; ClaudeBot/1.0; +claudebot@anthropic.com)"
216.73.216.150 - - [11/May/2026:04:54:00 +0200] "GET /the-world-of-free-port-machines-an-interesting-overview/ HTTP/2" 200 41980 "https://sethsawariyabizmart.com/?p=49477" "Mozilla/5.0 AppleWebKit/537.36 (KHTML, like Gecko; compatible; ClaudeBot/1.0; +claudebot@anthropic.com)"
216.73.216.150 - - [11/May/2026:04:54:00 +0200] "GET /we-constantly-highly-recommend-sweepstakes-local-casino-no-deposit-incentive-promos-that-have-reasonable-conditions-and-terms/ HTTP/2" 200 40894 "https://sethsawariyabizmart.com/?p=48686" "Mozilla/5.0 AppleWebKit/537.36 (KHTML, like Gecko; compatible; ClaudeBot/1.0; +claudebot@anthropic.com)"
94.23.188.193 - - [11/May/2026:04:54:14 +0200] "GET /sa-tez-obstawianie-stolowe-nawet-opcja-jest-niewielki-glownie-ruletka-poker-internetowy-black-jack-i-bedziesz-bakarat/feed/ HTTP/2" 200 776 "-" "Mozilla/5.0 (compatible; AhrefsBot/7.0; +http://ahrefs.com/robot/)"
216.73.216.150 - - [11/May/2026:04:54:15 +0200] "GET /?p=48698 HTTP/2" 301 323 "-" "Mozilla/5.0 AppleWebKit/537.36 (KHTML, like Gecko; compatible; ClaudeBot/1.0; +claudebot@anthropic.com)"
216.73.216.150 - - [11/May/2026:04:54:15 +0200] "GET /?p=48702 HTTP/2" 301 326 "-" "Mozilla/5.0 AppleWebKit/537.36 (KHTML, like Gecko; compatible; ClaudeBot/1.0; +claudebot@anthropic.com)"
216.73.216.150 - - [11/May/2026:04:54:16 +0200] "GET /?p=48710 HTTP/2" 301 327 "-" "Mozilla/5.0 AppleWebKit/537.36 (KHTML, like Gecko; compatible; ClaudeBot/1.0; +claudebot@anthropic.com)"
216.73.216.150 - - [11/May/2026:04:54:16 +0200] "GET /?p=48692 HTTP/2" 301 320 "-" "Mozilla/5.0 AppleWebKit/537.36 (KHTML, like Gecko; compatible; ClaudeBot/1.0; +claudebot@anthropic.com)"
216.73.216.150 - - [11/May/2026:04:54:15 +0200] "GET /pana-la-de-777-runde-gratuite-cel-mai-recent-%ef%bf%bd-comparat-big-time-gaming-reint-gratuit-din-cauza-cazino/ HTTP/2" 200 41879 "https://sethsawariyabizmart.com/?p=48698" "Mozilla/5.0 AppleWebKit/537.36 (KHTML, like Gecko; compatible; ClaudeBot/1.0; +claudebot@anthropic.com)"
216.73.216.150 - - [11/May/2026:04:54:15 +0200] "GET /vorbim-in-un-cazino-care-au-experiena-de-mai-mult-a-aptesprezecelea-muli-ani/ HTTP/2" 200 40690 "https://sethsawariyabizmart.com/?p=48702" "Mozilla/5.0 AppleWebKit/537.36 (KHTML, like Gecko; compatible; ClaudeBot/1.0; +claudebot@anthropic.com)"
216.73.216.150 - - [11/May/2026:04:54:16 +0200] "GET /cashback-din-cand-in-cand-%ef%bf%bd-numarul-atomic-8-plasa-din-cauza-siguranta-pentru-sesiunile-ar-putea-primi-grele/ HTTP/2" 200 40575 "https://sethsawariyabizmart.com/?p=48710" "Mozilla/5.0 AppleWebKit/537.36 (KHTML, like Gecko; compatible; ClaudeBot/1.0; +claudebot@anthropic.com)"
216.73.216.150 - - [11/May/2026:04:54:16 +0200] "GET /starburst-slot-fur-nusse-abschmecken-ferner-diamond-mine-deluxe-online-slot-freispiele-schutzen/ HTTP/2" 200 42738 "https://sethsawariyabizmart.com/?p=48692" "Mozilla/5.0 AppleWebKit/537.36 (KHTML, like Gecko; compatible; ClaudeBot/1.0; +claudebot@anthropic.com)"
92.116.75.227 - - [11/May/2026:04:54:17 +0200] "GET / HTTP/1.1" 200 282175 "-" "Mozilla/5.0 (Windows NT 10.0; WOW64; Trident/7.0; rv:11.0) like Gecko"
168.158.233.220 - - [11/May/2026:04:54:27 +0200] "GET / HTTP/2" 200 51223 "-" "Mozilla/5.0 (iPhone; CPU iPhone OS 26_3 like Mac OS X) AppleWebKit/605.1.15 (KHTML, like Gecko) CriOS/144.0.7559.95 Mobile/15E148 Safari/604.1"
168.158.233.220 - - [11/May/2026:04:54:29 +0200] "GET /wp-content/plugins/woocommerce/assets/client/blocks/wc-blocks.css?ver=wc-10.3.7 HTTP/2" 200 2391 "https://sethsawariyabizmart.com/" "Mozilla/5.0 (iPhone; CPU iPhone OS 26_3 like Mac OS X) AppleWebKit/605.1.15 (KHTML, like Gecko) CriOS/144.0.7559.95 Mobile/15E148 Safari/604.1"
168.158.233.220 - - [11/May/2026:04:54:29 +0200] "GET /wp-content/plugins/woocommerce/assets/client/blocks/customer-account.css?ver=wc-10.3.7 HTTP/2" 200 248 "https://sethsawariyabizmart.com/" "Mozilla/5.0 (iPhone; CPU iPhone OS 26_3 like Mac OS X) AppleWebKit/605.1.15 (KHTML, like Gecko) CriOS/144.0.7559.95 Mobile/15E148 Safari/604.1"
168.158.233.220 - - [11/May/2026:04:54:29 +0200] "GET /wp-content/plugins/woocommerce/assets/client/blocks/product-categories.css?ver=wc-10.3.7 HTTP/2" 200 484 "https://sethsawariyabizmart.com/" "Mozilla/5.0 (iPhone; CPU iPhone OS 26_3 like Mac OS X) AppleWebKit/605.1.15 (KHTML, like Gecko) CriOS/144.0.7559.95 Mobile/15E148 Safari/604.1"
168.158.233.220 - - [11/May/2026:04:54:29 +0200] "GET /wp-content/plugins/woocommerce/assets/client/blocks/mini-cart-contents.css?ver=wc-10.3.7 HTTP/2" 200 4360 "https://sethsawariyabizmart.com/" "Mozilla/5.0 (iPhone; CPU iPhone OS 26_3 like Mac OS X) AppleWebKit/605.1.15 (KHTML, like Gecko) CriOS/144.0.7559.95 Mobile/15E148 Safari/604.1"
168.158.233.220 - - [11/May/2026:04:54:29 +0200] "GET /wp-content/plugins/woocommerce/assets/client/blocks/packages-style.css?ver=wc-10.3.7 HTTP/2" 200 5636 "https://sethsawariyabizmart.com/" "Mozilla/5.0 (iPhone; CPU iPhone OS 26_3 like Mac OS X) AppleWebKit/605.1.15 (KHTML, like Gecko) CriOS/144.0.7559.95 Mobile/15E148 Safari/604.1"
168.158.233.220 - - [11/May/2026:04:54:29 +0200] "GET /wp-content/plugins/woocommerce/assets/client/blocks/mini-cart.css?ver=wc-10.3.7 HTTP/2" 200 2072 "https://sethsawariyabizmart.com/" "Mozilla/5.0 (iPhone; CPU iPhone OS 26_3 like Mac OS X) AppleWebKit/605.1.15 (KHTML, like Gecko) CriOS/144.0.7559.95 Mobile/15E148 Safari/604.1"
168.158.233.220 - - [11/May/2026:04:54:29 +0200] "GET /wp-includes/blocks/navigation/style.min.css?ver=6.9.4 HTTP/2" 200 2085 "https://sethsawariyabizmart.com/" "Mozilla/5.0 (iPhone; CPU iPhone OS 26_3 like Mac OS X) AppleWebKit/605.1.15 (KHTML, like Gecko) CriOS/144.0.7559.95 Mobile/15E148 Safari/604.1"
168.158.233.220 - - [11/May/2026:04:54:29 +0200] "GET /wp-includes/blocks/cover/style.min.css?ver=6.9.4 HTTP/2" 200 1492 "https://sethsawariyabizmart.com/" "Mozilla/5.0 (iPhone; CPU iPhone OS 26_3 like Mac OS X) AppleWebKit/605.1.15 (KHTML, like Gecko) CriOS/144.0.7559.95 Mobile/15E148 Safari/604.1"
168.158.233.220 - - [11/May/2026:04:54:29 +0200] "GET /wp-content/plugins/contact-form-7/includes/css/styles.css?ver=6.1.4 HTTP/2" 200 899 "https://sethsawariyabizmart.com/" "Mozilla/5.0 (iPhone; CPU iPhone OS 26_3 like Mac OS X) AppleWebKit/605.1.15 (KHTML, like Gecko) CriOS/144.0.7559.95 Mobile/15E148 Safari/604.1"
168.158.233.220 - - [11/May/2026:04:54:29 +0200] "GET /wp-content/plugins/woocommerce/assets/css/woocommerce-layout.css?ver=10.3.7 HTTP/2" 200 3160 "https://sethsawariyabizmart.com/" "Mozilla/5.0 (iPhone; CPU iPhone OS 26_3 like Mac OS X) AppleWebKit/605.1.15 (KHTML, like Gecko) CriOS/144.0.7559.95 Mobile/15E148 Safari/604.1"
168.158.233.220 - - [11/May/2026:04:54:29 +0200] "GET /wp-content/plugins/woocommerce/assets/css/woocommerce.css?ver=10.3.7 HTTP/2" 200 10314 "https://sethsawariyabizmart.com/" "Mozilla/5.0 (iPhone; CPU iPhone OS 26_3 like Mac OS X) AppleWebKit/605.1.15 (KHTML, like Gecko) CriOS/144.0.7559.95 Mobile/15E148 Safari/604.1"
168.158.233.220 - - [11/May/2026:04:54:29 +0200] "GET /wp-content/plugins/woocommerce/assets/css/brands.css?ver=10.3.7 HTTP/2" 200 579 "https://sethsawariyabizmart.com/" "Mozilla/5.0 (iPhone; CPU iPhone OS 26_3 like Mac OS X) AppleWebKit/605.1.15 (KHTML, like Gecko) CriOS/144.0.7559.95 Mobile/15E148 Safari/604.1"
168.158.233.220 - - [11/May/2026:04:54:29 +0200] "GET /wp-includes/js/jquery/jquery-migrate.min.js?ver=3.4.1 HTTP/2" 200 4678 "https://sethsawariyabizmart.com/" "Mozilla/5.0 (iPhone; CPU iPhone OS 26_3 like Mac OS X) AppleWebKit/605.1.15 (KHTML, like Gecko) CriOS/144.0.7559.95 Mobile/15E148 Safari/604.1"
168.158.233.220 - - [11/May/2026:04:54:29 +0200] "GET /wp-content/plugins/woocommerce/assets/css/woocommerce-blocktheme.css?ver=10.3.7 HTTP/2" 200 1965 "https://sethsawariyabizmart.com/" "Mozilla/5.0 (iPhone; CPU iPhone OS 26_3 like Mac OS X) AppleWebKit/605.1.15 (KHTML, like Gecko) CriOS/144.0.7559.95 Mobile/15E148 Safari/604.1"
168.158.233.220 - - [11/May/2026:04:54:29 +0200] "GET /wp-content/themes/home-theatre/style.css?ver=2.0 HTTP/2" 200 4205 "https://sethsawariyabizmart.com/" "Mozilla/5.0 (iPhone; CPU iPhone OS 26_3 like Mac OS X) AppleWebKit/605.1.15 (KHTML, like Gecko) CriOS/144.0.7559.95 Mobile/15E148 Safari/604.1"
168.158.233.220 - - [11/May/2026:04:54:29 +0200] "GET /wp-content/plugins/woocommerce/assets/css/woocommerce-smallscreen.css?ver=10.3.7 HTTP/2" 200 1165 "https://sethsawariyabizmart.com/" "Mozilla/5.0 (iPhone; CPU iPhone OS 26_3 like Mac OS X) AppleWebKit/605.1.15 (KHTML, like Gecko) CriOS/144.0.7559.95 Mobile/15E148 Safari/604.1"
168.158.233.220 - - [11/May/2026:04:54:29 +0200] "GET /wp-includes/js/jquery/jquery.min.js?ver=3.7.1 HTTP/2" 200 29744 "https://sethsawariyabizmart.com/" "Mozilla/5.0 (iPhone; CPU iPhone OS 26_3 like Mac OS X) AppleWebKit/605.1.15 (KHTML, like Gecko) CriOS/144.0.7559.95 Mobile/15E148 Safari/604.1"
168.158.233.220 - - [11/May/2026:04:54:29 +0200] "GET /wp-content/themes/home-theatre/assets/images/truck.png HTTP/2" 200 386 "https://sethsawariyabizmart.com/" "Mozilla/5.0 (iPhone; CPU iPhone OS 26_3 like Mac OS X) AppleWebKit/605.1.15 (KHTML, like Gecko) CriOS/144.0.7559.95 Mobile/15E148 Safari/604.1"
168.158.233.220 - - [11/May/2026:04:54:29 +0200] "GET /wp-content/themes/home-theatre/assets/images/heart.png HTTP/2" 200 398 "https://sethsawariyabizmart.com/" "Mozilla/5.0 (iPhone; CPU iPhone OS 26_3 like Mac OS X) AppleWebKit/605.1.15 (KHTML, like Gecko) CriOS/144.0.7559.95 Mobile/15E148 Safari/604.1"
168.158.233.220 - - [11/May/2026:04:54:29 +0200] "GET /wp-content/uploads/2025/12/davide-boscolo-gz9njd0zYbQ-unsplash-1536x990.jpg HTTP/2" 200 143366 "https://sethsawariyabizmart.com/" "Mozilla/5.0 (iPhone; CPU iPhone OS 26_3 like Mac OS X) AppleWebKit/605.1.15 (KHTML, like Gecko) CriOS/144.0.7559.95 Mobile/15E148 Safari/604.1"
135.181.181.249 - - [11/May/2026:04:54:29 +0200] "POST /wp-cron.php?doing_wp_cron=1778468069.6283190250396728515625 HTTP/1.1" 200 474 "-" "WordPress/6.9.4; https://sethsawariyabizmart.com"
