72.153.230.168 - - [11/May/2026:03:42:56 +0200] "GET /wp-content/uploads/2025/12/original-imahf9cfyvxyexat-2048x2048.jpeg HTTP/2" 200 409075 "https://sethsawariyabizmart.com/" "Mozilla/5.0 (Windows NT 10.0; Win64; x64) AppleWebKit/537.36 (KHTML, like Gecko) Chrome/142.0.7444.175 Safari/537.36"
72.153.230.168 - - [11/May/2026:03:42:57 +0200] "GET /wp-content/plugins/woocommerce/assets/client/admin/sanitize/index.js?ver=555561bffd642731f079 HTTP/2" 200 8513 "https://sethsawariyabizmart.com/" "Mozilla/5.0 (Windows NT 10.0; Win64; x64) AppleWebKit/537.36 (KHTML, like Gecko) Chrome/142.0.7444.175 Safari/537.36"
72.153.230.168 - - [11/May/2026:03:42:57 +0200] "GET /wp-content/plugins/woocommerce/assets/client/blocks/blocks-components.js?ver=8b64025baef8d338aa5e HTTP/2" 200 1151 "https://sethsawariyabizmart.com/" "Mozilla/5.0 (Windows NT 10.0; Win64; x64) AppleWebKit/537.36 (KHTML, like Gecko) Chrome/142.0.7444.175 Safari/537.36"
72.153.230.168 - - [11/May/2026:03:42:57 +0200] "GET /wp-includes/js/dist/a11y.min.js?ver=cb460b4676c94bd228ed HTTP/2" 200 794 "https://sethsawariyabizmart.com/" "Mozilla/5.0 (Windows NT 10.0; Win64; x64) AppleWebKit/537.36 (KHTML, like Gecko) Chrome/142.0.7444.175 Safari/537.36"
72.153.230.168 - - [11/May/2026:03:42:57 +0200] "GET /wp-includes/js/dist/autop.min.js?ver=9fb50649848277dd318d HTTP/2" 200 2009 "https://sethsawariyabizmart.com/" "Mozilla/5.0 (Windows NT 10.0; Win64; x64) AppleWebKit/537.36 (KHTML, like Gecko) Chrome/142.0.7444.175 Safari/537.36"
72.153.230.168 - - [11/May/2026:03:42:57 +0200] "GET /wp-includes/js/dist/style-engine.min.js?ver=7c6fcedc37dadafb8a81 HTTP/2" 200 1950 "https://sethsawariyabizmart.com/" "Mozilla/5.0 (Windows NT 10.0; Win64; x64) AppleWebKit/537.36 (KHTML, like Gecko) Chrome/142.0.7444.175 Safari/537.36"
72.153.230.168 - - [11/May/2026:03:42:57 +0200] "GET /wp-includes/js/dist/warning.min.js?ver=d69bc18c456d01c11d5a HTTP/2" 200 202 "https://sethsawariyabizmart.com/" "Mozilla/5.0 (Windows NT 10.0; Win64; x64) AppleWebKit/537.36 (KHTML, like Gecko) Chrome/142.0.7444.175 Safari/537.36"
72.153.230.168 - - [11/May/2026:03:42:57 +0200] "GET /wp-includes/js/dist/primitives.min.js?ver=0b5dcc337aa7cbf75570 HTTP/2" 200 767 "https://sethsawariyabizmart.com/" "Mozilla/5.0 (Windows NT 10.0; Win64; x64) AppleWebKit/537.36 (KHTML, like Gecko) Chrome/142.0.7444.175 Safari/537.36"
72.153.230.168 - - [11/May/2026:03:42:57 +0200] "GET /wp-includes/js/dist/dom-ready.min.js?ver=f77871ff7694fffea381 HTTP/2" 200 275 "https://sethsawariyabizmart.com/" "Mozilla/5.0 (Windows NT 10.0; Win64; x64) AppleWebKit/537.36 (KHTML, like Gecko) Chrome/142.0.7444.175 Safari/537.36"
72.153.230.168 - - [11/May/2026:03:42:57 +0200] "GET /wp-content/plugins/woocommerce/assets/client/blocks/wc-payment-method-cod.js?ver=39faacefe05cd21b9f0e HTTP/2" 200 489 "https://sethsawariyabizmart.com/" "Mozilla/5.0 (Windows NT 10.0; Win64; x64) AppleWebKit/537.36 (KHTML, like Gecko) Chrome/142.0.7444.175 Safari/537.36"
72.153.230.168 - - [11/May/2026:03:42:57 +0200] "GET /wp-content/plugins/woocommerce/assets/client/blocks/mini-cart-contents-block/shopping-button-frontend.js?ver=wc-10.3.7 HTTP/2" 200 504 "https://sethsawariyabizmart.com/" "Mozilla/5.0 (Windows NT 10.0; Win64; x64) AppleWebKit/537.36 (KHTML, like Gecko) Chrome/142.0.7444.175 Safari/537.36"
72.153.230.168 - - [11/May/2026:03:42:57 +0200] "GET /wp-content/plugins/woocommerce/assets/client/blocks/blocks-checkout.js?ver=fd501851f2904ac6131a HTTP/2" 200 1206 "https://sethsawariyabizmart.com/" "Mozilla/5.0 (Windows NT 10.0; Win64; x64) AppleWebKit/537.36 (KHTML, like Gecko) Chrome/142.0.7444.175 Safari/537.36"
72.153.230.168 - - [11/May/2026:03:42:57 +0200] "GET /wp-includes/js/dist/wordcount.min.js?ver=c5b97f11206928ea9130 HTTP/2" 200 1204 "https://sethsawariyabizmart.com/" "Mozilla/5.0 (Windows NT 10.0; Win64; x64) AppleWebKit/537.36 (KHTML, like Gecko) Chrome/142.0.7444.175 Safari/537.36"
72.153.230.168 - - [11/May/2026:03:42:57 +0200] "GET /wp-content/plugins/woocommerce/assets/client/blocks/mini-cart-contents-block/empty-cart-frontend.js?ver=wc-10.3.7 HTTP/2" 200 328 "https://sethsawariyabizmart.com/" "Mozilla/5.0 (Windows NT 10.0; Win64; x64) AppleWebKit/537.36 (KHTML, like Gecko) Chrome/142.0.7444.175 Safari/537.36"
72.153.230.168 - - [11/May/2026:03:42:57 +0200] "GET /wp-content/plugins/woocommerce/assets/client/blocks/mini-cart-contents-block/filled-cart-frontend.js?ver=wc-10.3.7 HTTP/2" 200 266 "https://sethsawariyabizmart.com/" "Mozilla/5.0 (Windows NT 10.0; Win64; x64) AppleWebKit/537.36 (KHTML, like Gecko) Chrome/142.0.7444.175 Safari/537.36"
72.153.230.168 - - [11/May/2026:03:42:57 +0200] "GET /wp-content/plugins/woocommerce/assets/client/blocks/mini-cart-component-frontend.js?ver=2b8c9f76f07b4d13473b HTTP/2" 200 5890 "https://sethsawariyabizmart.com/" "Mozilla/5.0 (Windows NT 10.0; Win64; x64) AppleWebKit/537.36 (KHTML, like Gecko) Chrome/142.0.7444.175 Safari/537.36"
72.153.230.168 - - [11/May/2026:03:42:57 +0200] "GET /favicon.ico HTTP/2" 404 26 "https://sethsawariyabizmart.com/" "Mozilla/5.0 (Windows NT 10.0; Win64; x64) AppleWebKit/537.36 (KHTML, like Gecko) Chrome/142.0.7444.175 Safari/537.36"
57.141.20.37 - - [11/May/2026:03:43:02 +0200] "GET /kyf-twthr-mkfat-1xbet-lskhy-l-qrr-llbyn-2/ HTTP/2" 200 187837 "-" "meta-externalagent/1.1 (+https://developers.facebook.com/docs/sharing/webmasters/crawler)"
92.222.104.207 - - [11/May/2026:03:43:05 +0200] "GET /bylo-filip-powitalny-do-nowych-uzytkownikow-w-tym-kampanie-i-bedziesz-turnieje-w-stalych-grupy-ludzi-naszej-platformy/feed/ HTTP/2" 200 786 "-" "Mozilla/5.0 (compatible; AhrefsBot/7.0; +http://ahrefs.com/robot/)"
57.141.20.39 - - [11/May/2026:03:43:20 +0200] "GET /product/epson-eb-e01-3300-im-wireless-remote-controller-portable-xga-3lcd-projector-white/ HTTP/2" 200 225048 "-" "meta-externalagent/1.1 (+https://developers.facebook.com/docs/sharing/webmasters/crawler)"
159.89.51.197 - - [11/May/2026:03:43:26 +0200] "GET /wp-content/uploads/2025/12/original-imaha6494rtneqwm-100x100.jpeg HTTP/1.1" 200 3470 "https://sethsawariyabizmart.com/" "Mozilla/5.0 (Windows NT 10.0; Win64; x64) AppleWebKit/537.36 (KHTML, like Gecko) Chrome/133.0.0.0 Safari/537.36"
165.22.51.234 - - [11/May/2026:03:43:26 +0200] "GET /wp-content/uploads/2025/12/zeb-phero-with-dpi-switch-high-precision-plug-play-4-buttons-original-imahbk9fw8yps5hz-100x100.jpeg HTTP/1.1" 200 2984 "https://sethsawariyabizmart.com/" "Mozilla/5.0 (Windows NT 10.0; Win64; x64) AppleWebKit/537.36 (KHTML, like Gecko) Chrome/131.0.0.0 Safari/537.36"
135.181.181.249 - - [11/May/2026:03:43:29 +0200] "POST /wp-cron.php?doing_wp_cron=1778463809.3264019489288330078125 HTTP/1.1" 200 474 "-" "WordPress/6.9.4; https://sethsawariyabizmart.com"
62.232.51.140 - - [11/May/2026:03:43:28 +0200] "GET /wp-login.php HTTP/2" 200 2060 "-" "Mozilla/5.0 (Macintosh; Intel Mac OS X 11_7_10) AppleWebKit/537.36 (KHTML, like Gecko) Chrome/133.0.0.0 Safari/537.36"
62.232.51.140 - - [11/May/2026:03:43:29 +0200] "POST /wp-login.php HTTP/2" 200 2196 "https://sethsawariyabizmart.com/wp-login.php" "Mozilla/5.0 (Macintosh; Intel Mac OS X 11_7_10) AppleWebKit/537.36 (KHTML, like Gecko) Chrome/133.0.0.0 Safari/537.36"
57.141.20.47 - - [11/May/2026:03:43:41 +0200] "GET /product/lenovo-tab-plus-8-gb-ram-128-gb-rom-11-5-inch-with-wi-fi-only-tablet-luna-grey/ HTTP/2" 200 225356 "-" "meta-externalagent/1.1 (+https://developers.facebook.com/docs/sharing/webmasters/crawler)"
51.68.247.204 - - [11/May/2026:03:43:43 +0200] "GET /finest-casinos-on-the-internet-in-the-united-kingdom-2026-top-recommendations/feed/ HTTP/2" 200 744 "-" "Mozilla/5.0 (compatible; AhrefsBot/7.0; +http://ahrefs.com/robot/)"
57.141.20.8 - - [11/May/2026:03:43:46 +0200] "GET /migliori-casino-non-aams-con-supporto-multi-lingua-guida-alla-scelta-2/ HTTP/2" 200 187217 "-" "meta-externalagent/1.1 (+https://developers.facebook.com/docs/sharing/webmasters/crawler)"
92.222.104.209 - - [11/May/2026:03:44:22 +0200] "GET /online-spielbank-typen-festgelegt-welches-passt-vorzugsweise-zu-dir/feed/ HTTP/2" 200 751 "-" "Mozilla/5.0 (compatible; AhrefsBot/7.0; +http://ahrefs.com/robot/)"
135.181.181.249 - - [11/May/2026:03:44:31 +0200] "POST /wp-cron.php?doing_wp_cron=1778463871.3057270050048828125000 HTTP/1.1" 200 474 "-" "WordPress/6.9.4; https://sethsawariyabizmart.com"
146.70.212.70 - - [11/May/2026:03:44:30 +0200] "GET / HTTP/1.1" 200 51957 "-" "Mozilla/5.0 (Windows NT 10.0; Win64; x64) AppleWebKit/537.36 (KHTML, like Gecko) Chrome/139.0.0.0 Safari/537.36"
176.31.139.19 - - [11/May/2026:03:44:54 +0200] "GET /warto-tez-odswiezac-strone-nastepowaniu-bledzie-zobaczyc-jesli-kroki-nie-zostaly-nabyte-nawet-po-komunikatu/feed/ HTTP/2" 200 768 "-" "Mozilla/5.0 (compatible; AhrefsBot/7.0; +http://ahrefs.com/robot/)"
57.141.20.4 - - [11/May/2026:03:45:03 +0200] "GET /best-online-casinos-for-roulette-lovers-a-comprehensive-guide-2/ HTTP/2" 200 188387 "-" "meta-externalagent/1.1 (+https://developers.facebook.com/docs/sharing/webmasters/crawler)"
37.59.204.157 - - [11/May/2026:03:45:27 +0200] "GET /gdzie-nalezy-wpisac-kod-promocyjny-do-twojego-witrynie-verde-casino/feed/ HTTP/2" 200 750 "-" "Mozilla/5.0 (compatible; AhrefsBot/7.0; +http://ahrefs.com/robot/)"
135.181.181.249 - - [11/May/2026:03:45:27 +0200] "POST /wp-cron.php?doing_wp_cron=1778463927.7015271186828613281250 HTTP/1.1" 200 474 "-" "WordPress/6.9.4; https://sethsawariyabizmart.com"
216.73.216.150 - - [11/May/2026:03:45:45 +0200] "GET /robots.txt HTTP/2" 200 456 "-" "Mozilla/5.0 AppleWebKit/537.36 (KHTML, like Gecko; compatible; ClaudeBot/1.0; +claudebot@anthropic.com)"
216.73.216.150 - - [11/May/2026:03:45:46 +0200] "GET /?p=48748 HTTP/2" 301 322 "-" "Mozilla/5.0 AppleWebKit/537.36 (KHTML, like Gecko; compatible; ClaudeBot/1.0; +claudebot@anthropic.com)"
216.73.216.150 - - [11/May/2026:03:45:46 +0200] "GET /category/uncategorized/page/39/ HTTP/2" 200 43577 "-" "Mozilla/5.0 AppleWebKit/537.36 (KHTML, like Gecko; compatible; ClaudeBot/1.0; +claudebot@anthropic.com)"
216.73.216.150 - - [11/May/2026:03:45:47 +0200] "GET /rotiri-gratuite-fixti-din-cauza-tambur-gratuite-terminator-instant-la-inregistrare-multe/ HTTP/2" 200 41702 "https://sethsawariyabizmart.com/?p=48748" "Mozilla/5.0 AppleWebKit/537.36 (KHTML, like Gecko; compatible; ClaudeBot/1.0; +claudebot@anthropic.com)"
167.71.226.156 - - [11/May/2026:03:45:49 +0200] "GET /wp-login.php HTTP/2" 200 2058 "-" "Mozilla/5.0 (Macintosh; Intel Mac OS X 11_7_10) AppleWebKit/537.36 (KHTML, like Gecko) Chrome/133.0.0.0 Safari/537.36"
167.71.226.156 - - [11/May/2026:03:45:50 +0200] "POST /wp-login.php HTTP/2" 200 2210 "https://sethsawariyabizmart.com/wp-login.php" "Mozilla/5.0 (Macintosh; Intel Mac OS X 11_7_10) AppleWebKit/537.36 (KHTML, like Gecko) Chrome/133.0.0.0 Safari/537.36"
216.73.216.150 - - [11/May/2026:03:45:52 +0200] "GET /?p=48746 HTTP/2" 301 316 "-" "Mozilla/5.0 AppleWebKit/537.36 (KHTML, like Gecko; compatible; ClaudeBot/1.0; +claudebot@anthropic.com)"
216.73.216.150 - - [11/May/2026:03:45:52 +0200] "GET /?p=48740 HTTP/2" 301 327 "-" "Mozilla/5.0 AppleWebKit/537.36 (KHTML, like Gecko; compatible; ClaudeBot/1.0; +claudebot@anthropic.com)"
216.73.216.150 - - [11/May/2026:03:45:52 +0200] "GET /the-brand-new-obtain-process-is-fast-and-you-will-accessible-regarding-application-or-play-areas/ HTTP/2" 200 40928 "https://sethsawariyabizmart.com/?p=48746" "Mozilla/5.0 AppleWebKit/537.36 (KHTML, like Gecko; compatible; ClaudeBot/1.0; +claudebot@anthropic.com)"
216.73.216.150 - - [11/May/2026:03:45:52 +0200] "GET /simply-ten-15-of-players-who-allege-a-fill-out-an-application-prize-be-able-to-arrived-at-a-real-withdrawal/ HTTP/2" 200 41269 "https://sethsawariyabizmart.com/?p=48740" "Mozilla/5.0 AppleWebKit/537.36 (KHTML, like Gecko; compatible; ClaudeBot/1.0; +claudebot@anthropic.com)"
216.73.216.150 - - [11/May/2026:03:46:01 +0200] "GET /?p=48738 HTTP/2" 301 320 "-" "Mozilla/5.0 AppleWebKit/537.36 (KHTML, like Gecko; compatible; ClaudeBot/1.0; +claudebot@anthropic.com)"
216.73.216.150 - - [11/May/2026:03:46:01 +0200] "GET /?p=49475 HTTP/2" 301 322 "-" "Mozilla/5.0 AppleWebKit/537.36 (KHTML, like Gecko; compatible; ClaudeBot/1.0; +claudebot@anthropic.com)"
216.73.216.150 - - [11/May/2026:03:46:02 +0200] "GET /full-100-free-spins-no-deposit-gambling-enterprises-offer-a-risk-totally-free-and-simple-treatment-for-sense-casinos-on-the-internet/ HTTP/2" 200 41377 "https://sethsawariyabizmart.com/?p=48738" "Mozilla/5.0 AppleWebKit/537.36 (KHTML, like Gecko; compatible; ClaudeBot/1.0; +claudebot@anthropic.com)"
216.73.216.150 - - [11/May/2026:03:46:02 +0200] "GET /analizzare-la-crescita-dei-siti-casino-non-aams-negli-ultimi-anni-3/ HTTP/2" 200 42505 "https://sethsawariyabizmart.com/?p=49475" "Mozilla/5.0 AppleWebKit/537.36 (KHTML, like Gecko; compatible; ClaudeBot/1.0; +claudebot@anthropic.com)"
37.59.204.142 - - [11/May/2026:03:46:04 +0200] "GET /top-casino-non-aams-sites-for-players-in-2024-6/feed/ HTTP/2" 200 726 "-" "Mozilla/5.0 (compatible; AhrefsBot/7.0; +http://ahrefs.com/robot/)"
216.73.216.150 - - [11/May/2026:03:46:04 +0200] "GET /category/uncategorized/page/38/ HTTP/2" 200 43654 "-" "Mozilla/5.0 AppleWebKit/537.36 (KHTML, like Gecko; compatible; ClaudeBot/1.0; +claudebot@anthropic.com)"
216.73.216.150 - - [11/May/2026:03:46:04 +0200] "GET /?p=48742 HTTP/2" 301 319 "-" "Mozilla/5.0 AppleWebKit/537.36 (KHTML, like Gecko; compatible; ClaudeBot/1.0; +claudebot@anthropic.com)"
185.153.197.91 - - [11/May/2026:03:46:06 +0200] "POST /xmlrpc.php HTTP/1.1" 403 374 "-" "Mozilla/5.0 (Windows NT 10.0; Win64; x64) AppleWebKit/537.36 (KHTML, like Gecko) Chrome/114.0.0.0 Safari/537.36"
185.153.197.91 - - [11/May/2026:03:46:06 +0200] "POST /xmlrpc.php HTTP/1.1" 403 374 "-" "Mozilla/5.0 (Windows NT 10.0; Win64; x64) AppleWebKit/537.36 (KHTML, like Gecko) Chrome/114.0.0.0 Safari/537.36"
216.73.216.150 - - [11/May/2026:03:46:05 +0200] "GET /procesul-sa-inregistrare-la-betano-romania-%ef%bf%bd-koi-princess-slot-nenumarate/ HTTP/2" 200 41768 "https://sethsawariyabizmart.com/?p=48742" "Mozilla/5.0 AppleWebKit/537.36 (KHTML, like Gecko; compatible; ClaudeBot/1.0; +claudebot@anthropic.com)"
38.51.235.235 - - [11/May/2026:03:46:05 +0200] "GET /understanding-the-testosterone-enanthate-250-course/ HTTP/1.1" 200 173767 "-" "GuzzleHttp/7"
135.181.181.249 - - [11/May/2026:03:46:35 +0200] "POST /wp-cron.php?doing_wp_cron=1778463995.4428279399871826171875 HTTP/1.1" 200 474 "-" "WordPress/6.9.4; https://sethsawariyabizmart.com"
92.222.104.205 - - [11/May/2026:03:46:34 +0200] "GET /ein-magius-spielcasino-kundenbetreuung-wird-auf-einmal-erhaltlich-und-gewahrleistet-sofortige-hilfestellung-inside-technischen-schwierigkeiten/feed/ HTTP/2" 200 796 "-" "Mozilla/5.0 (compatible; AhrefsBot/7.0; +http://ahrefs.com/robot/)"
216.73.216.150 - - [11/May/2026:03:46:36 +0200] "GET /an-internationally-recognised-and-safe-percentage-choice-for-small-and-reliable-deals/ HTTP/2" 200 40494 "-" "Mozilla/5.0 AppleWebKit/537.36 (KHTML, like Gecko; compatible; ClaudeBot/1.0; +claudebot@anthropic.com)"
216.73.216.150 - - [11/May/2026:03:46:36 +0200] "GET /the-new-slot-cannot-function-many-special-features-particularly-totally-free-spins-neither-extra-rounds/ HTTP/2" 200 40677 "-" "Mozilla/5.0 AppleWebKit/537.36 (KHTML, like Gecko; compatible; ClaudeBot/1.0; +claudebot@anthropic.com)"
216.244.66.196 - - [11/May/2026:03:46:41 +0200] "GET /best-free-genies-gems-casino-slot-spins-no-deposit-bonuses-win-a-real-income/ HTTP/1.1" 200 180082 "-" "Mozilla/5.0 (compatible; DotBot/1.2; +https://opensiteexplorer.org/dotbot; help@moz.com)"
216.73.216.150 - - [11/May/2026:03:46:51 +0200] "GET /such-entertainments-cover-large-risks-large-bet-fast-paced-gameplay-actions-and-you-may-brief-behavior/ HTTP/2" 200 40940 "-" "Mozilla/5.0 AppleWebKit/537.36 (KHTML, like Gecko; compatible; ClaudeBot/1.0; +claudebot@anthropic.com)"
216.73.216.150 - - [11/May/2026:03:46:51 +0200] "GET /no-deposit-incentives-are-pretty-uncommon-in-the-usa/ HTTP/2" 200 41383 "-" "Mozilla/5.0 AppleWebKit/537.36 (KHTML, like Gecko; compatible; ClaudeBot/1.0; +claudebot@anthropic.com)"
216.244.66.196 - - [11/May/2026:03:46:56 +0200] "GET /the-caliber-of-the-fresh-new-online-game-as-well-as-the-full-framework-is-actually-out-of-the-globe/ HTTP/1.1" 200 178538 "-" "Mozilla/5.0 (compatible; DotBot/1.2; +https://opensiteexplorer.org/dotbot; help@moz.com)"
37.59.204.143 - - [11/May/2026:03:47:08 +0200] "GET /sfortunatamente-nel-dei-casi-potrai-puntare-attuale-premio-solo-sulle-migliori-slot-machine-online/feed/ HTTP/2" 200 766 "-" "Mozilla/5.0 (compatible; AhrefsBot/7.0; +http://ahrefs.com/robot/)"
135.181.181.249 - - [11/May/2026:03:47:28 +0200] "POST /wp-cron.php?doing_wp_cron=1778464048.6556088924407958984375 HTTP/1.1" 200 474 "-" "WordPress/6.9.4; https://sethsawariyabizmart.com"
216.73.216.150 - - [11/May/2026:03:47:27 +0200] "GET /the-world-of-free-port-machines-an-interesting-overview/ HTTP/2" 200 41976 "-" "Mozilla/5.0 AppleWebKit/537.36 (KHTML, like Gecko; compatible; ClaudeBot/1.0; +claudebot@anthropic.com)"
216.73.216.150 - - [11/May/2026:03:47:27 +0200] "GET /the-brand-new-obtain-process-is-fast-and-you-will-accessible-regarding-application-or-play-areas/feed/ HTTP/2" 200 765 "-" "Mozilla/5.0 AppleWebKit/537.36 (KHTML, like Gecko; compatible; ClaudeBot/1.0; +claudebot@anthropic.com)"
216.73.216.150 - - [11/May/2026:03:47:38 +0200] "GET /vorbim-in-un-cazino-care-au-experiena-de-mai-mult-a-aptesprezecelea-muli-ani/ HTTP/2" 200 40772 "-" "Mozilla/5.0 AppleWebKit/537.36 (KHTML, like Gecko; compatible; ClaudeBot/1.0; +claudebot@anthropic.com)"
216.73.216.150 - - [11/May/2026:03:47:38 +0200] "GET /pariorii-ei-pot-selecta-preia-in-conformitate-cu-varianei-a-comuta-posibilitaile-de/ HTTP/2" 200 40791 "-" "Mozilla/5.0 AppleWebKit/537.36 (KHTML, like Gecko; compatible; ClaudeBot/1.0; +claudebot@anthropic.com)"
193.128.114.40 - - [11/May/2026:03:47:39 +0200] "GET / HTTP/1.1" 200 282145 "-" "Mozilla/5.0 (Macintosh; U; Intel Mac OS X 10.6; en-US; rv:1.9.1.3) Gecko/20090824 Firefox/3.5.3"
92.222.108.96 - - [11/May/2026:03:47:41 +0200] "GET /ideal-mobile-casino-sites-an-overview-to-the-ultimate-pc-gaming-experience-on-your-phone/ HTTP/2" 200 42265 "-" "Mozilla/5.0 (compatible; AhrefsBot/7.0; +http://ahrefs.com/robot/)"
143.20.81.210 - - [11/May/2026:03:47:47 +0200] "GET /wp-content/uploads/2025/12/original-imahf5m7zkvyzanz.jpeg HTTP/1.1" 200 344782 "https://sethsawariyabizmart.com/" "Mozilla/5.0 (Windows NT 10.0; Win64; x64) AppleWebKit/537.36 (KHTML, like Gecko) Chrome/107.0.0.0 Safari/537.36"
216.73.216.150 - - [11/May/2026:03:47:48 +0200] "GET /pentru-a-fi-capabil-rotiri-gratuite-insa-depunere-fillip-the-dark-knight-rises/ HTTP/2" 200 41016 "-" "Mozilla/5.0 AppleWebKit/537.36 (KHTML, like Gecko; compatible; ClaudeBot/1.0; +claudebot@anthropic.com)"
216.73.216.150 - - [11/May/2026:03:47:48 +0200] "GET /100-to-al-doilea-000-lei-bonus-adaugat-pe-prima-depunere/ HTTP/2" 200 41298 "-" "Mozilla/5.0 AppleWebKit/537.36 (KHTML, like Gecko; compatible; ClaudeBot/1.0; +claudebot@anthropic.com)"
14.177.226.11 - - [11/May/2026:03:48:02 +0200] "GET /wp-content/uploads/2025/12/original-imahf5m7zkvyzanz.jpeg HTTP/1.1" 200 344782 "https://sethsawariyabizmart.com/" "Mozilla/5.0 (Windows NT 10.0; Win64; x64) AppleWebKit/537.36 (KHTML, like Gecko) Chrome/107.0.0.0 Safari/537.36"
216.73.216.150 - - [11/May/2026:03:48:16 +0200] "GET /free-instantaneous-earn-game-assist-users-appreciate-short-effects-and-simple-auto-mechanics-as-a-consequence-of-on-the-internet-demo-enjoy/ HTTP/2" 200 40922 "-" "Mozilla/5.0 AppleWebKit/537.36 (KHTML, like Gecko; compatible; ClaudeBot/1.0; +claudebot@anthropic.com)"
92.222.108.116 - - [11/May/2026:03:48:18 +0200] "GET /top-10-svenska-casinon-for-an-unforgettable-gaming-experience/feed/ HTTP/2" 200 719 "-" "Mozilla/5.0 (compatible; AhrefsBot/7.0; +http://ahrefs.com/robot/)"
216.73.216.150 - - [11/May/2026:03:48:21 +0200] "GET /we-constantly-highly-recommend-sweepstakes-local-casino-no-deposit-incentive-promos-that-have-reasonable-conditions-and-terms/ HTTP/2" 200 40886 "-" "Mozilla/5.0 AppleWebKit/537.36 (KHTML, like Gecko; compatible; ClaudeBot/1.0; +claudebot@anthropic.com)"
135.181.181.249 - - [11/May/2026:03:48:25 +0200] "POST /wp-cron.php?doing_wp_cron=1778464105.3513538837432861328125 HTTP/1.1" 200 474 "-" "WordPress/6.9.4; https://sethsawariyabizmart.com"
216.73.216.150 - - [11/May/2026:03:48:24 +0200] "GET /rotiri-gratuite-fixti-din-cauza-tambur-gratuite-terminator-instant-la-inregistrare-multe/feed/ HTTP/2" 200 751 "-" "Mozilla/5.0 AppleWebKit/537.36 (KHTML, like Gecko; compatible; ClaudeBot/1.0; +claudebot@anthropic.com)"
62.232.51.140 - - [11/May/2026:03:48:32 +0200] "GET /wp-login.php HTTP/2" 200 2059 "-" "Mozilla/5.0 (X11; CrOS x86_64 14541.0.0) AppleWebKit/537.36 (KHTML, like Gecko) Chrome/133.0.0.0 Safari/537.36"
62.232.51.140 - - [11/May/2026:03:48:33 +0200] "POST /wp-login.php HTTP/2" 200 2208 "https://sethsawariyabizmart.com/wp-login.php" "Mozilla/5.0 (X11; CrOS x86_64 14541.0.0) AppleWebKit/537.36 (KHTML, like Gecko) Chrome/133.0.0.0 Safari/537.36"
176.31.139.15 - - [11/May/2026:03:48:54 +0200] "GET /freispiele-beste-power-stars-installieren-slots-um-online-casino-zu-spielen-exklusive-einzahlung-2026-gebuhrenfrei-freispiele/feed/ HTTP/2" 200 790 "-" "Mozilla/5.0 (compatible; AhrefsBot/7.0; +http://ahrefs.com/robot/)"
57.141.20.28 - - [11/May/2026:03:48:57 +0200] "GET /poshagovaia-instruktsiia-1khbet-ofitsialnyi-sait-kak-sdelat-stavku-14/ HTTP/2" 200 188054 "-" "meta-externalagent/1.1 (+https://developers.facebook.com/docs/sharing/webmasters/crawler)"
216.73.216.150 - - [11/May/2026:03:49:01 +0200] "GET /pana-la-de-777-runde-gratuite-cel-mai-recent-%ef%bf%bd-comparat-big-time-gaming-reint-gratuit-din-cauza-cazino/ HTTP/2" 200 41891 "-" "Mozilla/5.0 AppleWebKit/537.36 (KHTML, like Gecko; compatible; ClaudeBot/1.0; +claudebot@anthropic.com)"
216.73.216.150 - - [11/May/2026:03:49:15 +0200] "GET /one-to-definitely-relies-on-for-every-player-however-we-and-you-can-many-most-other-participants-imagine-theyve-been-worth-it/ HTTP/2" 200 41092 "-" "Mozilla/5.0 AppleWebKit/537.36 (KHTML, like Gecko; compatible; ClaudeBot/1.0; +claudebot@anthropic.com)"
176.31.139.30 - - [11/May/2026:03:49:17 +0200] "GET /wpisujac-specjalna-kombinacje-polecen-kaktuz-casino-musisz-uzyc-zwiekszyc-swoje-rachunek-zl/feed/ HTTP/2" 200 765 "-" "Mozilla/5.0 (compatible; AhrefsBot/7.0; +http://ahrefs.com/robot/)"
147.135.37.185 - - [11/May/2026:03:49:27 +0200] "GET /wp-login.php HTTP/2" 200 2054 "-" "Mozilla/5.0 (Windows NT 10.0; Win64; x64) AppleWebKit/537.36 (KHTML, like Gecko) Chrome/133.0.0.0 Safari/537.36 Edg/133.0.0.0"
135.181.181.249 - - [11/May/2026:03:49:28 +0200] "POST /wp-cron.php?doing_wp_cron=1778464168.6254649162292480468750 HTTP/1.1" 200 474 "-" "WordPress/6.9.4; https://sethsawariyabizmart.com"
135.181.181.249 - - [11/May/2026:03:49:28 +0200] "POST /wp-cron.php?doing_wp_cron=1778464168.0390489101409912109375 HTTP/1.1" 200 474 "-" "WordPress/6.9.4; https://sethsawariyabizmart.com"
216.73.216.150 - - [11/May/2026:03:49:27 +0200] "GET /starburst-slot-fur-nusse-abschmecken-ferner-diamond-mine-deluxe-online-slot-freispiele-schutzen/ HTTP/2" 200 42730 "-" "Mozilla/5.0 AppleWebKit/537.36 (KHTML, like Gecko; compatible; ClaudeBot/1.0; +claudebot@anthropic.com)"
147.135.37.185 - - [11/May/2026:03:49:28 +0200] "POST /wp-login.php HTTP/2" 200 2195 "https://sethsawariyabizmart.com/wp-login.php" "Mozilla/5.0 (Windows NT 10.0; Win64; x64) AppleWebKit/537.36 (KHTML, like Gecko) Chrome/133.0.0.0 Safari/537.36 Edg/133.0.0.0"
216.73.216.150 - - [11/May/2026:03:49:35 +0200] "GET /we-feel-that-each-gambling-enterprise-for-the-our-very-own-listing-is-special-and-you-will-have-a-gift-to-offer/ HTTP/2" 200 41434 "-" "Mozilla/5.0 AppleWebKit/537.36 (KHTML, like Gecko; compatible; ClaudeBot/1.0; +claudebot@anthropic.com)"
5.39.109.190 - - [11/May/2026:03:49:41 +0200] "GET /wielbiciel-klipy-pokera-rzeczywiscie-docenia-wybor-multi-hand-ktore-pozwalaja-grac-jednoczesnie-jednak-sto-rozdan/feed/ HTTP/2" 200 777 "-" "Mozilla/5.0 (compatible; AhrefsBot/7.0; +http://ahrefs.com/robot/)"
167.71.226.156 - - [11/May/2026:03:49:58 +0200] "GET /wp-login.php HTTP/2" 200 2055 "-" "Mozilla/5.0 (Windows NT 10.0) AppleWebKit/537.36 (KHTML, like Gecko) Chrome/133.0.0.0 Safari/537.36"
51.68.247.218 - - [11/May/2026:03:49:59 +0200] "GET /the-fresh-acceptance-render-contains-100-zero-bet-free-revolves-into-the-fire-joker/feed/ HTTP/2" 200 751 "-" "Mozilla/5.0 (compatible; AhrefsBot/7.0; +http://ahrefs.com/robot/)"
188.215.127.123 - - [11/May/2026:03:49:59 +0200] "GET /wp-content/uploads/2025/12/bullets-wireless-z2-oneplus-original-imagpgskurnag86x-scaled-1-300x828.jpeg HTTP/1.1" 200 16407 "-" "Mozilla/5.0 (compatible; MSIE 6.0; Windows NT 6.1; Trident/4.0)"
167.71.226.156 - - [11/May/2026:03:49:59 +0200] "POST /wp-login.php HTTP/2" 200 2199 "https://sethsawariyabizmart.com/wp-login.php" "Mozilla/5.0 (Windows NT 10.0) AppleWebKit/537.36 (KHTML, like Gecko) Chrome/133.0.0.0 Safari/537.36"
57.141.20.68 - - [11/May/2026:03:50:03 +0200] "GET /jakie-gry-oferuje-kasyno-mostbet-12/ HTTP/2" 200 186857 "-" "meta-externalagent/1.1 (+https://developers.facebook.com/docs/sharing/webmasters/crawler)"
216.73.216.150 - - [11/May/2026:03:50:05 +0200] "GET /cashback-din-cand-in-cand-%ef%bf%bd-numarul-atomic-8-plasa-din-cauza-siguranta-pentru-sesiunile-ar-putea-primi-grele/ HTTP/2" 200 40577 "-" "Mozilla/5.0 AppleWebKit/537.36 (KHTML, like Gecko; compatible; ClaudeBot/1.0; +claudebot@anthropic.com)"
57.141.20.31 - - [11/May/2026:03:50:12 +0200] "GET /obzor-bukmekerskikh-aktsii-i-bonusov-stavok-na-sport-1xbet-3/ HTTP/2" 200 190537 "-" "meta-externalagent/1.1 (+https://developers.facebook.com/docs/sharing/webmasters/crawler)"
216.73.216.150 - - [11/May/2026:03:50:13 +0200] "GET /procesul-sa-inregistrare-la-betano-romania-%ef%bf%bd-koi-princess-slot-nenumarate/feed/ HTTP/2" 200 756 "-" "Mozilla/5.0 AppleWebKit/537.36 (KHTML, like Gecko; compatible; ClaudeBot/1.0; +claudebot@anthropic.com)"
92.222.104.218 - - [11/May/2026:03:50:23 +0200] "GET /black-jack-and-you-can-video-poker-get-the-very-best-possibility-knowing-earliest-strategy/feed/ HTTP/2" 200 758 "-" "Mozilla/5.0 (compatible; AhrefsBot/7.0; +http://ahrefs.com/robot/)"
135.181.181.249 - - [11/May/2026:03:50:29 +0200] "POST /wp-cron.php?doing_wp_cron=1778464229.0493791103363037109375 HTTP/1.1" 200 474 "-" "WordPress/6.9.4; https://sethsawariyabizmart.com"
57.141.20.61 - - [11/May/2026:03:50:29 +0200] "GET /?p=3092 HTTP/2" 301 1137 "-" "meta-externalagent/1.1 (+https://developers.facebook.com/docs/sharing/webmasters/crawler)"
216.73.216.150 - - [11/May/2026:03:50:28 +0200] "GET /analizzare-la-crescita-dei-siti-casino-non-aams-negli-ultimi-anni-3/feed/ HTTP/2" 200 742 "-" "Mozilla/5.0 AppleWebKit/537.36 (KHTML, like Gecko; compatible; ClaudeBot/1.0; +claudebot@anthropic.com)"
57.141.20.59 - - [11/May/2026:03:50:32 +0200] "GET /wp-json/oembed/1.0/embed?url=https%3A%2F%2Fsethsawariyabizmart.com%2Fobzor-bukmekerskikh-aktsii-i-bonusov-stavok-na-sport-1xbet-3%2F HTTP/2" 200 4230 "-" "meta-externalagent/1.1 (+https://developers.facebook.com/docs/sharing/webmasters/crawler)"
57.141.20.34 - - [11/May/2026:03:50:32 +0200] "GET /wp-json/wp/v2/posts/3092 HTTP/2" 200 28143 "-" "meta-externalagent/1.1 (+https://developers.facebook.com/docs/sharing/webmasters/crawler)"
57.141.20.4 - - [11/May/2026:03:50:32 +0200] "GET /obzor-bukmekerskikh-aktsii-i-bonusov-stavok-na-sport-1xbet-3/feed/ HTTP/2" 200 2069 "-" "meta-externalagent/1.1 (+https://developers.facebook.com/docs/sharing/webmasters/crawler)"
67.205.178.73 - - [11/May/2026:03:50:40 +0200] "GET /wp-content/uploads/2025/12/original-imahyz2vasmqhyzz-100x100.jpeg HTTP/1.1" 200 3389 "https://sethsawariyabizmart.com/" "Mozilla/5.0 (Windows NT 10.0; Win64; x64) AppleWebKit/537.36 (KHTML, like Gecko) Chrome/116.0.0.0 Safari/537.36"
92.222.104.216 - - [11/May/2026:03:50:47 +0200] "GET /casino-kod-kuponu-energy-casino-kod-rabatowy-2026-powinienes-montowac-koniecznosc-obrotu-35x/feed/ HTTP/2" 200 757 "-" "Mozilla/5.0 (compatible; AhrefsBot/7.0; +http://ahrefs.com/robot/)"
216.73.216.150 - - [11/May/2026:03:50:57 +0200] "GET /simply-ten-15-of-players-who-allege-a-fill-out-an-application-prize-be-able-to-arrived-at-a-real-withdrawal/feed/ HTTP/2" 200 788 "-" "Mozilla/5.0 AppleWebKit/537.36 (KHTML, like Gecko; compatible; ClaudeBot/1.0; +claudebot@anthropic.com)"
54.37.118.68 - - [11/May/2026:03:51:06 +0200] "GET /basic-and-maybe-the-most-famous-variety-of-100-free-gambling-enterprise-added-bonus-isnt-any-put-100-free-revolves/feed/ HTTP/2" 200 800 "-" "Mozilla/5.0 (compatible; AhrefsBot/7.0; +http://ahrefs.com/robot/)"
216.73.216.150 - - [11/May/2026:03:51:15 +0200] "GET /full-100-free-spins-no-deposit-gambling-enterprises-offer-a-risk-totally-free-and-simple-treatment-for-sense-casinos-on-the-internet/feed/ HTTP/2" 200 795 "-" "Mozilla/5.0 AppleWebKit/537.36 (KHTML, like Gecko; compatible; ClaudeBot/1.0; +claudebot@anthropic.com)"
165.231.168.101 - - [11/May/2026:03:51:15 +0200] "GET /ideal-mobile-casino-sites-an-overview-to-the-ultimate-pc-gaming-experience-on-your-phone/ HTTP/1.1" 200 43245 "-" "Mozilla/5.0 (compatible; Googlebot/2.1; +http://www.google.com/bot.html)"
54.37.118.66 - - [11/May/2026:03:51:24 +0200] "GET /crack-aside-slot-enjoy-100-percent-free-play-family-guy-slot-online-no-download-demo-game-opinion-2026/feed/ HTTP/2" 200 785 "-" "Mozilla/5.0 (compatible; AhrefsBot/7.0; +http://ahrefs.com/robot/)"
135.181.181.249 - - [11/May/2026:03:51:25 +0200] "POST /wp-cron.php?doing_wp_cron=1778464285.0005970001220703125000 HTTP/1.1" 200 474 "-" "WordPress/6.9.4; https://sethsawariyabizmart.com"
92.222.104.192 - - [11/May/2026:03:51:44 +0200] "GET /browse-the-greatest-online-casino-offers-with-free-spins-within-top-british-casinos/feed/ HTTP/2" 200 741 "-" "Mozilla/5.0 (compatible; AhrefsBot/7.0; +http://ahrefs.com/robot/)"
137.184.212.212 - - [11/May/2026:03:51:50 +0200] "GET /wp-content/uploads/2025/12/hp-laser-108-w-original-imafsg2zn23tfzwg-scaled-1-600x367.jpeg HTTP/1.1" 200 15018 "https://sethsawariyabizmart.com/" "Mozilla/5.0 (Windows NT 10.0; Win64; x64) AppleWebKit/537.36 (KHTML, like Gecko) Chrome/116.0.0.0 Safari/537.36"
104.197.69.115 - - [11/May/2026:03:51:59 +0200] "GET / HTTP/2" 200 51214 "-" "Mozilla/5.0 (X11; Linux x86_64) AppleWebKit/537.36 (KHTML, like Gecko) Chrome/125.0.0.0 Safari/537.36"
205.169.39.23 - - [11/May/2026:03:51:59 +0200] "GET / HTTP/2" 200 51222 "-" "Mozilla/5.0 (Windows NT 10.0; Win64; x64) AppleWebKit/537.36 (KHTML, like Gecko) Chrome/117.0.5938.132 Safari/537.36"
104.197.69.115 - - [11/May/2026:03:52:01 +0200] "GET /wp-content/plugins/woocommerce/assets/client/blocks/product-categories.css?ver=wc-10.3.7 HTTP/2" 200 484 "https://sethsawariyabizmart.com/" "Mozilla/5.0 (X11; Linux x86_64) AppleWebKit/537.36 (KHTML, like Gecko) Chrome/125.0.0.0 Safari/537.36"
104.197.69.115 - - [11/May/2026:03:52:01 +0200] "GET /wp-content/plugins/woocommerce/assets/client/blocks/wc-blocks.css?ver=wc-10.3.7 HTTP/2" 200 2391 "https://sethsawariyabizmart.com/" "Mozilla/5.0 (X11; Linux x86_64) AppleWebKit/537.36 (KHTML, like Gecko) Chrome/125.0.0.0 Safari/537.36"
104.197.69.115 - - [11/May/2026:03:52:01 +0200] "GET /wp-content/plugins/woocommerce/assets/client/blocks/customer-account.css?ver=wc-10.3.7 HTTP/2" 200 248 "https://sethsawariyabizmart.com/" "Mozilla/5.0 (X11; Linux x86_64) AppleWebKit/537.36 (KHTML, like Gecko) Chrome/125.0.0.0 Safari/537.36"
104.197.69.115 - - [11/May/2026:03:52:01 +0200] "GET /wp-content/plugins/woocommerce/assets/client/blocks/mini-cart-contents.css?ver=wc-10.3.7 HTTP/2" 200 4360 "https://sethsawariyabizmart.com/" "Mozilla/5.0 (X11; Linux x86_64) AppleWebKit/537.36 (KHTML, like Gecko) Chrome/125.0.0.0 Safari/537.36"
104.197.69.115 - - [11/May/2026:03:52:01 +0200] "GET /wp-content/plugins/woocommerce/assets/client/blocks/packages-style.css?ver=wc-10.3.7 HTTP/2" 200 5636 "https://sethsawariyabizmart.com/" "Mozilla/5.0 (X11; Linux x86_64) AppleWebKit/537.36 (KHTML, like Gecko) Chrome/125.0.0.0 Safari/537.36"
104.197.69.115 - - [11/May/2026:03:52:01 +0200] "GET /wp-includes/blocks/navigation/style.min.css?ver=6.9.4 HTTP/2" 200 2085 "https://sethsawariyabizmart.com/" "Mozilla/5.0 (X11; Linux x86_64) AppleWebKit/537.36 (KHTML, like Gecko) Chrome/125.0.0.0 Safari/537.36"
104.197.69.115 - - [11/May/2026:03:52:01 +0200] "GET /wp-content/plugins/woocommerce/assets/client/blocks/mini-cart.css?ver=wc-10.3.7 HTTP/2" 200 2072 "https://sethsawariyabizmart.com/" "Mozilla/5.0 (X11; Linux x86_64) AppleWebKit/537.36 (KHTML, like Gecko) Chrome/125.0.0.0 Safari/537.36"
104.197.69.115 - - [11/May/2026:03:52:01 +0200] "GET /wp-content/plugins/contact-form-7/includes/css/styles.css?ver=6.1.4 HTTP/2" 200 899 "https://sethsawariyabizmart.com/" "Mozilla/5.0 (X11; Linux x86_64) AppleWebKit/537.36 (KHTML, like Gecko) Chrome/125.0.0.0 Safari/537.36"
104.197.69.115 - - [11/May/2026:03:52:01 +0200] "GET /wp-includes/blocks/cover/style.min.css?ver=6.9.4 HTTP/2" 200 1492 "https://sethsawariyabizmart.com/" "Mozilla/5.0 (X11; Linux x86_64) AppleWebKit/537.36 (KHTML, like Gecko) Chrome/125.0.0.0 Safari/537.36"
104.197.69.115 - - [11/May/2026:03:52:01 +0200] "GET /wp-content/plugins/woocommerce/assets/css/woocommerce-layout.css?ver=10.3.7 HTTP/2" 200 3160 "https://sethsawariyabizmart.com/" "Mozilla/5.0 (X11; Linux x86_64) AppleWebKit/537.36 (KHTML, like Gecko) Chrome/125.0.0.0 Safari/537.36"
104.197.69.115 - - [11/May/2026:03:52:01 +0200] "GET /wp-content/plugins/woocommerce/assets/css/woocommerce.css?ver=10.3.7 HTTP/2" 200 10314 "https://sethsawariyabizmart.com/" "Mozilla/5.0 (X11; Linux x86_64) AppleWebKit/537.36 (KHTML, like Gecko) Chrome/125.0.0.0 Safari/537.36"
104.197.69.115 - - [11/May/2026:03:52:01 +0200] "GET /wp-content/plugins/woocommerce/assets/css/woocommerce-blocktheme.css?ver=10.3.7 HTTP/2" 200 1965 "https://sethsawariyabizmart.com/" "Mozilla/5.0 (X11; Linux x86_64) AppleWebKit/537.36 (KHTML, like Gecko) Chrome/125.0.0.0 Safari/537.36"
104.197.69.115 - - [11/May/2026:03:52:01 +0200] "GET /wp-content/themes/home-theatre/style.css?ver=2.0 HTTP/2" 200 4205 "https://sethsawariyabizmart.com/" "Mozilla/5.0 (X11; Linux x86_64) AppleWebKit/537.36 (KHTML, like Gecko) Chrome/125.0.0.0 Safari/537.36"
104.197.69.115 - - [11/May/2026:03:52:01 +0200] "GET /wp-content/plugins/woocommerce/assets/css/brands.css?ver=10.3.7 HTTP/2" 200 579 "https://sethsawariyabizmart.com/" "Mozilla/5.0 (X11; Linux x86_64) AppleWebKit/537.36 (KHTML, like Gecko) Chrome/125.0.0.0 Safari/537.36"
104.197.69.115 - - [11/May/2026:03:52:01 +0200] "GET /wp-includes/js/jquery/jquery.min.js?ver=3.7.1 HTTP/2" 200 29744 "https://sethsawariyabizmart.com/" "Mozilla/5.0 (X11; Linux x86_64) AppleWebKit/537.36 (KHTML, like Gecko) Chrome/125.0.0.0 Safari/537.36"
104.197.69.115 - - [11/May/2026:03:52:01 +0200] "GET /wp-content/themes/home-theatre/assets/images/heart.png HTTP/2" 200 398 "https://sethsawariyabizmart.com/" "Mozilla/5.0 (X11; Linux x86_64) AppleWebKit/537.36 (KHTML, like Gecko) Chrome/125.0.0.0 Safari/537.36"
104.197.69.115 - - [11/May/2026:03:52:01 +0200] "GET /wp-content/themes/home-theatre/assets/images/truck.png HTTP/2" 200 386 "https://sethsawariyabizmart.com/" "Mozilla/5.0 (X11; Linux x86_64) AppleWebKit/537.36 (KHTML, like Gecko) Chrome/125.0.0.0 Safari/537.36"
104.197.69.115 - - [11/May/2026:03:52:01 +0200] "GET /wp-content/uploads/2025/12/davide-boscolo-gz9njd0zYbQ-unsplash-1024x660.jpg HTTP/2" 200 76887 "https://sethsawariyabizmart.com/" "Mozilla/5.0 (X11; Linux x86_64) AppleWebKit/537.36 (KHTML, like Gecko) Chrome/125.0.0.0 Safari/537.36"
205.169.39.23 - - [11/May/2026:03:52:01 +0200] "GET /wp-content/plugins/woocommerce/assets/client/blocks/customer-account.css?ver=wc-10.3.7 HTTP/2" 200 248 "https://sethsawariyabizmart.com/" "Mozilla/5.0 (Windows NT 10.0; Win64; x64) AppleWebKit/537.36 (KHTML, like Gecko) Chrome/117.0.5938.132 Safari/537.36"
205.169.39.23 - - [11/May/2026:03:52:01 +0200] "GET /wp-content/plugins/woocommerce/assets/client/blocks/wc-blocks.css?ver=wc-10.3.7 HTTP/2" 200 2391 "https://sethsawariyabizmart.com/" "Mozilla/5.0 (Windows NT 10.0; Win64; x64) AppleWebKit/537.36 (KHTML, like Gecko) Chrome/117.0.5938.132 Safari/537.36"
205.169.39.23 - - [11/May/2026:03:52:01 +0200] "GET /wp-content/plugins/woocommerce/assets/client/blocks/product-categories.css?ver=wc-10.3.7 HTTP/2" 200 484 "https://sethsawariyabizmart.com/" "Mozilla/5.0 (Windows NT 10.0; Win64; x64) AppleWebKit/537.36 (KHTML, like Gecko) Chrome/117.0.5938.132 Safari/537.36"
205.169.39.23 - - [11/May/2026:03:52:01 +0200] "GET /wp-content/plugins/woocommerce/assets/client/blocks/mini-cart-contents.css?ver=wc-10.3.7 HTTP/2" 200 4360 "https://sethsawariyabizmart.com/" "Mozilla/5.0 (Windows NT 10.0; Win64; x64) AppleWebKit/537.36 (KHTML, like Gecko) Chrome/117.0.5938.132 Safari/537.36"
205.169.39.23 - - [11/May/2026:03:52:01 +0200] "GET /wp-content/plugins/woocommerce/assets/client/blocks/packages-style.css?ver=wc-10.3.7 HTTP/2" 200 5636 "https://sethsawariyabizmart.com/" "Mozilla/5.0 (Windows NT 10.0; Win64; x64) AppleWebKit/537.36 (KHTML, like Gecko) Chrome/117.0.5938.132 Safari/537.36"
205.169.39.23 - - [11/May/2026:03:52:01 +0200] "GET /wp-content/plugins/woocommerce/assets/client/blocks/mini-cart.css?ver=wc-10.3.7 HTTP/2" 200 2072 "https://sethsawariyabizmart.com/" "Mozilla/5.0 (Windows NT 10.0; Win64; x64) AppleWebKit/537.36 (KHTML, like Gecko) Chrome/117.0.5938.132 Safari/537.36"
205.169.39.23 - - [11/May/2026:03:52:01 +0200] "GET /wp-content/plugins/woocommerce/assets/css/brands.css?ver=10.3.7 HTTP/2" 200 579 "https://sethsawariyabizmart.com/" "Mozilla/5.0 (Windows NT 10.0; Win64; x64) AppleWebKit/537.36 (KHTML, like Gecko) Chrome/117.0.5938.132 Safari/537.36"
205.169.39.23 - - [11/May/2026:03:52:01 +0200] "GET /wp-content/plugins/woocommerce/assets/css/woocommerce.css?ver=10.3.7 HTTP/2" 200 10314 "https://sethsawariyabizmart.com/" "Mozilla/5.0 (Windows NT 10.0; Win64; x64) AppleWebKit/537.36 (KHTML, like Gecko) Chrome/117.0.5938.132 Safari/537.36"
205.169.39.23 - - [11/May/2026:03:52:01 +0200] "GET /wp-includes/blocks/navigation/style.min.css?ver=6.9.4 HTTP/2" 200 2085 "https://sethsawariyabizmart.com/" "Mozilla/5.0 (Windows NT 10.0; Win64; x64) AppleWebKit/537.36 (KHTML, like Gecko) Chrome/117.0.5938.132 Safari/537.36"
205.169.39.23 - - [11/May/2026:03:52:01 +0200] "GET /wp-content/plugins/woocommerce/assets/css/woocommerce-blocktheme.css?ver=10.3.7 HTTP/2" 200 1965 "https://sethsawariyabizmart.com/" "Mozilla/5.0 (Windows NT 10.0; Win64; x64) AppleWebKit/537.36 (KHTML, like Gecko) Chrome/117.0.5938.132 Safari/537.36"
205.169.39.23 - - [11/May/2026:03:52:01 +0200] "GET /wp-includes/blocks/cover/style.min.css?ver=6.9.4 HTTP/2" 200 1492 "https://sethsawariyabizmart.com/" "Mozilla/5.0 (Windows NT 10.0; Win64; x64) AppleWebKit/537.36 (KHTML, like Gecko) Chrome/117.0.5938.132 Safari/537.36"
205.169.39.23 - - [11/May/2026:03:52:01 +0200] "GET /wp-content/plugins/contact-form-7/includes/css/styles.css?ver=6.1.4 HTTP/2" 200 899 "https://sethsawariyabizmart.com/" "Mozilla/5.0 (Windows NT 10.0; Win64; x64) AppleWebKit/537.36 (KHTML, like Gecko) Chrome/117.0.5938.132 Safari/537.36"
205.169.39.23 - - [11/May/2026:03:52:01 +0200] "GET /wp-content/plugins/woocommerce/assets/css/woocommerce-layout.css?ver=10.3.7 HTTP/2" 200 3160 "https://sethsawariyabizmart.com/" "Mozilla/5.0 (Windows NT 10.0; Win64; x64) AppleWebKit/537.36 (KHTML, like Gecko) Chrome/117.0.5938.132 Safari/537.36"
205.169.39.23 - - [11/May/2026:03:52:01 +0200] "GET /wp-includes/js/jquery/jquery-migrate.min.js?ver=3.4.1 HTTP/2" 200 4678 "https://sethsawariyabizmart.com/" "Mozilla/5.0 (Windows NT 10.0; Win64; x64) AppleWebKit/537.36 (KHTML, like Gecko) Chrome/117.0.5938.132 Safari/537.36"
205.169.39.23 - - [11/May/2026:03:52:01 +0200] "GET /wp-content/themes/home-theatre/style.css?ver=2.0 HTTP/2" 200 4205 "https://sethsawariyabizmart.com/" "Mozilla/5.0 (Windows NT 10.0; Win64; x64) AppleWebKit/537.36 (KHTML, like Gecko) Chrome/117.0.5938.132 Safari/537.36"
205.169.39.23 - - [11/May/2026:03:52:01 +0200] "GET /wp-includes/js/jquery/jquery.min.js?ver=3.7.1 HTTP/2" 200 29744 "https://sethsawariyabizmart.com/" "Mozilla/5.0 (Windows NT 10.0; Win64; x64) AppleWebKit/537.36 (KHTML, like Gecko) Chrome/117.0.5938.132 Safari/537.36"
205.169.39.23 - - [11/May/2026:03:52:01 +0200] "GET /wp-content/uploads/2025/12/davide-boscolo-gz9njd0zYbQ-unsplash-2048x1320.jpg HTTP/2" 200 226812 "https://sethsawariyabizmart.com/" "Mozilla/5.0 (Windows NT 10.0; Win64; x64) AppleWebKit/537.36 (KHTML, like Gecko) Chrome/117.0.5938.132 Safari/537.36"
205.169.39.23 - - [11/May/2026:03:52:01 +0200] "GET /wp-content/themes/home-theatre/assets/images/truck.png HTTP/2" 200 386 "https://sethsawariyabizmart.com/" "Mozilla/5.0 (Windows NT 10.0; Win64; x64) AppleWebKit/537.36 (KHTML, like Gecko) Chrome/117.0.5938.132 Safari/537.36"
205.169.39.23 - - [11/May/2026:03:52:01 +0200] "GET /wp-content/themes/home-theatre/assets/images/heart.png HTTP/2" 200 398 "https://sethsawariyabizmart.com/" "Mozilla/5.0 (Windows NT 10.0; Win64; x64) AppleWebKit/537.36 (KHTML, like Gecko) Chrome/117.0.5938.132 Safari/537.36"
205.169.39.23 - - [11/May/2026:03:52:01 +0200] "GET /wp-includes/js/dist/vendor/wp-polyfill.min.js?ver=3.15.0 HTTP/2" 200 11540 "https://sethsawariyabizmart.com/" "Mozilla/5.0 (Windows NT 10.0; Win64; x64) AppleWebKit/537.36 (KHTML, like Gecko) Chrome/117.0.5938.132 Safari/537.36"
205.169.39.23 - - [11/May/2026:03:52:01 +0200] "GET /wp-content/themes/home-theatre/assets/fonts/figtree/static/Figtree-Bold.ttf HTTP/2" 200 21975 "https://sethsawariyabizmart.com/" "Mozilla/5.0 (Windows NT 10.0; Win64; x64) AppleWebKit/537.36 (KHTML, like Gecko) Chrome/117.0.5938.132 Safari/537.36"
205.169.39.23 - - [11/May/2026:03:52:01 +0200] "GET /wp-content/themes/home-theatre/assets/fonts/figtree/static/Figtree-Regular.ttf HTTP/2" 200 21726 "https://sethsawariyabizmart.com/" "Mozilla/5.0 (Windows NT 10.0; Win64; x64) AppleWebKit/537.36 (KHTML, like Gecko) Chrome/117.0.5938.132 Safari/537.36"
205.169.39.23 - - [11/May/2026:03:52:01 +0200] "GET /wp-content/themes/home-theatre/assets/fonts/figtree/static/Figtree-Medium.ttf HTTP/2" 200 21630 "https://sethsawariyabizmart.com/" "Mozilla/5.0 (Windows NT 10.0; Win64; x64) AppleWebKit/537.36 (KHTML, like Gecko) Chrome/117.0.5938.132 Safari/537.36"
205.169.39.23 - - [11/May/2026:03:52:01 +0200] "GET /wp-content/themes/home-theatre/assets/fonts/figtree/static/Figtree-SemiBold.ttf HTTP/2" 200 21555 "https://sethsawariyabizmart.com/" "Mozilla/5.0 (Windows NT 10.0; Win64; x64) AppleWebKit/537.36 (KHTML, like Gecko) Chrome/117.0.5938.132 Safari/537.36"
205.169.39.23 - - [11/May/2026:03:52:01 +0200] "GET /wp-content/uploads/2025/12/original-imahf42uffhbsjhy-scaled-1-2048x2048.jpeg HTTP/2" 200 238178 "https://sethsawariyabizmart.com/" "Mozilla/5.0 (Windows NT 10.0; Win64; x64) AppleWebKit/537.36 (KHTML, like Gecko) Chrome/117.0.5938.132 Safari/537.36"
205.169.39.23 - - [11/May/2026:03:52:01 +0200] "GET /wp-content/themes/home-theatre/assets/images/banner-bg.png HTTP/2" 200 11848 "https://sethsawariyabizmart.com/" "Mozilla/5.0 (Windows NT 10.0; Win64; x64) AppleWebKit/537.36 (KHTML, like Gecko) Chrome/117.0.5938.132 Safari/537.36"
205.169.39.23 - - [11/May/2026:03:52:01 +0200] "GET /wp-includes/js/dist/hooks.min.js?ver=dd5603f07f9220ed27f1 HTTP/2" 200 1852 "https://sethsawariyabizmart.com/" "Mozilla/5.0 (Windows NT 10.0; Win64; x64) AppleWebKit/537.36 (KHTML, like Gecko) Chrome/117.0.5938.132 Safari/537.36"
205.169.39.23 - - [11/May/2026:03:52:01 +0200] "GET /wp-includes/js/dist/i18n.min.js?ver=c26c3dc7bed366793375 HTTP/2" 200 2119 "https://sethsawariyabizmart.com/" "Mozilla/5.0 (Windows NT 10.0; Win64; x64) AppleWebKit/537.36 (KHTML, like Gecko) Chrome/117.0.5938.132 Safari/537.36"
205.169.39.23 - - [11/May/2026:03:52:01 +0200] "GET /wp-content/plugins/woocommerce/assets/client/blocks/wc-cart-checkout-base-frontend.js?ver=161c226e82cfe5aeaa29 HTTP/2" 200 57209 "https://sethsawariyabizmart.com/" "Mozilla/5.0 (Windows NT 10.0; Win64; x64) AppleWebKit/537.36 (KHTML, like Gecko) Chrome/117.0.5938.132 Safari/537.36"
205.169.39.23 - - [11/May/2026:03:52:02 +0200] "GET /wp-includes/js/dist/vendor/react.min.js?ver=18.3.1.1 HTTP/2" 200 4006 "https://sethsawariyabizmart.com/" "Mozilla/5.0 (Windows NT 10.0; Win64; x64) AppleWebKit/537.36 (KHTML, like Gecko) Chrome/117.0.5938.132 Safari/537.36"
205.169.39.23 - - [11/May/2026:03:52:02 +0200] "GET /wp-content/plugins/woocommerce/assets/client/blocks/wc-types.js?ver=f0cc692c0367e0930c80 HTTP/2" 200 1501 "https://sethsawariyabizmart.com/" "Mozilla/5.0 (Windows NT 10.0; Win64; x64) AppleWebKit/537.36 (KHTML, like Gecko) Chrome/117.0.5938.132 Safari/537.36"
205.169.39.23 - - [11/May/2026:03:52:02 +0200] "GET /wp-content/plugins/woocommerce/assets/client/blocks/blocks-checkout-events.js?ver=2d0fd4590f6cc663947c HTTP/2" 200 707 "https://sethsawariyabizmart.com/" "Mozilla/5.0 (Windows NT 10.0; Win64; x64) AppleWebKit/537.36 (KHTML, like Gecko) Chrome/117.0.5938.132 Safari/537.36"
205.169.39.23 - - [11/May/2026:03:52:02 +0200] "GET /wp-includes/js/dist/vendor/react-jsx-runtime.min.js?ver=18.3.1 HTTP/2" 200 518 "https://sethsawariyabizmart.com/" "Mozilla/5.0 (Windows NT 10.0; Win64; x64) AppleWebKit/537.36 (KHTML, like Gecko) Chrome/117.0.5938.132 Safari/537.36"
205.169.39.23 - - [11/May/2026:03:52:01 +0200] "GET /wp-content/plugins/woocommerce/assets/client/blocks/wc-cart-checkout-vendors-frontend.js?ver=bcad3fab21852551edee HTTP/2" 200 44104 "https://sethsawariyabizmart.com/" "Mozilla/5.0 (Windows NT 10.0; Win64; x64) AppleWebKit/537.36 (KHTML, like Gecko) Chrome/117.0.5938.132 Safari/537.36"
205.169.39.23 - - [11/May/2026:03:52:02 +0200] "GET /wp-includes/js/dist/url.min.js?ver=9e178c9516d1222dc834 HTTP/2" 200 3647 "https://sethsawariyabizmart.com/" "Mozilla/5.0 (Windows NT 10.0; Win64; x64) AppleWebKit/537.36 (KHTML, like Gecko) Chrome/117.0.5938.132 Safari/537.36"
205.169.39.23 - - [11/May/2026:03:52:02 +0200] "GET /wp-includes/js/dist/api-fetch.min.js?ver=3a4d9af2b423048b0dee HTTP/2" 200 2304 "https://sethsawariyabizmart.com/" "Mozilla/5.0 (Windows NT 10.0; Win64; x64) AppleWebKit/537.36 (KHTML, like Gecko) Chrome/117.0.5938.132 Safari/537.36"
205.169.39.23 - - [11/May/2026:03:52:02 +0200] "GET /wp-includes/js/dist/deprecated.min.js?ver=e1f84915c5e8ae38964c HTTP/2" 200 409 "https://sethsawariyabizmart.com/" "Mozilla/5.0 (Windows NT 10.0; Win64; x64) AppleWebKit/537.36 (KHTML, like Gecko) Chrome/117.0.5938.132 Safari/537.36"
205.169.39.23 - - [11/May/2026:03:52:02 +0200] "GET /wp-content/plugins/woocommerce/assets/client/blocks/wc-settings.js?ver=508473c3c2ece9af8f8f HTTP/2" 200 2471 "https://sethsawariyabizmart.com/" "Mozilla/5.0 (Windows NT 10.0; Win64; x64) AppleWebKit/537.36 (KHTML, like Gecko) Chrome/117.0.5938.132 Safari/537.36"
205.169.39.23 - - [11/May/2026:03:52:02 +0200] "GET /wp-includes/js/dist/dom.min.js?ver=26edef3be6483da3de2e HTTP/2" 200 4539 "https://sethsawariyabizmart.com/" "Mozilla/5.0 (Windows NT 10.0; Win64; x64) AppleWebKit/537.36 (KHTML, like Gecko) Chrome/117.0.5938.132 Safari/537.36"
205.169.39.23 - - [11/May/2026:03:52:02 +0200] "GET /wp-content/uploads/2025/12/original-imah4jmyy9ewzyuz-scaled-1-1750x2048.jpeg HTTP/2" 200 160865 "https://sethsawariyabizmart.com/" "Mozilla/5.0 (Windows NT 10.0; Win64; x64) AppleWebKit/537.36 (KHTML, like Gecko) Chrome/117.0.5938.132 Safari/537.36"
205.169.39.23 - - [11/May/2026:03:52:02 +0200] "GET /wp-includes/js/dist/vendor/react-dom.min.js?ver=18.3.1.1 HTTP/2" 200 40200 "https://sethsawariyabizmart.com/" "Mozilla/5.0 (Windows NT 10.0; Win64; x64) AppleWebKit/537.36 (KHTML, like Gecko) Chrome/117.0.5938.132 Safari/537.36"
205.169.39.23 - - [11/May/2026:03:52:02 +0200] "GET /wp-includes/js/dist/priority-queue.min.js?ver=2d59d091223ee9a33838 HTTP/2" 200 1450 "https://sethsawariyabizmart.com/" "Mozilla/5.0 (Windows NT 10.0; Win64; x64) AppleWebKit/537.36 (KHTML, like Gecko) Chrome/117.0.5938.132 Safari/537.36"
205.169.39.23 - - [11/May/2026:03:52:02 +0200] "GET /wp-includes/js/dist/is-shallow-equal.min.js?ver=e0f9f1d78d83f5196979 HTTP/2" 200 479 "https://sethsawariyabizmart.com/" "Mozilla/5.0 (Windows NT 10.0; Win64; x64) AppleWebKit/537.36 (KHTML, like Gecko) Chrome/117.0.5938.132 Safari/537.36"
205.169.39.23 - - [11/May/2026:03:52:02 +0200] "GET /wp-includes/js/dist/keycodes.min.js?ver=34c8fb5e7a594a1c8037 HTTP/2" 200 1290 "https://sethsawariyabizmart.com/" "Mozilla/5.0 (Windows NT 10.0; Win64; x64) AppleWebKit/537.36 (KHTML, like Gecko) Chrome/117.0.5938.132 Safari/537.36"
205.169.39.23 - - [11/May/2026:03:52:02 +0200] "GET /wp-includes/js/dist/element.min.js?ver=6a582b0c827fa25df3dd HTTP/2" 200 4846 "https://sethsawariyabizmart.com/" "Mozilla/5.0 (Windows NT 10.0; Win64; x64) AppleWebKit/537.36 (KHTML, like Gecko) Chrome/117.0.5938.132 Safari/537.36"
205.169.39.23 - - [11/May/2026:03:52:02 +0200] "GET /wp-includes/js/dist/escape-html.min.js?ver=6561a406d2d232a6fbd2 HTTP/2" 200 476 "https://sethsawariyabizmart.com/" "Mozilla/5.0 (Windows NT 10.0; Win64; x64) AppleWebKit/537.36 (KHTML, like Gecko) Chrome/117.0.5938.132 Safari/537.36"
205.169.39.23 - - [11/May/2026:03:52:02 +0200] "GET /wp-includes/js/dist/data.min.js?ver=f940198280891b0b6318 HTTP/2" 200 8588 "https://sethsawariyabizmart.com/" "Mozilla/5.0 (Windows NT 10.0; Win64; x64) AppleWebKit/537.36 (KHTML, like Gecko) Chrome/117.0.5938.132 Safari/537.36"
205.169.39.23 - - [11/May/2026:03:52:02 +0200] "GET /wp-includes/js/dist/data-controls.min.js?ver=49f5587e8b90f9e7cc7e HTTP/2" 200 590 "https://sethsawariyabizmart.com/" "Mozilla/5.0 (Windows NT 10.0; Win64; x64) AppleWebKit/537.36 (KHTML, like Gecko) Chrome/117.0.5938.132 Safari/537.36"
