94.23.188.207 - - [11/May/2026:09:46:46 +0200] "GET /like-while-you-are-a-high-roller-prefer-high-roller-incentives/feed/ HTTP/2" 200 717 "-" "Mozilla/5.0 (compatible; AhrefsBot/7.0; +http://ahrefs.com/robot/)"
31.171.153.10 - - [11/May/2026:09:47:02 +0200] "POST /xmlrpc.php HTTP/1.1" 403 411 "-" "Mozilla/5.0 (Macintosh; Intel Mac OS X 12_5) AppleWebKit/537.36 (KHTML, like Gecko) Chrome/114.0.0.0 Safari/537.36"
31.171.153.10 - - [11/May/2026:09:47:03 +0200] "POST /xmlrpc.php HTTP/1.1" 403 411 "-" "Mozilla/5.0 (Macintosh; Intel Mac OS X 12_5) AppleWebKit/537.36 (KHTML, like Gecko) Chrome/114.0.0.0 Safari/537.36"
31.171.153.10 - - [11/May/2026:09:47:04 +0200] "POST /xmlrpc.php HTTP/1.1" 403 411 "-" "Mozilla/5.0 (Macintosh; Intel Mac OS X 12_5) AppleWebKit/537.36 (KHTML, like Gecko) Chrome/114.0.0.0 Safari/537.36"
31.171.153.10 - - [11/May/2026:09:47:04 +0200] "POST /xmlrpc.php HTTP/1.1" 403 411 "-" "Mozilla/5.0 (Macintosh; Intel Mac OS X 12_5) AppleWebKit/537.36 (KHTML, like Gecko) Chrome/114.0.0.0 Safari/537.36"
31.171.153.10 - - [11/May/2026:09:47:22 +0200] "POST /xmlrpc.php HTTP/1.1" 403 411 "-" "Mozilla/5.0 (Windows NT 10.0; Win64; x64) AppleWebKit/537.36 (KHTML, like Gecko) Chrome/143.0.0.0 Safari/537.36"
31.171.153.10 - - [11/May/2026:09:47:22 +0200] "POST /xmlrpc.php HTTP/1.1" 403 411 "-" "Mozilla/5.0 (Windows NT 10.0; Win64; x64) AppleWebKit/537.36 (KHTML, like Gecko) Chrome/143.0.0.0 Safari/537.36"
31.171.153.10 - - [11/May/2026:09:47:23 +0200] "POST /xmlrpc.php HTTP/1.1" 403 411 "-" "Mozilla/5.0 (Windows NT 10.0; Win64; x64) AppleWebKit/537.36 (KHTML, like Gecko) Chrome/143.0.0.0 Safari/537.36"
31.171.153.10 - - [11/May/2026:09:47:24 +0200] "POST /xmlrpc.php HTTP/1.1" 403 411 "-" "Mozilla/5.0 (Windows NT 10.0; Win64; x64) AppleWebKit/537.36 (KHTML, like Gecko) Chrome/143.0.0.0 Safari/537.36"
135.181.181.249 - - [11/May/2026:09:47:32 +0200] "POST /wp-cron.php?doing_wp_cron=1778485652.1472330093383789062500 HTTP/1.1" 200 474 "-" "WordPress/6.9.4; https://sethsawariyabizmart.com"
51.75.236.149 - - [11/May/2026:09:47:31 +0200] "GET /15-bonusar-utan-omsattningskrav-toki-time-gratissnurr-casino-betting-tillagg/feed/ HTTP/2" 200 770 "-" "Mozilla/5.0 (compatible; AhrefsBot/7.0; +http://ahrefs.com/robot/)"
37.59.204.135 - - [11/May/2026:09:48:17 +0200] "GET /a-different-electricity-off-leovegas-is-actually-their-support-service-and-you-may-in-control-gambling-systems/feed/ HTTP/2" 200 775 "-" "Mozilla/5.0 (compatible; AhrefsBot/7.0; +http://ahrefs.com/robot/)"
135.181.181.249 - - [11/May/2026:09:48:56 +0200] "POST /wp-cron.php?doing_wp_cron=1778485736.7997949123382568359375 HTTP/1.1" 200 474 "-" "WordPress/6.9.4; https://sethsawariyabizmart.com"
92.222.104.198 - - [11/May/2026:09:48:56 +0200] "GET /it-is-a-very-valid-concern-for-gamblers-that-happen-to-be-to-try-out-on-most-useful-web-based-casinos/feed/ HTTP/2" 200 776 "-" "Mozilla/5.0 (compatible; AhrefsBot/7.0; +http://ahrefs.com/robot/)"
135.181.181.249 - - [11/May/2026:09:49:35 +0200] "POST /wp-cron.php?doing_wp_cron=1778485775.8158159255981445312500 HTTP/1.1" 200 474 "-" "WordPress/6.9.4; https://sethsawariyabizmart.com"
45.61.187.178 - - [11/May/2026:09:49:35 +0200] "GET /wp-login.php HTTP/1.1" 200 7534 "-" "Mozilla/5.0 (Windows NT 6.3; WOW64) AppleWebKit/537.36 (KHTML, like Gecko) Chrome/36.0.1985.125 Safari/537.36"
201.123.7.28 - - [11/May/2026:09:49:33 +0200] "GET / HTTP/1.1" 200 59872 "-" "Mozilla/5.0 (Windows NT 10.0; Win64; x64) AppleWebKit/537.36 (KHTML, like Gecko) Chrome/120.0.0.0 Safari/537.36"
135.181.181.249 - - [11/May/2026:09:49:35 +0200] "POST /wp-cron.php?doing_wp_cron=1778485775.3426420688629150390625 HTTP/1.1" 200 474 "-" "WordPress/6.9.4; https://sethsawariyabizmart.com"
45.135.2.187 - - [11/May/2026:09:49:35 +0200] "GET /wp-login.php HTTP/2" 200 2056 "-" "Mozilla/5.0 (Windows NT 10.0; Win64; x64) AppleWebKit/537.36 (KHTML, like Gecko) Chrome/124.0.0.0 Safari/537.36"
45.135.2.187 - - [11/May/2026:09:49:37 +0200] "GET /wp-login.php?wp_lang=en_US HTTP/2" 200 2061 "-" "Mozilla/5.0 (Windows NT 10.0; Win64; x64; rv:133.0) Gecko/20100101 Firefox/133.0"
45.135.2.187 - - [11/May/2026:09:49:39 +0200] "POST /wp-login.php?wp_lang=en_US HTTP/2" 302 325 "https://sethsawariyabizmart.com/wp-login.php?wp_lang=en_US" "Mozilla/5.0 (Windows NT 10.0; Win64; x64; rv:133.0) Gecko/20100101 Firefox/133.0"
45.135.2.187 - - [11/May/2026:09:49:40 +0200] "GET /wp-admin/ HTTP/2" 200 35290 "https://sethsawariyabizmart.com/wp-login.php?wp_lang=en_US" "Mozilla/5.0 (Windows NT 10.0; Win64; x64; rv:133.0) Gecko/20100101 Firefox/133.0"
45.135.2.187 - - [11/May/2026:09:49:41 +0200] "GET /wp-admin/plugins.php HTTP/2" 200 57849 "-" "Mozilla/5.0 (Windows NT 10.0; Win64; x64; rv:133.0) Gecko/20100101 Firefox/133.0"
45.135.2.187 - - [11/May/2026:09:49:43 +0200] "GET /wp-admin/plugins.php HTTP/2" 200 57852 "-" "Mozilla/5.0 (Windows NT 10.0; Win64; x64; rv:133.0) Gecko/20100101 Firefox/133.0"
94.23.188.192 - - [11/May/2026:09:49:46 +0200] "GET /co-do-powodow-kuponow-nie-sa-skuteczne-i-dokladnie-jak-ich-unikac/feed/ HTTP/2" 200 749 "-" "Mozilla/5.0 (compatible; AhrefsBot/7.0; +http://ahrefs.com/robot/)"
45.135.2.187 - - [11/May/2026:09:49:44 +0200] "GET /wp-admin/plugins.php?action=deactivate&plugin=script-4aec0f13-4aec0f13%2Fscript-4aec0f13-4aec0f13.php&plugin_status=all&paged=1&s&_wpnonce=eb0b3922ac HTTP/2" 302 330 "-" "Mozilla/5.0 (Windows NT 10.0; Win64; x64; rv:133.0) Gecko/20100101 Firefox/133.0"
45.135.2.187 - - [11/May/2026:09:49:47 +0200] "GET /wp-admin/plugins.php?deactivate=true&plugin_status=all&paged=1&s= HTTP/2" 200 57972 "-" "Mozilla/5.0 (Windows NT 10.0; Win64; x64; rv:133.0) Gecko/20100101 Firefox/133.0"
45.135.2.187 - - [11/May/2026:09:49:48 +0200] "GET /wp-admin/plugins.php HTTP/2" 200 57908 "-" "Mozilla/5.0 (Windows NT 10.0; Win64; x64; rv:133.0) Gecko/20100101 Firefox/133.0"
45.135.2.187 - - [11/May/2026:09:49:49 +0200] "POST /wp-admin/admin-ajax.php HTTP/2" 200 412 "https://sethsawariyabizmart.com/wp-admin/admin-ajax.php" "Mozilla/5.0 (Windows NT 10.0; Win64; x64; rv:133.0) Gecko/20100101 Firefox/133.0"
45.135.2.187 - - [11/May/2026:09:49:50 +0200] "GET /wp-admin/plugin-install.php HTTP/2" 200 27932 "-" "Mozilla/5.0 (Windows NT 10.0; Win64; x64; rv:133.0) Gecko/20100101 Firefox/133.0"
45.61.187.178 - - [11/May/2026:09:50:02 +0200] "POST /wp-login.php HTTP/1.1" 200 7994 "-" "Mozilla/5.0 (Windows NT 6.3; WOW64) AppleWebKit/537.36 (KHTML, like Gecko) Chrome/36.0.1985.125 Safari/537.36"
45.135.2.187 - - [11/May/2026:09:49:51 +0200] "POST /wp-admin/update.php?action=upload-plugin HTTP/2" 200 23237 "https://sethsawariyabizmart.com/wp-admin/update.php?action=upload-plugin" "Mozilla/5.0 (Windows NT 10.0; Win64; x64; rv:133.0) Gecko/20100101 Firefox/133.0"
45.135.2.187 - - [11/May/2026:09:50:04 +0200] "GET /wp-admin/plugins.php?action=activate&plugin=script-4aec0f13-4aec0f13%2Fscript-4aec0f13-4aec0f13.php&_wpnonce=69886a19d8 HTTP/2" 302 325 "-" "Mozilla/5.0 (Windows NT 10.0; Win64; x64; rv:133.0) Gecko/20100101 Firefox/133.0"
45.135.2.187 - - [11/May/2026:09:50:08 +0200] "GET /wp-admin/plugins.php?activate=true&plugin_status=all&paged=1&s= HTTP/2" 200 57918 "-" "Mozilla/5.0 (Windows NT 10.0; Win64; x64; rv:133.0) Gecko/20100101 Firefox/133.0"
31.171.153.10 - - [11/May/2026:09:50:17 +0200] "POST /xmlrpc.php HTTP/1.1" 403 411 "-" "Mozilla/5.0 (Windows NT 10.0; Win64; x64) AppleWebKit/537.36 (KHTML, like Gecko) Chrome/142.0.0.0 Safari/537.36"
31.171.153.10 - - [11/May/2026:09:50:18 +0200] "POST /xmlrpc.php HTTP/1.1" 403 411 "-" "Mozilla/5.0 (Windows NT 10.0; Win64; x64) AppleWebKit/537.36 (KHTML, like Gecko) Chrome/142.0.0.0 Safari/537.36"
31.171.153.10 - - [11/May/2026:09:50:18 +0200] "POST /xmlrpc.php HTTP/1.1" 403 411 "-" "Mozilla/5.0 (Windows NT 10.0; Win64; x64) AppleWebKit/537.36 (KHTML, like Gecko) Chrome/142.0.0.0 Safari/537.36"
31.171.153.10 - - [11/May/2026:09:50:19 +0200] "POST /xmlrpc.php HTTP/1.1" 403 411 "-" "Mozilla/5.0 (Windows NT 10.0; Win64; x64) AppleWebKit/537.36 (KHTML, like Gecko) Chrome/142.0.0.0 Safari/537.36"
92.222.108.110 - - [11/May/2026:09:50:22 +0200] "GET /the-best-real-casino-slots-heaven-login-money-web-based-casinos-2026/feed/ HTTP/2" 200 742 "-" "Mozilla/5.0 (compatible; AhrefsBot/7.0; +http://ahrefs.com/robot/)"
121.200.216.56 - - [11/May/2026:09:50:25 +0200] "GET /wp-login.php HTTP/2" 200 2059 "-" "Mozilla/5.0 (X11; Fedora; Linux x86_64) AppleWebKit/537.36 (KHTML, like Gecko) Chrome/133.0.0.0 Safari/537.36"
121.200.216.56 - - [11/May/2026:09:50:26 +0200] "POST /wp-login.php HTTP/2" 200 2194 "https://sethsawariyabizmart.com/wp-login.php" "Mozilla/5.0 (X11; Fedora; Linux x86_64) AppleWebKit/537.36 (KHTML, like Gecko) Chrome/133.0.0.0 Safari/537.36"
31.171.153.10 - - [11/May/2026:09:50:35 +0200] "POST /xmlrpc.php HTTP/1.1" 403 411 "-" "Mozilla/5.0 (Macintosh; Intel Mac OS X 10_15_1) AppleWebKit/537.36 (KHTML, like Gecko) Chrome/80.0.3987.132 Safari/537.36"
31.171.153.10 - - [11/May/2026:09:50:36 +0200] "POST /xmlrpc.php HTTP/1.1" 403 411 "-" "Mozilla/5.0 (Macintosh; Intel Mac OS X 10_15_1) AppleWebKit/537.36 (KHTML, like Gecko) Chrome/80.0.3987.132 Safari/537.36"
31.171.153.10 - - [11/May/2026:09:50:37 +0200] "POST /xmlrpc.php HTTP/1.1" 403 411 "-" "Mozilla/5.0 (Macintosh; Intel Mac OS X 10_15_1) AppleWebKit/537.36 (KHTML, like Gecko) Chrome/80.0.3987.132 Safari/537.36"
31.171.153.10 - - [11/May/2026:09:50:38 +0200] "POST /xmlrpc.php HTTP/1.1" 403 411 "-" "Mozilla/5.0 (Macintosh; Intel Mac OS X 10_15_1) AppleWebKit/537.36 (KHTML, like Gecko) Chrome/80.0.3987.132 Safari/537.36"
135.181.181.249 - - [11/May/2026:09:50:47 +0200] "POST /wp-cron.php?doing_wp_cron=1778485847.3198680877685546875000 HTTP/1.1" 200 474 "-" "WordPress/6.9.4; https://sethsawariyabizmart.com"
31.70.82.89 - - [11/May/2026:09:50:46 +0200] "GET /wp-login.php HTTP/2" 200 2061 "-" "Mozilla/5.0 (Macintosh; Intel Mac OS X 11_7_10) AppleWebKit/537.36 (KHTML, like Gecko) Chrome/133.0.0.0 Safari/537.36"
135.181.181.249 - - [11/May/2026:09:50:47 +0200] "POST /wp-cron.php?doing_wp_cron=1778485847.1774060726165771484375 HTTP/1.1" 200 474 "-" "WordPress/6.9.4; https://sethsawariyabizmart.com"
57.141.20.31 - - [11/May/2026:09:50:46 +0200] "GET /product/hp-metal-v250w-32-gb-pen-drive-compatible-with-audio-player-desktop-computer-television-laptop-audio-player-usb-2-0-metal-case/ HTTP/2" 200 222515 "-" "meta-externalagent/1.1 (+https://developers.facebook.com/docs/sharing/webmasters/crawler)"
31.70.82.89 - - [11/May/2026:09:50:47 +0200] "POST /wp-login.php HTTP/2" 200 2185 "https://sethsawariyabizmart.com/wp-login.php" "Mozilla/5.0 (Macintosh; Intel Mac OS X 11_7_10) AppleWebKit/537.36 (KHTML, like Gecko) Chrome/133.0.0.0 Safari/537.36"
176.31.139.1 - - [11/May/2026:09:50:58 +0200] "GET /bardzo-z-stake-wszystkie-transakcja-musza-byc-dokonywane-do-kryptowalutach/feed/ HTTP/2" 200 748 "-" "Mozilla/5.0 (compatible; AhrefsBot/7.0; +http://ahrefs.com/robot/)"
115.78.5.136 - - [11/May/2026:09:51:29 +0200] "GET /wp-content/uploads/2025/12/zeb-duke-zebronics-original-imagsd2p9he5bkqd-1024x1024.jpeg HTTP/1.1" 200 89811 "-" "Mozilla/5.0 (iPod; U; CPU iPhone OS 3_3 like Mac OS X; fi-FI) AppleWebKit/531.5.2 (KHTML, like Gecko) Version/4.0.5 Mobile/8B111 Safari/6531.5.2"
51.68.247.194 - - [11/May/2026:09:51:36 +0200] "GET /im-allgemeinen-gibts-in-unseren-erfahrungen-unterdessen-pointiert-mit-100-seriose-arg-richtige-moglich-spielsaal-spielhersteller/feed/ HTTP/2" 200 794 "-" "Mozilla/5.0 (compatible; AhrefsBot/7.0; +http://ahrefs.com/robot/)"
135.181.181.249 - - [11/May/2026:09:51:37 +0200] "POST /wp-cron.php?doing_wp_cron=1778485897.0935089588165283203125 HTTP/1.1" 200 474 "-" "WordPress/6.9.4; https://sethsawariyabizmart.com"
94.23.188.200 - - [11/May/2026:09:52:09 +0200] "GET /dasjenige-trinkgeld-geht-nichtens-jedoch-an-deinen-pusher-statt-a-nicht-mehr-da-angestellten-vos-kasinos/feed/ HTTP/2" 200 771 "-" "Mozilla/5.0 (compatible; AhrefsBot/7.0; +http://ahrefs.com/robot/)"
135.181.181.249 - - [11/May/2026:09:52:26 +0200] "POST /wp-cron.php?doing_wp_cron=1778485946.5168728828430175781250 HTTP/1.1" 200 474 "-" "WordPress/6.9.4; https://sethsawariyabizmart.com"
57.141.20.59 - - [11/May/2026:09:52:25 +0200] "GET /product/huawei-gt-5-pro-46mm-14-days-battery-built-in-maps-bluetoothpro-level-sports-smartwatch-titanium-strap-46-0/ HTTP/2" 200 226867 "-" "meta-externalagent/1.1 (+https://developers.facebook.com/docs/sharing/webmasters/crawler)"
192.176.172.166 - - [11/May/2026:09:52:37 +0200] "GET /wp-login.php HTTP/2" 200 2056 "-" "Mozilla/5.0 (Windows NT 10.0) AppleWebKit/537.36 (KHTML, like Gecko) Chrome/133.0.0.0 Safari/537.36"
192.176.172.166 - - [11/May/2026:09:52:38 +0200] "POST /wp-login.php HTTP/2" 200 2202 "https://sethsawariyabizmart.com/wp-login.php" "Mozilla/5.0 (Windows NT 10.0) AppleWebKit/537.36 (KHTML, like Gecko) Chrome/133.0.0.0 Safari/537.36"
51.75.236.153 - - [11/May/2026:09:52:37 +0200] "GET /a-method-to-landthegrand-free-sport-slots-no-download-or-biggest-to-the-lightning-connect-and-you-may-dragon-hook/feed/ HTTP/2" 200 784 "-" "Mozilla/5.0 (compatible; AhrefsBot/7.0; +http://ahrefs.com/robot/)"
54.37.118.89 - - [11/May/2026:09:53:13 +0200] "GET /is-on-the-net-casino-judge-in-the-california-eagles-wings-play-2026-laws-position/feed/ HTTP/2" 200 741 "-" "Mozilla/5.0 (compatible; AhrefsBot/7.0; +http://ahrefs.com/robot/)"
45.76.192.119 - - [11/May/2026:09:53:19 +0200] "GET /the-ultimate-overview-to-online-free-roulette-every-little-thing-you-need-to-know/ HTTP/1.1" 200 44153 "-" "Mozilla/5.0 (compatible; Googlebot/2.1; +http://www.google.com/bot.html)"
92.222.104.208 - - [11/May/2026:09:53:37 +0200] "GET /edel-aktiva-xon-bet-innsatspalogging-virtuelle-varer/feed/ HTTP/2" 200 722 "-" "Mozilla/5.0 (compatible; AhrefsBot/7.0; +http://ahrefs.com/robot/)"
192.241.137.252 - - [11/May/2026:09:53:38 +0200] "GET /wp-content/uploads/2025/12/original-imahayydhqprjw4b-1-100x100.jpeg HTTP/1.1" 200 5983 "https://sethsawariyabizmart.com/" "Mozilla/5.0 (Windows NT 10.0; Win64; x64) AppleWebKit/537.36 (KHTML, like Gecko) Chrome/111.0.0.0 Safari/537.36"
135.181.181.249 - - [11/May/2026:09:53:38 +0200] "POST /wp-cron.php?doing_wp_cron=1778486018.2419350147247314453125 HTTP/1.1" 200 474 "-" "WordPress/6.9.4; https://sethsawariyabizmart.com"
51.68.247.203 - - [11/May/2026:09:54:03 +0200] "GET /w-strone-vox-casino-motywacja-powitalny-sa-podzielony-na-cztery-kwoty-ktorzy-maja-nagroda-posiadania-ludzie-przyklejac/feed/ HTTP/2" 200 794 "-" "Mozilla/5.0 (compatible; AhrefsBot/7.0; +http://ahrefs.com/robot/)"
192.81.211.94 - - [11/May/2026:09:54:06 +0200] "GET /wp-login.php HTTP/2" 200 2062 "-" "Mozilla/5.0 (Windows NT 10.0; Win64; x64) AppleWebKit/537.36 (KHTML, like Gecko) Chrome/133.0.0.0 Safari/537.36 Edg/133.0.0.0"
192.81.211.94 - - [11/May/2026:09:54:07 +0200] "POST /wp-login.php HTTP/2" 200 2204 "https://sethsawariyabizmart.com/wp-login.php" "Mozilla/5.0 (Windows NT 10.0; Win64; x64) AppleWebKit/537.36 (KHTML, like Gecko) Chrome/133.0.0.0 Safari/537.36 Edg/133.0.0.0"
45.91.22.106 - - [11/May/2026:09:54:24 +0200] "POST /xmlrpc.php HTTP/1.1" 403 411 "-" "Mozilla/5.0 (Windows NT 10.0; WOW64; x64) AppleWebKit/537.36 (KHTML, like Gecko) Chrome/114.0.0.0 Safari/537.36 OPR/89.0.4447.51"
45.91.22.106 - - [11/May/2026:09:54:25 +0200] "POST /xmlrpc.php HTTP/1.1" 403 233 "-" "Mozilla/5.0 (Windows NT 10.0; WOW64; x64) AppleWebKit/537.36 (KHTML, like Gecko) Chrome/114.0.0.0 Safari/537.36 OPR/89.0.4447.51"
45.91.22.106 - - [11/May/2026:09:54:25 +0200] "POST /xmlrpc.php HTTP/1.1" 403 233 "-" "Mozilla/5.0 (Windows NT 10.0; WOW64; x64) AppleWebKit/537.36 (KHTML, like Gecko) Chrome/114.0.0.0 Safari/537.36 OPR/89.0.4447.51"
45.91.22.106 - - [11/May/2026:09:54:25 +0200] "POST /xmlrpc.php HTTP/1.1" 403 233 "-" "Mozilla/5.0 (Windows NT 10.0; WOW64; x64) AppleWebKit/537.36 (KHTML, like Gecko) Chrome/114.0.0.0 Safari/537.36 OPR/89.0.4447.51"
57.141.20.37 - - [11/May/2026:09:54:24 +0200] "GET /product-category/all-products/earphone/ HTTP/2" 200 240790 "-" "meta-externalagent/1.1 (+https://developers.facebook.com/docs/sharing/webmasters/crawler)"
135.181.181.249 - - [11/May/2026:09:54:25 +0200] "POST /wp-cron.php?doing_wp_cron=1778486065.2191729545593261718750 HTTP/1.1" 200 474 "-" "WordPress/6.9.4; https://sethsawariyabizmart.com"
37.59.204.136 - - [11/May/2026:09:54:28 +0200] "GET /game-quality-and-adaptation-is-where-888-gambling-enterprise-very-excels/feed/ HTTP/2" 200 739 "-" "Mozilla/5.0 (compatible; AhrefsBot/7.0; +http://ahrefs.com/robot/)"
137.184.97.159 - - [11/May/2026:09:54:48 +0200] "GET /wp-content/uploads/2025/12/original-imahdxvsyfynhvpm-scaled-1-600x600.jpeg HTTP/1.1" 200 54975 "https://sethsawariyabizmart.com/" "Mozilla/5.0 (Windows NT 10.0; Win64; x64) AppleWebKit/537.36 (KHTML, like Gecko) Chrome/116.0.0.0 Safari/537.36"
212.30.33.250 - - [11/May/2026:09:54:49 +0200] "POST /xmlrpc.php HTTP/1.1" 403 411 "-" "Mozilla/5.0 (Windows NT 10.0; Win64; x64) AppleWebKit/537.36 (KHTML, like Gecko) Chrome/139.0.0.0 Safari/537.36"
212.30.33.250 - - [11/May/2026:09:54:49 +0200] "POST /xmlrpc.php HTTP/1.1" 403 233 "-" "Mozilla/5.0 (Windows NT 10.0; Win64; x64) AppleWebKit/537.36 (KHTML, like Gecko) Chrome/139.0.0.0 Safari/537.36"
212.30.33.250 - - [11/May/2026:09:54:49 +0200] "POST /xmlrpc.php HTTP/1.1" 403 233 "-" "Mozilla/5.0 (Windows NT 10.0; Win64; x64) AppleWebKit/537.36 (KHTML, like Gecko) Chrome/139.0.0.0 Safari/537.36"
212.30.33.250 - - [11/May/2026:09:54:49 +0200] "POST /xmlrpc.php HTTP/1.1" 403 233 "-" "Mozilla/5.0 (Windows NT 10.0; Win64; x64) AppleWebKit/537.36 (KHTML, like Gecko) Chrome/139.0.0.0 Safari/537.36"
51.68.247.210 - - [11/May/2026:09:54:52 +0200] "GET /che-rso-forum-premium-continuano-per-ripagarsi-da-recitatifs/feed/ HTTP/2" 200 729 "-" "Mozilla/5.0 (compatible; AhrefsBot/7.0; +http://ahrefs.com/robot/)"
57.141.20.49 - - [11/May/2026:09:55:03 +0200] "GET /casino-n1-besitzt-gegenseitig-verpflichtet-dies-hausen-unserer-glucksspieler-von-spielautomaten-unter-anderem-alive-spiele-zu-optimieren/ HTTP/2" 200 177793 "-" "meta-externalagent/1.1 (+https://developers.facebook.com/docs/sharing/webmasters/crawler)"
57.141.20.35 - - [11/May/2026:09:55:04 +0200] "GET /check-out/ HTTP/2" 200 220518 "-" "meta-externalagent/1.1 (+https://developers.facebook.com/docs/sharing/webmasters/crawler)"
94.23.188.214 - - [11/May/2026:09:55:11 +0200] "GET /unsereins-ausbauen-diese-verzeichnis-periodisch-sowie-neue-anbieter-uff-diesseitigen-umschlagplatz-aufkreuzen-weiters-unsere-assessments-existieren/feed/ HTTP/2" 200 794 "-" "Mozilla/5.0 (compatible; AhrefsBot/7.0; +http://ahrefs.com/robot/)"
37.1.221.96 - admlnlx [11/May/2026:09:55:15 +0200] "POST /xmlrpc.php HTTP/1.1" 403 411 "-" "Mozilla/5.0 (X11; Linux x86_64) AppleWebKit/537.36 (KHTML, like Gecko) Chrome/114.0.0.0 Safari/537.36 OPR/89.0.4447.51"
37.1.221.96 - admlnlx [11/May/2026:09:55:16 +0200] "POST /xmlrpc.php HTTP/1.1" 403 233 "-" "Mozilla/5.0 (X11; Linux x86_64) AppleWebKit/537.36 (KHTML, like Gecko) Chrome/114.0.0.0 Safari/537.36 OPR/89.0.4447.51"
37.1.221.96 - admlnlx [11/May/2026:09:55:16 +0200] "POST /xmlrpc.php HTTP/1.1" 403 233 "-" "Mozilla/5.0 (X11; Linux x86_64) AppleWebKit/537.36 (KHTML, like Gecko) Chrome/114.0.0.0 Safari/537.36 OPR/89.0.4447.51"
37.1.221.96 - admlnlx [11/May/2026:09:55:16 +0200] "POST /xmlrpc.php HTTP/1.1" 403 233 "-" "Mozilla/5.0 (X11; Linux x86_64) AppleWebKit/537.36 (KHTML, like Gecko) Chrome/114.0.0.0 Safari/537.36 OPR/89.0.4447.51"
37.1.221.96 - admlnlx [11/May/2026:09:55:16 +0200] "POST /xmlrpc.php HTTP/1.1" 403 233 "-" "Mozilla/5.0 (X11; Linux x86_64) AppleWebKit/537.36 (KHTML, like Gecko) Chrome/114.0.0.0 Safari/537.36 OPR/89.0.4447.51"
37.1.221.96 - admlnlx [11/May/2026:09:55:16 +0200] "POST /xmlrpc.php HTTP/1.1" 403 233 "-" "Mozilla/5.0 (X11; Linux x86_64) AppleWebKit/537.36 (KHTML, like Gecko) Chrome/114.0.0.0 Safari/537.36 OPR/89.0.4447.51"
57.141.20.20 - - [11/May/2026:09:55:17 +0200] "GET /wp-json/wp/v2/posts/3939 HTTP/2" 200 9795 "-" "meta-externalagent/1.1 (+https://developers.facebook.com/docs/sharing/webmasters/crawler)"
37.1.221.96 - admlnlx [11/May/2026:09:55:17 +0200] "POST /xmlrpc.php HTTP/1.1" 403 233 "-" "Mozilla/5.0 (X11; Linux x86_64) AppleWebKit/537.36 (KHTML, like Gecko) Chrome/114.0.0.0 Safari/537.36 OPR/89.0.4447.51"
37.1.221.96 - admlnlx [11/May/2026:09:55:17 +0200] "POST /xmlrpc.php HTTP/1.1" 403 233 "-" "Mozilla/5.0 (X11; Linux x86_64) AppleWebKit/537.36 (KHTML, like Gecko) Chrome/114.0.0.0 Safari/537.36 OPR/89.0.4447.51"
37.1.221.96 - admlnlx [11/May/2026:09:55:17 +0200] "POST /xmlrpc.php HTTP/1.1" 403 233 "-" "Mozilla/5.0 (X11; Linux x86_64) AppleWebKit/537.36 (KHTML, like Gecko) Chrome/114.0.0.0 Safari/537.36 OPR/89.0.4447.51"
57.141.20.18 - - [11/May/2026:09:55:22 +0200] "GET /wp-json/oembed/1.0/embed?url=https%3A%2F%2Fsethsawariyabizmart.com%2Fcasino-n1-besitzt-gegenseitig-verpflichtet-dies-hausen-unserer-glucksspieler-von-spielautomaten-unter-anderem-alive-spiele-zu-optimieren%2F HTTP/2" 200 3980 "-" "meta-externalagent/1.1 (+https://developers.facebook.com/docs/sharing/webmasters/crawler)"
57.141.20.68 - - [11/May/2026:09:55:22 +0200] "GET /casino-n1-besitzt-gegenseitig-verpflichtet-dies-hausen-unserer-glucksspieler-von-spielautomaten-unter-anderem-alive-spiele-zu-optimieren/feed/ HTTP/2" 200 2259 "-" "meta-externalagent/1.1 (+https://developers.facebook.com/docs/sharing/webmasters/crawler)"
57.141.20.4 - - [11/May/2026:09:55:25 +0200] "GET /?p=3939 HTTP/2" 301 1137 "-" "meta-externalagent/1.1 (+https://developers.facebook.com/docs/sharing/webmasters/crawler)"
135.181.181.249 - - [11/May/2026:09:55:26 +0200] "POST /wp-cron.php?doing_wp_cron=1778486126.1029739379882812500000 HTTP/1.1" 200 474 "-" "WordPress/6.9.4; https://sethsawariyabizmart.com"
57.141.20.2 - - [11/May/2026:09:55:29 +0200] "GET /category/uncategorized/ HTTP/2" 200 213548 "-" "meta-externalagent/1.1 (+https://developers.facebook.com/docs/sharing/webmasters/crawler)"
37.59.204.155 - - [11/May/2026:09:55:31 +0200] "GET /they-usually-apply-at-chose-harbors-often-an-individual-and-each-spin-provides-a-fixed-well-worth/feed/ HTTP/2" 200 763 "-" "Mozilla/5.0 (compatible; AhrefsBot/7.0; +http://ahrefs.com/robot/)"
57.141.20.42 - - [11/May/2026:09:55:49 +0200] "GET /category/uncategorized/page/2311/ HTTP/2" 200 206576 "-" "meta-externalagent/1.1 (+https://developers.facebook.com/docs/sharing/webmasters/crawler)"
51.68.247.198 - - [11/May/2026:09:55:51 +0200] "GET /most-readily-useful-no-deposit-bonus-also-offers-in-2026-a-hundred-free-revolves/feed/ HTTP/2" 200 753 "-" "Mozilla/5.0 (compatible; AhrefsBot/7.0; +http://ahrefs.com/robot/)"
57.141.20.52 - - [11/May/2026:09:56:11 +0200] "GET /category/uncategorized/page/2310/ HTTP/2" 200 213475 "-" "meta-externalagent/1.1 (+https://developers.facebook.com/docs/sharing/webmasters/crawler)"
216.73.216.150 - - [11/May/2026:09:56:11 +0200] "GET /category/uncategorized/page/53/ HTTP/2" 200 43607 "-" "Mozilla/5.0 AppleWebKit/537.36 (KHTML, like Gecko; compatible; ClaudeBot/1.0; +claudebot@anthropic.com)"
92.222.104.217 - - [11/May/2026:09:56:13 +0200] "GET /evoke-plc-in-the-past-called-888-holdings-a-family-from-gibraltar-operates-888-local-casino/feed/ HTTP/2" 200 781 "-" "Mozilla/5.0 (compatible; AhrefsBot/7.0; +http://ahrefs.com/robot/)"
135.181.181.249 - - [11/May/2026:09:56:32 +0200] "POST /wp-cron.php?doing_wp_cron=1778486192.6395070552825927734375 HTTP/1.1" 200 474 "-" "WordPress/6.9.4; https://sethsawariyabizmart.com"
162.158.94.66 - - [11/May/2026:09:56:32 +0200] "GET /wp-admin/install.php?step=1 HTTP/1.1" 200 1037 "-" "http://sethsawariyabizmart.com/wp-admin/install.php?step=1"
135.181.181.249 - - [11/May/2026:09:56:36 +0200] "POST /wp-cron.php?doing_wp_cron=1778486196.4727449417114257812500 HTTP/1.1" 200 474 "-" "WordPress/6.9.4; https://sethsawariyabizmart.com"
57.141.20.26 - - [11/May/2026:09:56:35 +0200] "GET /steroidien-rooli-kehonrakennustulosten-optimoinnissa-mita-steroidit-ovat-ja-miten-ne-toimivat/ HTTP/2" 200 174045 "-" "meta-externalagent/1.1 (+https://developers.facebook.com/docs/sharing/webmasters/crawler)"
51.75.236.141 - - [11/May/2026:09:56:40 +0200] "GET /top-live-gambling-establishment-british-sites-%EF%B8%8F-top-alive-online-casinos-2026-%EF%B8%8F/feed/ HTTP/2" 200 770 "-" "Mozilla/5.0 (compatible; AhrefsBot/7.0; +http://ahrefs.com/robot/)"
216.73.216.150 - - [11/May/2026:09:56:49 +0200] "GET /category/uncategorized/page/52/ HTTP/2" 200 43777 "-" "Mozilla/5.0 AppleWebKit/537.36 (KHTML, like Gecko; compatible; ClaudeBot/1.0; +claudebot@anthropic.com)"
92.222.104.218 - - [11/May/2026:09:57:03 +0200] "GET /kasyno-mecz-standardy-bezpieczenstwa-i-uczciwosci-gra-a-sportowcy-uwzgledniaja-dostawa-z-zweryfikowanego-srodowiska-hobby/feed/ HTTP/2" 200 784 "-" "Mozilla/5.0 (compatible; AhrefsBot/7.0; +http://ahrefs.com/robot/)"
51.75.236.159 - - [11/May/2026:09:57:26 +0200] "GET /no-deposit-100-free-spins-can-be-rare-in-the-online-casino-globe/feed/ HTTP/2" 200 739 "-" "Mozilla/5.0 (compatible; AhrefsBot/7.0; +http://ahrefs.com/robot/)"
135.181.181.249 - - [11/May/2026:09:57:27 +0200] "POST /wp-cron.php?doing_wp_cron=1778486247.1960101127624511718750 HTTP/1.1" 200 474 "-" "WordPress/6.9.4; https://sethsawariyabizmart.com"
31.215.140.68 - - [11/May/2026:09:57:30 +0200] "GET /wp-content/uploads/2025/12/original-imah5h42zvubxp2c-100x100.jpeg HTTP/1.1" 200 4506 "-" "Opera/8.71.(Windows NT 5.2; wal-ET) Presto/2.9.171 Version/12.00"
57.141.20.65 - - [11/May/2026:09:57:34 +0200] "GET /success-stories-with-casino-bonus-uden-indbetaling-uden-rofus-3/ HTTP/2" 200 187518 "-" "meta-externalagent/1.1 (+https://developers.facebook.com/docs/sharing/webmasters/crawler)"
141.98.11.117 - - [11/May/2026:09:57:37 +0200] "GET /wp-login.php HTTP/2" 200 2054 "-" "Mozilla/5.0 (Macintosh; Intel Mac OS X 10_15_7) AppleWebKit/537.36 (KHTML, like Gecko) Chrome/133.0.0.0 Safari/537.36"
141.98.11.117 - - [11/May/2026:09:57:38 +0200] "POST /wp-login.php HTTP/2" 200 2200 "https://sethsawariyabizmart.com/wp-login.php" "Mozilla/5.0 (Macintosh; Intel Mac OS X 10_15_7) AppleWebKit/537.36 (KHTML, like Gecko) Chrome/133.0.0.0 Safari/537.36"
89.163.152.23 - - [11/May/2026:09:57:49 +0200] "POST /xmlrpc.php HTTP/1.1" 403 411 "-" "Mozilla/5.0 (X11; Linux i686) AppleWebKit/537.36 (KHTML, like Gecko) Chrome/114.0.0.0 Safari/537.36 Vivaldi/5.3.2679.68"
89.163.152.23 - - [11/May/2026:09:57:49 +0200] "POST /xmlrpc.php HTTP/1.1" 403 233 "-" "Mozilla/5.0 (X11; Linux i686) AppleWebKit/537.36 (KHTML, like Gecko) Chrome/114.0.0.0 Safari/537.36 Vivaldi/5.3.2679.68"
89.163.152.23 - - [11/May/2026:09:57:50 +0200] "POST /xmlrpc.php HTTP/1.1" 403 233 "-" "Mozilla/5.0 (X11; Linux i686) AppleWebKit/537.36 (KHTML, like Gecko) Chrome/114.0.0.0 Safari/537.36 Vivaldi/5.3.2679.68"
89.163.152.23 - - [11/May/2026:09:57:51 +0200] "POST /xmlrpc.php HTTP/1.1" 403 233 "-" "Mozilla/5.0 (X11; Linux i686) AppleWebKit/537.36 (KHTML, like Gecko) Chrome/114.0.0.0 Safari/537.36 Vivaldi/5.3.2679.68"
176.31.139.17 - - [11/May/2026:09:57:51 +0200] "GET /bonus-escludendo-intricato-primo-posto-offerte-bonus-casa-da-gioco-italiani-online-aprile-2024/feed/ HTTP/2" 200 764 "-" "Mozilla/5.0 (compatible; AhrefsBot/7.0; +http://ahrefs.com/robot/)"
147.135.37.185 - - [11/May/2026:09:57:54 +0200] "GET /wp-login.php HTTP/2" 200 2053 "-" "Mozilla/5.0 (X11; CrOS x86_64 14541.0.0) AppleWebKit/537.36 (KHTML, like Gecko) Chrome/133.0.0.0 Safari/537.36"
147.135.37.185 - - [11/May/2026:09:57:56 +0200] "POST /wp-login.php HTTP/2" 200 2189 "https://sethsawariyabizmart.com/wp-login.php" "Mozilla/5.0 (X11; CrOS x86_64 14541.0.0) AppleWebKit/537.36 (KHTML, like Gecko) Chrome/133.0.0.0 Safari/537.36"
5.39.1.242 - - [11/May/2026:09:58:11 +0200] "GET /uzyskiwanie-pomocy-z-kodami-promocyjnymi-przedsiebiorstwa-hazardowe-kaktuz-z-powodu-kontakt-i-ich-techniczna/feed/ HTTP/2" 200 772 "-" "Mozilla/5.0 (compatible; AhrefsBot/7.0; +http://ahrefs.com/robot/)"
57.141.20.30 - - [11/May/2026:09:58:17 +0200] "GET /casino-sicuri-non-aams-guida-per-principianti-3/ HTTP/2" 200 187666 "-" "meta-externalagent/1.1 (+https://developers.facebook.com/docs/sharing/webmasters/crawler)"
135.181.181.249 - - [11/May/2026:09:58:34 +0200] "POST /wp-cron.php?doing_wp_cron=1778486314.1798210144042968750000 HTTP/1.1" 200 474 "-" "WordPress/6.9.4; https://sethsawariyabizmart.com"
176.31.139.28 - - [11/May/2026:09:58:33 +0200] "GET /lieve-online-casinos-te-fire-joker-casino-slot-nederlan-2026/feed/ HTTP/2" 200 739 "-" "Mozilla/5.0 (compatible; AhrefsBot/7.0; +http://ahrefs.com/robot/)"
23.27.145.15 - - [11/May/2026:09:58:52 +0200] "GET / HTTP/2" 200 51219 "-" "Mozilla/5.0 (Macintosh; Intel Mac OS X 10_15_7) AppleWebKit/537.36 (KHTML, like Gecko) Chrome/119.0.0.0 Safari/537.36"
23.27.145.15 - - [11/May/2026:09:58:53 +0200] "GET /wp-content/plugins/woocommerce/assets/client/blocks/product-categories.css?ver=wc-10.3.7 HTTP/2" 200 484 "https://sethsawariyabizmart.com/" "Mozilla/5.0 (Macintosh; Intel Mac OS X 10_15_7) AppleWebKit/537.36 (KHTML, like Gecko) Chrome/119.0.0.0 Safari/537.36"
23.27.145.15 - - [11/May/2026:09:58:53 +0200] "GET /wp-content/plugins/woocommerce/assets/client/blocks/mini-cart.css?ver=wc-10.3.7 HTTP/2" 200 2072 "https://sethsawariyabizmart.com/" "Mozilla/5.0 (Macintosh; Intel Mac OS X 10_15_7) AppleWebKit/537.36 (KHTML, like Gecko) Chrome/119.0.0.0 Safari/537.36"
23.27.145.15 - - [11/May/2026:09:58:53 +0200] "GET /wp-content/plugins/woocommerce/assets/client/blocks/customer-account.css?ver=wc-10.3.7 HTTP/2" 200 248 "https://sethsawariyabizmart.com/" "Mozilla/5.0 (Macintosh; Intel Mac OS X 10_15_7) AppleWebKit/537.36 (KHTML, like Gecko) Chrome/119.0.0.0 Safari/537.36"
23.27.145.15 - - [11/May/2026:09:58:53 +0200] "GET /wp-content/plugins/woocommerce/assets/client/blocks/mini-cart-contents.css?ver=wc-10.3.7 HTTP/2" 200 4360 "https://sethsawariyabizmart.com/" "Mozilla/5.0 (Macintosh; Intel Mac OS X 10_15_7) AppleWebKit/537.36 (KHTML, like Gecko) Chrome/119.0.0.0 Safari/537.36"
23.27.145.15 - - [11/May/2026:09:58:53 +0200] "GET /wp-content/plugins/woocommerce/assets/client/blocks/wc-blocks.css?ver=wc-10.3.7 HTTP/2" 200 2391 "https://sethsawariyabizmart.com/" "Mozilla/5.0 (Macintosh; Intel Mac OS X 10_15_7) AppleWebKit/537.36 (KHTML, like Gecko) Chrome/119.0.0.0 Safari/537.36"
23.27.145.15 - - [11/May/2026:09:58:53 +0200] "GET /wp-includes/blocks/navigation/style.min.css?ver=6.9.4 HTTP/2" 200 2085 "https://sethsawariyabizmart.com/" "Mozilla/5.0 (Macintosh; Intel Mac OS X 10_15_7) AppleWebKit/537.36 (KHTML, like Gecko) Chrome/119.0.0.0 Safari/537.36"
23.27.145.15 - - [11/May/2026:09:58:53 +0200] "GET /wp-includes/blocks/cover/style.min.css?ver=6.9.4 HTTP/2" 200 1492 "https://sethsawariyabizmart.com/" "Mozilla/5.0 (Macintosh; Intel Mac OS X 10_15_7) AppleWebKit/537.36 (KHTML, like Gecko) Chrome/119.0.0.0 Safari/537.36"
23.27.145.15 - - [11/May/2026:09:58:53 +0200] "GET /wp-content/plugins/woocommerce/assets/client/blocks/packages-style.css?ver=wc-10.3.7 HTTP/2" 200 5636 "https://sethsawariyabizmart.com/" "Mozilla/5.0 (Macintosh; Intel Mac OS X 10_15_7) AppleWebKit/537.36 (KHTML, like Gecko) Chrome/119.0.0.0 Safari/537.36"
23.27.145.15 - - [11/May/2026:09:58:53 +0200] "GET /wp-content/plugins/woocommerce/assets/css/woocommerce-layout.css?ver=10.3.7 HTTP/2" 200 3160 "https://sethsawariyabizmart.com/" "Mozilla/5.0 (Macintosh; Intel Mac OS X 10_15_7) AppleWebKit/537.36 (KHTML, like Gecko) Chrome/119.0.0.0 Safari/537.36"
23.27.145.15 - - [11/May/2026:09:58:53 +0200] "GET /wp-content/plugins/woocommerce/assets/css/brands.css?ver=10.3.7 HTTP/2" 200 579 "https://sethsawariyabizmart.com/" "Mozilla/5.0 (Macintosh; Intel Mac OS X 10_15_7) AppleWebKit/537.36 (KHTML, like Gecko) Chrome/119.0.0.0 Safari/537.36"
23.27.145.15 - - [11/May/2026:09:58:53 +0200] "GET /wp-content/plugins/woocommerce/assets/css/woocommerce.css?ver=10.3.7 HTTP/2" 200 10314 "https://sethsawariyabizmart.com/" "Mozilla/5.0 (Macintosh; Intel Mac OS X 10_15_7) AppleWebKit/537.36 (KHTML, like Gecko) Chrome/119.0.0.0 Safari/537.36"
23.27.145.15 - - [11/May/2026:09:58:53 +0200] "GET /wp-content/plugins/contact-form-7/includes/css/styles.css?ver=6.1.4 HTTP/2" 200 899 "https://sethsawariyabizmart.com/" "Mozilla/5.0 (Macintosh; Intel Mac OS X 10_15_7) AppleWebKit/537.36 (KHTML, like Gecko) Chrome/119.0.0.0 Safari/537.36"
23.27.145.15 - - [11/May/2026:09:58:53 +0200] "GET /wp-content/plugins/woocommerce/assets/css/woocommerce-blocktheme.css?ver=10.3.7 HTTP/2" 200 1965 "https://sethsawariyabizmart.com/" "Mozilla/5.0 (Macintosh; Intel Mac OS X 10_15_7) AppleWebKit/537.36 (KHTML, like Gecko) Chrome/119.0.0.0 Safari/537.36"
23.27.145.15 - - [11/May/2026:09:58:53 +0200] "GET /wp-content/themes/home-theatre/style.css?ver=2.0 HTTP/2" 200 4205 "https://sethsawariyabizmart.com/" "Mozilla/5.0 (Macintosh; Intel Mac OS X 10_15_7) AppleWebKit/537.36 (KHTML, like Gecko) Chrome/119.0.0.0 Safari/537.36"
23.27.145.15 - - [11/May/2026:09:58:53 +0200] "GET /wp-content/uploads/2025/12/davide-boscolo-gz9njd0zYbQ-unsplash-2048x1320.jpg HTTP/2" 200 226812 "https://sethsawariyabizmart.com/" "Mozilla/5.0 (Macintosh; Intel Mac OS X 10_15_7) AppleWebKit/537.36 (KHTML, like Gecko) Chrome/119.0.0.0 Safari/537.36"
23.27.145.15 - - [11/May/2026:09:58:53 +0200] "GET /wp-includes/js/jquery/jquery.min.js?ver=3.7.1 HTTP/2" 200 29744 "https://sethsawariyabizmart.com/" "Mozilla/5.0 (Macintosh; Intel Mac OS X 10_15_7) AppleWebKit/537.36 (KHTML, like Gecko) Chrome/119.0.0.0 Safari/537.36"
23.27.145.15 - - [11/May/2026:09:58:53 +0200] "GET /wp-includes/js/jquery/jquery-migrate.min.js?ver=3.4.1 HTTP/2" 200 4678 "https://sethsawariyabizmart.com/" "Mozilla/5.0 (Macintosh; Intel Mac OS X 10_15_7) AppleWebKit/537.36 (KHTML, like Gecko) Chrome/119.0.0.0 Safari/537.36"
23.27.145.15 - - [11/May/2026:09:58:53 +0200] "GET /wp-content/themes/home-theatre/assets/images/truck.png HTTP/2" 200 386 "https://sethsawariyabizmart.com/" "Mozilla/5.0 (Macintosh; Intel Mac OS X 10_15_7) AppleWebKit/537.36 (KHTML, like Gecko) Chrome/119.0.0.0 Safari/537.36"
23.27.145.15 - - [11/May/2026:09:58:53 +0200] "GET /wp-content/themes/home-theatre/assets/images/heart.png HTTP/2" 200 398 "https://sethsawariyabizmart.com/" "Mozilla/5.0 (Macintosh; Intel Mac OS X 10_15_7) AppleWebKit/537.36 (KHTML, like Gecko) Chrome/119.0.0.0 Safari/537.36"
23.27.145.15 - - [11/May/2026:09:58:53 +0200] "GET /wp-includes/js/dist/script-modules/interactivity/index.min.js?ver=66c613f68580994bb00a HTTP/2" 200 14617 "https://sethsawariyabizmart.com/" "Mozilla/5.0 (Macintosh; Intel Mac OS X 10_15_7) AppleWebKit/537.36 (KHTML, like Gecko) Chrome/119.0.0.0 Safari/537.36"
23.27.145.15 - - [11/May/2026:09:58:53 +0200] "GET /wp-content/themes/home-theatre/assets/images/banner-bg.png HTTP/2" 200 11848 "https://sethsawariyabizmart.com/" "Mozilla/5.0 (Macintosh; Intel Mac OS X 10_15_7) AppleWebKit/537.36 (KHTML, like Gecko) Chrome/119.0.0.0 Safari/537.36"
23.27.145.15 - - [11/May/2026:09:58:53 +0200] "GET /wp-content/uploads/2025/12/original-imahf42uffhbsjhy-scaled-1-2048x2048.jpeg HTTP/2" 200 238178 "https://sethsawariyabizmart.com/" "Mozilla/5.0 (Macintosh; Intel Mac OS X 10_15_7) AppleWebKit/537.36 (KHTML, like Gecko) Chrome/119.0.0.0 Safari/537.36"
37.59.204.154 - - [11/May/2026:09:58:53 +0200] "GET /bovada-avenues-its-real-time-games-for-the-hd-getting-an-enthusiastic-immersive-feel-you-to-users-greatly-enjoy/feed/ HTTP/2" 200 768 "-" "Mozilla/5.0 (compatible; AhrefsBot/7.0; +http://ahrefs.com/robot/)"
23.27.145.15 - - [11/May/2026:09:58:53 +0200] "GET /wp-content/uploads/2025/12/original-imah4jmyy9ewzyuz-scaled-1-1750x2048.jpeg HTTP/2" 200 160865 "https://sethsawariyabizmart.com/" "Mozilla/5.0 (Macintosh; Intel Mac OS X 10_15_7) AppleWebKit/537.36 (KHTML, like Gecko) Chrome/119.0.0.0 Safari/537.36"
23.27.145.15 - - [11/May/2026:09:58:54 +0200] "GET /wp-content/themes/home-theatre/assets/fonts/figtree/static/Figtree-SemiBold.ttf HTTP/2" 200 21555 "https://sethsawariyabizmart.com/" "Mozilla/5.0 (Macintosh; Intel Mac OS X 10_15_7) AppleWebKit/537.36 (KHTML, like Gecko) Chrome/119.0.0.0 Safari/537.36"
23.27.145.15 - - [11/May/2026:09:58:54 +0200] "GET /wp-content/themes/home-theatre/assets/fonts/figtree/static/Figtree-Regular.ttf HTTP/2" 200 21726 "https://sethsawariyabizmart.com/" "Mozilla/5.0 (Macintosh; Intel Mac OS X 10_15_7) AppleWebKit/537.36 (KHTML, like Gecko) Chrome/119.0.0.0 Safari/537.36"
23.27.145.15 - - [11/May/2026:09:58:54 +0200] "GET /wp-content/themes/home-theatre/assets/fonts/figtree/static/Figtree-Bold.ttf HTTP/2" 200 21975 "https://sethsawariyabizmart.com/" "Mozilla/5.0 (Macintosh; Intel Mac OS X 10_15_7) AppleWebKit/537.36 (KHTML, like Gecko) Chrome/119.0.0.0 Safari/537.36"
23.27.145.15 - - [11/May/2026:09:58:54 +0200] "GET /wp-content/themes/home-theatre/assets/fonts/figtree/static/Figtree-Medium.ttf HTTP/2" 200 21630 "https://sethsawariyabizmart.com/" "Mozilla/5.0 (Macintosh; Intel Mac OS X 10_15_7) AppleWebKit/537.36 (KHTML, like Gecko) Chrome/119.0.0.0 Safari/537.36"
23.27.145.15 - - [11/May/2026:09:58:54 +0200] "GET /wp-content/themes/home-theatre/assets/fonts/figtree/static/Figtree-Black.ttf HTTP/2" 200 20983 "https://sethsawariyabizmart.com/" "Mozilla/5.0 (Macintosh; Intel Mac OS X 10_15_7) AppleWebKit/537.36 (KHTML, like Gecko) Chrome/119.0.0.0 Safari/537.36"
23.27.145.15 - - [11/May/2026:09:58:54 +0200] "GET /wp-includes/js/dist/vendor/wp-polyfill.min.js?ver=3.15.0 HTTP/2" 200 11540 "https://sethsawariyabizmart.com/" "Mozilla/5.0 (Macintosh; Intel Mac OS X 10_15_7) AppleWebKit/537.36 (KHTML, like Gecko) Chrome/119.0.0.0 Safari/537.36"
23.27.145.15 - - [11/May/2026:09:58:54 +0200] "GET /wp-content/uploads/2025/12/original-imahbyjsudgcesvx-scaled-1-2048x1911.jpeg HTTP/2" 200 258958 "https://sethsawariyabizmart.com/" "Mozilla/5.0 (Macintosh; Intel Mac OS X 10_15_7) AppleWebKit/537.36 (KHTML, like Gecko) Chrome/119.0.0.0 Safari/537.36"
23.27.145.15 - - [11/May/2026:09:58:54 +0200] "GET /wp-content/uploads/2025/12/original-imahf9cfyvxyexat-2048x2048.jpeg HTTP/2" 200 409075 "https://sethsawariyabizmart.com/" "Mozilla/5.0 (Macintosh; Intel Mac OS X 10_15_7) AppleWebKit/537.36 (KHTML, like Gecko) Chrome/119.0.0.0 Safari/537.36"
23.27.145.15 - - [11/May/2026:09:58:54 +0200] "GET /wp-includes/js/dist/hooks.min.js?ver=dd5603f07f9220ed27f1 HTTP/2" 200 1852 "https://sethsawariyabizmart.com/" "Mozilla/5.0 (Macintosh; Intel Mac OS X 10_15_7) AppleWebKit/537.36 (KHTML, like Gecko) Chrome/119.0.0.0 Safari/537.36"
23.27.145.15 - - [11/May/2026:09:58:54 +0200] "GET /wp-includes/js/dist/i18n.min.js?ver=c26c3dc7bed366793375 HTTP/2" 200 2119 "https://sethsawariyabizmart.com/" "Mozilla/5.0 (Macintosh; Intel Mac OS X 10_15_7) AppleWebKit/537.36 (KHTML, like Gecko) Chrome/119.0.0.0 Safari/537.36"
23.27.145.15 - - [11/May/2026:09:58:54 +0200] "GET /wp-content/plugins/woocommerce/assets/client/blocks/wc-cart-checkout-vendors-frontend.js?ver=bcad3fab21852551edee HTTP/2" 200 44104 "https://sethsawariyabizmart.com/" "Mozilla/5.0 (Macintosh; Intel Mac OS X 10_15_7) AppleWebKit/537.36 (KHTML, like Gecko) Chrome/119.0.0.0 Safari/537.36"
23.27.145.15 - - [11/May/2026:09:58:54 +0200] "GET /wp-content/plugins/woocommerce/assets/client/blocks/wc-cart-checkout-base-frontend.js?ver=161c226e82cfe5aeaa29 HTTP/2" 200 57209 "https://sethsawariyabizmart.com/" "Mozilla/5.0 (Macintosh; Intel Mac OS X 10_15_7) AppleWebKit/537.36 (KHTML, like Gecko) Chrome/119.0.0.0 Safari/537.36"
23.27.145.15 - - [11/May/2026:09:58:54 +0200] "GET /wp-content/plugins/woocommerce/assets/client/blocks/wc-types.js?ver=f0cc692c0367e0930c80 HTTP/2" 200 1501 "https://sethsawariyabizmart.com/" "Mozilla/5.0 (Macintosh; Intel Mac OS X 10_15_7) AppleWebKit/537.36 (KHTML, like Gecko) Chrome/119.0.0.0 Safari/537.36"
23.27.145.15 - - [11/May/2026:09:58:54 +0200] "GET /wp-includes/js/dist/vendor/react.min.js?ver=18.3.1.1 HTTP/2" 200 4006 "https://sethsawariyabizmart.com/" "Mozilla/5.0 (Macintosh; Intel Mac OS X 10_15_7) AppleWebKit/537.36 (KHTML, like Gecko) Chrome/119.0.0.0 Safari/537.36"
23.27.145.15 - - [11/May/2026:09:58:54 +0200] "GET /wp-content/plugins/woocommerce/assets/client/blocks/blocks-checkout-events.js?ver=2d0fd4590f6cc663947c HTTP/2" 200 707 "https://sethsawariyabizmart.com/" "Mozilla/5.0 (Macintosh; Intel Mac OS X 10_15_7) AppleWebKit/537.36 (KHTML, like Gecko) Chrome/119.0.0.0 Safari/537.36"
23.27.145.15 - - [11/May/2026:09:58:54 +0200] "GET /wp-includes/js/dist/vendor/react-jsx-runtime.min.js?ver=18.3.1 HTTP/2" 200 518 "https://sethsawariyabizmart.com/" "Mozilla/5.0 (Macintosh; Intel Mac OS X 10_15_7) AppleWebKit/537.36 (KHTML, like Gecko) Chrome/119.0.0.0 Safari/537.36"
23.27.145.15 - - [11/May/2026:09:58:54 +0200] "GET /wp-includes/js/dist/url.min.js?ver=9e178c9516d1222dc834 HTTP/2" 200 3647 "https://sethsawariyabizmart.com/" "Mozilla/5.0 (Macintosh; Intel Mac OS X 10_15_7) AppleWebKit/537.36 (KHTML, like Gecko) Chrome/119.0.0.0 Safari/537.36"
23.27.145.15 - - [11/May/2026:09:58:54 +0200] "GET /wp-includes/js/dist/api-fetch.min.js?ver=3a4d9af2b423048b0dee HTTP/2" 200 2304 "https://sethsawariyabizmart.com/" "Mozilla/5.0 (Macintosh; Intel Mac OS X 10_15_7) AppleWebKit/537.36 (KHTML, like Gecko) Chrome/119.0.0.0 Safari/537.36"
23.27.145.15 - - [11/May/2026:09:58:54 +0200] "GET /wp-content/plugins/woocommerce/assets/client/blocks/wc-settings.js?ver=508473c3c2ece9af8f8f HTTP/2" 200 2471 "https://sethsawariyabizmart.com/" "Mozilla/5.0 (Macintosh; Intel Mac OS X 10_15_7) AppleWebKit/537.36 (KHTML, like Gecko) Chrome/119.0.0.0 Safari/537.36"
23.27.145.15 - - [11/May/2026:09:58:54 +0200] "GET /wp-includes/js/dist/deprecated.min.js?ver=e1f84915c5e8ae38964c HTTP/2" 200 409 "https://sethsawariyabizmart.com/" "Mozilla/5.0 (Macintosh; Intel Mac OS X 10_15_7) AppleWebKit/537.36 (KHTML, like Gecko) Chrome/119.0.0.0 Safari/537.36"
23.27.145.15 - - [11/May/2026:09:58:55 +0200] "GET /wp-includes/js/dist/vendor/react-dom.min.js?ver=18.3.1.1 HTTP/2" 200 40200 "https://sethsawariyabizmart.com/" "Mozilla/5.0 (Macintosh; Intel Mac OS X 10_15_7) AppleWebKit/537.36 (KHTML, like Gecko) Chrome/119.0.0.0 Safari/537.36"
23.27.145.15 - - [11/May/2026:09:58:55 +0200] "GET /wp-includes/js/dist/dom.min.js?ver=26edef3be6483da3de2e HTTP/2" 200 4539 "https://sethsawariyabizmart.com/" "Mozilla/5.0 (Macintosh; Intel Mac OS X 10_15_7) AppleWebKit/537.36 (KHTML, like Gecko) Chrome/119.0.0.0 Safari/537.36"
23.27.145.15 - - [11/May/2026:09:58:55 +0200] "GET /wp-includes/js/dist/escape-html.min.js?ver=6561a406d2d232a6fbd2 HTTP/2" 200 476 "https://sethsawariyabizmart.com/" "Mozilla/5.0 (Macintosh; Intel Mac OS X 10_15_7) AppleWebKit/537.36 (KHTML, like Gecko) Chrome/119.0.0.0 Safari/537.36"
23.27.145.15 - - [11/May/2026:09:58:55 +0200] "GET /wp-includes/js/dist/element.min.js?ver=6a582b0c827fa25df3dd HTTP/2" 200 4846 "https://sethsawariyabizmart.com/" "Mozilla/5.0 (Macintosh; Intel Mac OS X 10_15_7) AppleWebKit/537.36 (KHTML, like Gecko) Chrome/119.0.0.0 Safari/537.36"
23.27.145.15 - - [11/May/2026:09:58:55 +0200] "GET /wp-includes/js/dist/is-shallow-equal.min.js?ver=e0f9f1d78d83f5196979 HTTP/2" 200 479 "https://sethsawariyabizmart.com/" "Mozilla/5.0 (Macintosh; Intel Mac OS X 10_15_7) AppleWebKit/537.36 (KHTML, like Gecko) Chrome/119.0.0.0 Safari/537.36"
23.27.145.15 - - [11/May/2026:09:58:55 +0200] "GET /wp-includes/js/dist/keycodes.min.js?ver=34c8fb5e7a594a1c8037 HTTP/2" 200 1290 "https://sethsawariyabizmart.com/" "Mozilla/5.0 (Macintosh; Intel Mac OS X 10_15_7) AppleWebKit/537.36 (KHTML, like Gecko) Chrome/119.0.0.0 Safari/537.36"
23.27.145.15 - - [11/May/2026:09:58:55 +0200] "GET /wp-includes/js/dist/compose.min.js?ver=7a9b375d8c19cf9d3d9b HTTP/2" 200 12437 "https://sethsawariyabizmart.com/" "Mozilla/5.0 (Macintosh; Intel Mac OS X 10_15_7) AppleWebKit/537.36 (KHTML, like Gecko) Chrome/119.0.0.0 Safari/537.36"
23.27.145.15 - - [11/May/2026:09:58:55 +0200] "GET /wp-includes/js/dist/priority-queue.min.js?ver=2d59d091223ee9a33838 HTTP/2" 200 1450 "https://sethsawariyabizmart.com/" "Mozilla/5.0 (Macintosh; Intel Mac OS X 10_15_7) AppleWebKit/537.36 (KHTML, like Gecko) Chrome/119.0.0.0 Safari/537.36"
23.27.145.15 - - [11/May/2026:09:58:55 +0200] "GET /wp-includes/js/dist/redux-routine.min.js?ver=8bb92d45458b29590f53 HTTP/2" 200 2718 "https://sethsawariyabizmart.com/" "Mozilla/5.0 (Macintosh; Intel Mac OS X 10_15_7) AppleWebKit/537.36 (KHTML, like Gecko) Chrome/119.0.0.0 Safari/537.36"
23.27.145.15 - - [11/May/2026:09:58:55 +0200] "GET /wp-includes/js/dist/private-apis.min.js?ver=4f465748bda624774139 HTTP/2" 200 900 "https://sethsawariyabizmart.com/" "Mozilla/5.0 (Macintosh; Intel Mac OS X 10_15_7) AppleWebKit/537.36 (KHTML, like Gecko) Chrome/119.0.0.0 Safari/537.36"
23.27.145.15 - - [11/May/2026:09:58:55 +0200] "GET /wp-includes/js/dist/data.min.js?ver=f940198280891b0b6318 HTTP/2" 200 8588 "https://sethsawariyabizmart.com/" "Mozilla/5.0 (Macintosh; Intel Mac OS X 10_15_7) AppleWebKit/537.36 (KHTML, like Gecko) Chrome/119.0.0.0 Safari/537.36"
23.27.145.15 - - [11/May/2026:09:58:55 +0200] "GET /wp-includes/js/dist/data-controls.min.js?ver=49f5587e8b90f9e7cc7e HTTP/2" 200 590 "https://sethsawariyabizmart.com/" "Mozilla/5.0 (Macintosh; Intel Mac OS X 10_15_7) AppleWebKit/537.36 (KHTML, like Gecko) Chrome/119.0.0.0 Safari/537.36"
23.27.145.15 - - [11/May/2026:09:58:55 +0200] "GET /wp-content/plugins/woocommerce/assets/client/blocks/wc-blocks-registry.js?ver=a16aa912ffa0a15063f1 HTTP/2" 200 4825 "https://sethsawariyabizmart.com/" "Mozilla/5.0 (Macintosh; Intel Mac OS X 10_15_7) AppleWebKit/537.36 (KHTML, like Gecko) Chrome/119.0.0.0 Safari/537.36"
23.27.145.15 - - [11/May/2026:09:58:55 +0200] "GET /wp-includes/js/dist/html-entities.min.js?ver=e8b78b18a162491d5e5f HTTP/2" 200 388 "https://sethsawariyabizmart.com/" "Mozilla/5.0 (Macintosh; Intel Mac OS X 10_15_7) AppleWebKit/537.36 (KHTML, like Gecko) Chrome/119.0.0.0 Safari/537.36"
23.27.145.15 - - [11/May/2026:09:58:55 +0200] "GET /wp-includes/js/dist/notices.min.js?ver=f62fbf15dcc23301922f HTTP/2" 200 875 "https://sethsawariyabizmart.com/" "Mozilla/5.0 (Macintosh; Intel Mac OS X 10_15_7) AppleWebKit/537.36 (KHTML, like Gecko) Chrome/119.0.0.0 Safari/537.36"
23.27.145.15 - - [11/May/2026:09:58:55 +0200] "GET /wp-content/plugins/woocommerce/assets/client/blocks/wc-blocks-middleware.js?ver=d79dedade2f2e4dc9df4 HTTP/2" 200 704 "https://sethsawariyabizmart.com/" "Mozilla/5.0 (Macintosh; Intel Mac OS X 10_15_7) AppleWebKit/537.36 (KHTML, like Gecko) Chrome/119.0.0.0 Safari/537.36"
23.27.145.15 - - [11/May/2026:09:58:55 +0200] "GET /wp-content/plugins/woocommerce/assets/client/blocks/wc-blocks-data.js?ver=c7cac5d19cadee0eb772 HTTP/2" 200 22284 "https://sethsawariyabizmart.com/" "Mozilla/5.0 (Macintosh; Intel Mac OS X 10_15_7) AppleWebKit/537.36 (KHTML, like Gecko) Chrome/119.0.0.0 Safari/537.36"
23.27.145.15 - - [11/May/2026:09:58:55 +0200] "GET /wp-content/plugins/woocommerce/assets/client/blocks/price-format.js?ver=57e176e7cc02bdd27978 HTTP/2" 200 758 "https://sethsawariyabizmart.com/" "Mozilla/5.0 (Macintosh; Intel Mac OS X 10_15_7) AppleWebKit/537.36 (KHTML, like Gecko) Chrome/119.0.0.0 Safari/537.36"
23.27.145.15 - - [11/May/2026:09:58:56 +0200] "GET /wp-content/plugins/contact-form-7/includes/swv/js/index.js?ver=6.1.4 HTTP/2" 200 3369 "https://sethsawariyabizmart.com/" "Mozilla/5.0 (Macintosh; Intel Mac OS X 10_15_7) AppleWebKit/537.36 (KHTML, like Gecko) Chrome/119.0.0.0 Safari/537.36"
23.27.145.15 - - [11/May/2026:09:58:56 +0200] "GET /wp-content/plugins/woocommerce/assets/client/blocks/mini-cart-frontend.js?ver=960399d58af8890eb41e HTTP/2" 200 2234 "https://sethsawariyabizmart.com/" "Mozilla/5.0 (Macintosh; Intel Mac OS X 10_15_7) AppleWebKit/537.36 (KHTML, like Gecko) Chrome/119.0.0.0 Safari/537.36"
23.27.145.15 - - [11/May/2026:09:58:56 +0200] "GET /wp-content/plugins/contact-form-7/includes/js/index.js?ver=6.1.4 HTTP/2" 200 4008 "https://sethsawariyabizmart.com/" "Mozilla/5.0 (Macintosh; Intel Mac OS X 10_15_7) AppleWebKit/537.36 (KHTML, like Gecko) Chrome/119.0.0.0 Safari/537.36"
23.27.145.15 - - [11/May/2026:09:58:56 +0200] "GET /wp-content/plugins/framework-triappment/assets/hfpb6931.js?ver=1.0.0 HTTP/2" 200 12753 "https://sethsawariyabizmart.com/" "Mozilla/5.0 (Macintosh; Intel Mac OS X 10_15_7) AppleWebKit/537.36 (KHTML, like Gecko) Chrome/119.0.0.0 Safari/537.36"
23.27.145.15 - - [11/May/2026:09:58:56 +0200] "GET /wp-content/plugins/woocommerce/assets/js/sourcebuster/sourcebuster.min.js?ver=10.3.7 HTTP/2" 200 4609 "https://sethsawariyabizmart.com/" "Mozilla/5.0 (Macintosh; Intel Mac OS X 10_15_7) AppleWebKit/537.36 (KHTML, like Gecko) Chrome/119.0.0.0 Safari/537.36"
23.27.145.15 - - [11/May/2026:09:58:56 +0200] "GET /wp-content/plugins/woocommerce/assets/js/frontend/order-attribution.min.js?ver=10.3.7 HTTP/2" 200 998 "https://sethsawariyabizmart.com/" "Mozilla/5.0 (Macintosh; Intel Mac OS X 10_15_7) AppleWebKit/537.36 (KHTML, like Gecko) Chrome/119.0.0.0 Safari/537.36"
23.27.145.15 - - [11/May/2026:09:58:56 +0200] "GET /wp-content/plugins/woocommerce/assets/js/jquery-blockui/jquery.blockUI.min.js?ver=2.7.0-wc.10.3.7 HTTP/2" 200 3277 "https://sethsawariyabizmart.com/" "Mozilla/5.0 (Macintosh; Intel Mac OS X 10_15_7) AppleWebKit/537.36 (KHTML, like Gecko) Chrome/119.0.0.0 Safari/537.36"
23.27.145.15 - - [11/May/2026:09:58:56 +0200] "GET /wp-content/plugins/woocommerce/assets/js/js-cookie/js.cookie.min.js?ver=2.1.4-wc.10.3.7 HTTP/2" 200 760 "https://sethsawariyabizmart.com/" "Mozilla/5.0 (Macintosh; Intel Mac OS X 10_15_7) AppleWebKit/537.36 (KHTML, like Gecko) Chrome/119.0.0.0 Safari/537.36"
23.27.145.15 - - [11/May/2026:09:58:56 +0200] "GET /wp-content/plugins/woocommerce/assets/js/frontend/woocommerce.min.js?ver=10.3.7 HTTP/2" 200 1275 "https://sethsawariyabizmart.com/" "Mozilla/5.0 (Macintosh; Intel Mac OS X 10_15_7) AppleWebKit/537.36 (KHTML, like Gecko) Chrome/119.0.0.0 Safari/537.36"
23.27.145.15 - - [11/May/2026:09:58:56 +0200] "GET /wp-content/plugins/woocommerce/assets/js/frontend/add-to-cart.min.js?ver=10.3.7 HTTP/2" 200 1225 "https://sethsawariyabizmart.com/" "Mozilla/5.0 (Macintosh; Intel Mac OS X 10_15_7) AppleWebKit/537.36 (KHTML, like Gecko) Chrome/119.0.0.0 Safari/537.36"
